{"id":1000,"date":"2019-10-04T09:12:51","date_gmt":"2019-10-04T12:12:51","guid":{"rendered":"http:\/\/uniremunicipios.com.ar\/manual\/?page_id=1000"},"modified":"2024-12-26T08:31:28","modified_gmt":"2024-12-26T11:31:28","slug":"afectacion-preventiva","status":"publish","type":"page","link":"https:\/\/uniremunicipios.com.ar\/manual\/?page_id=1000","title":{"rendered":"j. Afectaci\u00f3n Preventiva"},"content":{"rendered":"<hr \/>\n<p>En el men\u00fa <img loading=\"lazy\" decoding=\"async\" class=\"wp-image-5696 alignnone size-medium\" src=\"http:\/\/uniremunicipios.com.ar\/manual\/wp-content\/uploads\/2024\/12\/image-45.png\" alt=\"\" width=\"300\" height=\"41\" srcset=\"https:\/\/uniremunicipios.com.ar\/manual\/wp-content\/uploads\/2024\/12\/image-45.png 408w, https:\/\/uniremunicipios.com.ar\/manual\/wp-content\/uploads\/2024\/12\/image-45-300x41.png 300w\" sizes=\"auto, (max-width: 300px) 100vw, 300px\" \/>, en afectaci\u00f3n preventiva, se encontrar\u00e1n todos los requerimientos que el Secretario de Hacienda y\/o Intendente hayan autorizado.<\/p>\n<p>Con el bot\u00f3n <img loading=\"lazy\" decoding=\"async\" class=\"wp-image-5697 alignnone size-medium\" src=\"http:\/\/uniremunicipios.com.ar\/manual\/wp-content\/uploads\/2024\/12\/image-46.png\" alt=\"\" width=\"58\" height=\"45\" \/> se ingresa al requerimiento, y nuevamente con <img loading=\"lazy\" decoding=\"async\" class=\"wp-image-5699 alignnone size-medium\" src=\"http:\/\/uniremunicipios.com.ar\/manual\/wp-content\/uploads\/2024\/12\/image-48.png\" alt=\"\" width=\"57\" height=\"25\" \/>\u00a0se coloca la imputaci\u00f3n correspondiente (recordar que las cuentas de gastos terminan con 8). Si va la misma imputaci\u00f3n en todas las cuentas parado arriba de la que tiene imputaci\u00f3n se presiona <img loading=\"lazy\" decoding=\"async\" width=\"28\" height=\"24\" class=\"alignnone wp-image-1005 size-full\" src=\"http:\/\/uniremunicipios.com.ar\/manual\/wp-content\/uploads\/2019\/10\/Pasted-into-Afectaci\u00f3n-Preventiva-4.png\" \/> y se autocompleta. Para buscar el c\u00f3digo de imputaci\u00f3n se presiona <img loading=\"lazy\" decoding=\"async\" class=\"wp-image-5700 alignnone size-medium\" src=\"http:\/\/uniremunicipios.com.ar\/manual\/wp-content\/uploads\/2024\/12\/image-49.png\" alt=\"\" width=\"300\" height=\"18\" srcset=\"https:\/\/uniremunicipios.com.ar\/manual\/wp-content\/uploads\/2024\/12\/image-49.png 551w, https:\/\/uniremunicipios.com.ar\/manual\/wp-content\/uploads\/2024\/12\/image-49-300x18.png 300w\" sizes=\"auto, (max-width: 300px) 100vw, 300px\" \/>\u00a0 y trae el plan de cuentas. Se busca la cuenta y luego se <img loading=\"lazy\" decoding=\"async\" class=\"wp-image-5701 alignnone size-medium\" src=\"http:\/\/uniremunicipios.com.ar\/manual\/wp-content\/uploads\/2024\/12\/image-50.png\" alt=\"\" width=\"57\" height=\"46\" \/> . Con <img loading=\"lazy\" decoding=\"async\" class=\"wp-image-5702 alignnone size-medium\" src=\"http:\/\/uniremunicipios.com.ar\/manual\/wp-content\/uploads\/2024\/12\/image-51.png\" alt=\"\" width=\"65\" height=\"31\" \/> se aprueba el procedimiento y se debe presionar <img loading=\"lazy\" decoding=\"async\" class=\"wp-image-5703 alignnone size-medium\" src=\"http:\/\/uniremunicipios.com.ar\/manual\/wp-content\/uploads\/2024\/12\/image-52.png\" alt=\"\" width=\"53\" height=\"45\" \/>\u00a0 para enviarlo a <img loading=\"lazy\" decoding=\"async\" width=\"82\" height=\"14\" class=\"alignnone wp-image-1010 size-full\" src=\"http:\/\/uniremunicipios.com.ar\/manual\/wp-content\/uploads\/2019\/10\/Pasted-into-Afectaci\u00f3n-Preventiva-9.png\" \/> .<\/p>\n<p>Cuando se d\u00e9 de alta el presupuesto se activar\u00e1n botones para controlar los saldos respectivos.<\/p>\n","protected":false},"excerpt":{"rendered":"<p>En el men\u00fa , en afectaci\u00f3n preventiva, se encontrar\u00e1n todos los requerimientos que el Secretario de Hacienda y\/o Intendente hayan autorizado. Con el bot\u00f3n se ingresa al requerimiento, y nuevamente con \u00a0se coloca la imputaci\u00f3n correspondiente (recordar que las cuentas de gastos terminan con 8). Si va la misma imputaci\u00f3n en todas las cuentas parado [&hellip;]<\/p>\n","protected":false},"author":4,"featured_media":0,"parent":9,"menu_order":1,"comment_status":"closed","ping_status":"closed","template":"","meta":{"footnotes":""},"class_list":["post-1000","page","type-page","status-publish","hentry"],"_links":{"self":[{"href":"https:\/\/uniremunicipios.com.ar\/manual\/index.php?rest_route=\/wp\/v2\/pages\/1000","targetHints":{"allow":["GET"]}}],"collection":[{"href":"https:\/\/uniremunicipios.com.ar\/manual\/index.php?rest_route=\/wp\/v2\/pages"}],"about":[{"href":"https:\/\/uniremunicipios.com.ar\/manual\/index.php?rest_route=\/wp\/v2\/types\/page"}],"author":[{"embeddable":true,"href":"https:\/\/uniremunicipios.com.ar\/manual\/index.php?rest_route=\/wp\/v2\/users\/4"}],"replies":[{"embeddable":true,"href":"https:\/\/uniremunicipios.com.ar\/manual\/index.php?rest_route=%2Fwp%2Fv2%2Fcomments&post=1000"}],"version-history":[{"count":9,"href":"https:\/\/uniremunicipios.com.ar\/manual\/index.php?rest_route=\/wp\/v2\/pages\/1000\/revisions"}],"predecessor-version":[{"id":5719,"href":"https:\/\/uniremunicipios.com.ar\/manual\/index.php?rest_route=\/wp\/v2\/pages\/1000\/revisions\/5719"}],"up":[{"embeddable":true,"href":"https:\/\/uniremunicipios.com.ar\/manual\/index.php?rest_route=\/wp\/v2\/pages\/9"}],"wp:attachment":[{"href":"https:\/\/uniremunicipios.com.ar\/manual\/index.php?rest_route=%2Fwp%2Fv2%2Fmedia&parent=1000"}],"curies":[{"name":"wp","href":"https:\/\/api.w.org\/{rel}","templated":true}]}}