{"id":119,"date":"2019-05-29T16:21:00","date_gmt":"2019-05-29T19:21:00","guid":{"rendered":"http:\/\/uniremunicipios.com.ar\/manual\/?page_id=119"},"modified":"2021-08-13T11:28:29","modified_gmt":"2021-08-13T14:28:29","slug":"preguntas-frecuentes","status":"publish","type":"page","link":"https:\/\/uniremunicipios.com.ar\/manual\/?page_id=119","title":{"rendered":"Preguntas Frecuentes sobre infracciones"},"content":{"rendered":"\r\n<p>SOBRE INFRACCIONES\u00a0<\/p>\r\n\r\n\r\n\r\n<ul class=\"wp-block-list\">\r\n<li>Para la correcta implementaci\u00f3n y uso del m\u00f3dulo \u00a0se deben configurar las tablas que dar\u00e1n origen a toda la informaci\u00f3n que se involucre. Para ello se deben incorporar todos los datos necesarios y que se crean convenientes en las tablas que hacen al m\u00f3dulo.<\/li>\r\n<\/ul>\r\n\r\n\r\n\r\n<p>A medida que surjan nuevos datos, infracciones, etc. se pueden agregar avanzando en el \u00a0uso del sistema.<\/p>\r\n\r\n\r\n\r\n<ul class=\"wp-block-list\">\r\n<li>Se debe definir el expediente para los descargos de los infractores. Constituir quien es el responsable de la carga y el lugar.<\/li>\r\n<\/ul>\r\n\r\n\r\n\r\n<p>La carga de un Acta de Infracci\u00f3n depender\u00e1 siempre de los datos con los que se cuenta la realizar el acta. \u00a0<\/p>\r\n\r\n\r\n\r\n<p>Los datos del chofer, del propietario y\/o del veh\u00edculo. En cualquiera de los casos siempre queda registrada la falta. O sea que en el registro de las personas constar\u00e1 el desacato as\u00ed como tambi\u00e9n en el rodado. Para cualquier tr\u00e1mite el Municipio adoptar\u00e1 las medidas que crea conveniente, pero sin lugar a dudas, que estos principios son b\u00e1sicos para recaudar \u00a0y generar soluciones.<\/p>\r\n\r\n\r\n\r\n<ul class=\"wp-block-list\">\r\n<li>Localizaci\u00f3n de infracciones<\/li>\r\n<\/ul>\r\n\r\n\r\n\r\n<ul class=\"wp-block-list\">\r\n<li>El sistema autom\u00e1ticamente encuentra todas las infracciones (anuladas, con sentencia, pendientes) de una persona f\u00edsica o jur\u00eddica partiendo de los datos de la persona o del veh\u00edculo y las agrupa mostr\u00e1ndolas por pantalla.<\/li>\r\n<\/ul>\r\n\r\n\r\n\r\n<p>Ingresando a la opci\u00f3n \u201c<strong>Consulta\/B\u00fasqueda de Infracciones\u201d \u00a0<\/strong>, se posiciona en un infractor, persona o veh\u00edculo, presionando la lupa se podr\u00e1n observar todas las infracciones y motivos.<\/p>\r\n\r\n\r\n\r\n<ul class=\"wp-block-list\">\r\n<li>Asociaci\u00f3n de una infracci\u00f3n a un expediente<\/li>\r\n<\/ul>\r\n\r\n\r\n\r\n<p>Para realizar descargos o resoluciones se debe haber iniciado un expediente. Luego se pueden realizar todos los tr\u00e1mites y pasos de este m\u00f3dulo. La informaci\u00f3n se halla totalmente vinculada hasta su resoluci\u00f3n definitiva donde cambia de estado.<\/p>\r\n\r\n\r\n\r\n<ul class=\"wp-block-list\">\r\n<li>Generaci\u00f3n de liquidaciones<\/li>\r\n<\/ul>\r\n\r\n\r\n\r\n<p>Se debe indicar el responsable, el contribuyente, los atenuantes, los agravantes y las actas de infracci\u00f3n que se cancelar\u00e1n. Se puede definir un plan de cuotas con sus respectivos importes y vencimientos. La liquidaci\u00f3n cambiar\u00e1 de estado activo a terminado cuando todos los pagos se hallen confirmados.<\/p>\r\n\r\n\r\n\r\n<ul class=\"wp-block-list\">\r\n<li>Se pueden emitir reportes o consultas sobre recibos impagos, intimaciones.<\/li>\r\n<\/ul>\r\n\r\n\r\n\r\n<p>Las consultas pueden generarse a trav\u00e9s de fechas, de tipos de infracciones, de infractores, etc. El usuario dispone cuales son los filtros que debe utilizar. A partir de aqu\u00ed se pueden a su vez emitir las intimaciones. El sistema controla recibos vencidos impagos e intimaciones emitidas.<\/p>\r\n\r\n\r\n\r\n<ul class=\"wp-block-list\">\r\n<li>Anulaci\u00f3n de infracciones: definitivas o condicionales\u00a0<\/li>\r\n<\/ul>\r\n\r\n\r\n\r\n<p>La opci\u00f3n \u00a0\u201cResoluci\u00f3n de Anulaciones (Definitivas-Condicionales)\u201d, es para ingresar todas las actas de infracci\u00f3n a anular.<\/p>\r\n\r\n\r\n\r\n<p>Si el estado del\u00a0<strong><em>Motivo de Anulaci\u00f3n<\/em><\/strong>\u00a0ingresado en la resoluci\u00f3n es condicional, todas las actas contenidas en \u00e9sta permanecer\u00e1n como\u00a0<strong><em>Anuladas Condicionales.<\/em><\/strong><\/p>\r\n\r\n\r\n\r\n<p>Si el estado del\u00a0<strong><em>Motivo de Anulaci\u00f3n<\/em><\/strong>\u00a0ingresado en la resoluci\u00f3n es definitivo, todas las actas contenidas en \u00e9sta permanecer\u00e1n como\u00a0<strong><em>Anuladas definitivas.<\/em><\/strong><\/p>\r\n\r\n\r\n\r\n<p>Si se desea pasarlas a Anuladas Definitiva solo se debe cambiar el estado a la Resoluci\u00f3n pas\u00e1ndola a terminada y entonces todas las actas contenidas en esta resoluci\u00f3n, pasar\u00edan a\u00a0<strong><em>Anuladas Definitivas.<\/em><\/strong><\/p>\r\n","protected":false},"excerpt":{"rendered":"<p>SOBRE INFRACCIONES\u00a0 Para la correcta implementaci\u00f3n y uso del m\u00f3dulo \u00a0se deben configurar las tablas que dar\u00e1n origen a toda la informaci\u00f3n que se involucre. Para ello se deben incorporar todos los datos necesarios y que se crean convenientes en las tablas que hacen al m\u00f3dulo. A medida que surjan nuevos datos, infracciones, etc. se [&hellip;]<\/p>\n","protected":false},"author":4,"featured_media":0,"parent":100,"menu_order":0,"comment_status":"closed","ping_status":"closed","template":"","meta":{"footnotes":""},"class_list":["post-119","page","type-page","status-publish","hentry"],"_links":{"self":[{"href":"https:\/\/uniremunicipios.com.ar\/manual\/index.php?rest_route=\/wp\/v2\/pages\/119","targetHints":{"allow":["GET"]}}],"collection":[{"href":"https:\/\/uniremunicipios.com.ar\/manual\/index.php?rest_route=\/wp\/v2\/pages"}],"about":[{"href":"https:\/\/uniremunicipios.com.ar\/manual\/index.php?rest_route=\/wp\/v2\/types\/page"}],"author":[{"embeddable":true,"href":"https:\/\/uniremunicipios.com.ar\/manual\/index.php?rest_route=\/wp\/v2\/users\/4"}],"replies":[{"embeddable":true,"href":"https:\/\/uniremunicipios.com.ar\/manual\/index.php?rest_route=%2Fwp%2Fv2%2Fcomments&post=119"}],"version-history":[{"count":3,"href":"https:\/\/uniremunicipios.com.ar\/manual\/index.php?rest_route=\/wp\/v2\/pages\/119\/revisions"}],"predecessor-version":[{"id":2848,"href":"https:\/\/uniremunicipios.com.ar\/manual\/index.php?rest_route=\/wp\/v2\/pages\/119\/revisions\/2848"}],"up":[{"embeddable":true,"href":"https:\/\/uniremunicipios.com.ar\/manual\/index.php?rest_route=\/wp\/v2\/pages\/100"}],"wp:attachment":[{"href":"https:\/\/uniremunicipios.com.ar\/manual\/index.php?rest_route=%2Fwp%2Fv2%2Fmedia&parent=119"}],"curies":[{"name":"wp","href":"https:\/\/api.w.org\/{rel}","templated":true}]}}