{"id":1392,"date":"2019-12-09T14:08:14","date_gmt":"2019-12-09T17:08:14","guid":{"rendered":"http:\/\/uniremunicipios.com.ar\/manual\/?page_id=1392"},"modified":"2024-12-26T13:21:37","modified_gmt":"2024-12-26T16:21:37","slug":"canje-de-deuda","status":"publish","type":"page","link":"https:\/\/uniremunicipios.com.ar\/manual\/?page_id=1392","title":{"rendered":"n. Canje de Deuda"},"content":{"rendered":"<p>El sistema UNIRE permite generar un comprobante de canje de deuda para utilizarlo en el pago de impuestos.<\/p>\n<h2>En Proveedores<\/h2>\n<p>Se debe saber qu\u00e9 importe total debe en impuestos para emitir este comprobante.<\/p>\n<p><img loading=\"lazy\" decoding=\"async\" width=\"618\" height=\"561\" class=\"alignnone wp-image-1393 size-full\" src=\"http:\/\/uniremunicipios.com.ar\/manual\/wp-content\/uploads\/2019\/12\/Pasted-into-Canje-de-Deuda.png\" srcset=\"https:\/\/uniremunicipios.com.ar\/manual\/wp-content\/uploads\/2019\/12\/Pasted-into-Canje-de-Deuda.png 618w, https:\/\/uniremunicipios.com.ar\/manual\/wp-content\/uploads\/2019\/12\/Pasted-into-Canje-de-Deuda-300x272.png 300w\" sizes=\"auto, (max-width: 618px) 100vw, 618px\" \/><\/p>\n<p>Al pulsar el bot\u00f3n IMPRIMIR, al comprobante se le asignar\u00e1 un n\u00famero en el momento de la impresi\u00f3n que lo identificar\u00e1. En el ejemplo siguiente tiene el N\u00ba 837, por un importe de $ 1.034,00.<\/p>\n<p><img loading=\"lazy\" decoding=\"async\" width=\"735\" height=\"319\" class=\"alignnone wp-image-1403 size-full\" src=\"http:\/\/uniremunicipios.com.ar\/manual\/wp-content\/uploads\/2019\/12\/Pasted-into-Canje-de-Deuda-5.png\" srcset=\"https:\/\/uniremunicipios.com.ar\/manual\/wp-content\/uploads\/2019\/12\/Pasted-into-Canje-de-Deuda-5.png 735w, https:\/\/uniremunicipios.com.ar\/manual\/wp-content\/uploads\/2019\/12\/Pasted-into-Canje-de-Deuda-5-300x130.png 300w\" sizes=\"auto, (max-width: 735px) 100vw, 735px\" \/><\/p>\n<p>Con ese comprobante podr\u00e1 pasar por caja y pagar los impuestos deseados. El importe del canje de deuda siempre debe ser menor o igual a lo que se va a pagar.<\/p>\n<h2>El comprobante no se imprimi\u00f3<\/h2>\n<p>Si por alg\u00fan motivo tiene que volver a imprimir el comprobante deber\u00e1 ir a:<\/p>\n<p>Men\u00fa: <strong><em>Tablas\/Tipos de Medio Cobro\/Pago<\/em><\/strong><\/p>\n<p>Click con bot\u00f3n derecho sobre CANJE, se abre un submen\u00fa: Detalle de medios de pagos.<\/p>\n<p><img loading=\"lazy\" decoding=\"async\" width=\"509\" height=\"375\" class=\"alignnone wp-image-1401 size-full\" src=\"http:\/\/uniremunicipios.com.ar\/manual\/wp-content\/uploads\/2019\/12\/Pasted-into-Canje-de-Deuda-4.png\" srcset=\"https:\/\/uniremunicipios.com.ar\/manual\/wp-content\/uploads\/2019\/12\/Pasted-into-Canje-de-Deuda-4.png 509w, https:\/\/uniremunicipios.com.ar\/manual\/wp-content\/uploads\/2019\/12\/Pasted-into-Canje-de-Deuda-4-300x221.png 300w\" sizes=\"auto, (max-width: 509px) 100vw, 509px\" \/><\/p>\n<p>Buscamos el N\u00ba deseado y click sobre la impresora en la barra de botones.<\/p>\n<h2>En Caja<\/h2>\n<p>En\u00a0 Cobranza de Recibos &#8211; Con el bot\u00f3n &#8220;agregar&#8221;, asociaremos todos los recibos del contribuyente a cancelar. En medios de Cobro, Elegiremos Canje Deuda e ingresaremos el numero del canje.<\/p>\n<p><img loading=\"lazy\" decoding=\"async\" width=\"722\" height=\"547\" class=\"alignnone wp-image-3554 size-full\" src=\"http:\/\/uniremunicipios.com.ar\/manual\/wp-content\/uploads\/2021\/11\/Pasted-into-Canje-de-Deuda.png\" srcset=\"https:\/\/uniremunicipios.com.ar\/manual\/wp-content\/uploads\/2021\/11\/Pasted-into-Canje-de-Deuda.png 722w, https:\/\/uniremunicipios.com.ar\/manual\/wp-content\/uploads\/2021\/11\/Pasted-into-Canje-de-Deuda-300x227.png 300w\" sizes=\"auto, (max-width: 722px) 100vw, 722px\" \/><\/p>\n","protected":false},"excerpt":{"rendered":"<p>El sistema UNIRE permite generar un comprobante de canje de deuda para utilizarlo en el pago de impuestos. En Proveedores Se debe saber qu\u00e9 importe total debe en impuestos para emitir este comprobante. Al pulsar el bot\u00f3n IMPRIMIR, al comprobante se le asignar\u00e1 un n\u00famero en el momento de la impresi\u00f3n que lo identificar\u00e1. En [&hellip;]<\/p>\n","protected":false},"author":2,"featured_media":0,"parent":9,"menu_order":0,"comment_status":"closed","ping_status":"closed","template":"","meta":{"footnotes":""},"class_list":["post-1392","page","type-page","status-publish","hentry"],"_links":{"self":[{"href":"https:\/\/uniremunicipios.com.ar\/manual\/index.php?rest_route=\/wp\/v2\/pages\/1392","targetHints":{"allow":["GET"]}}],"collection":[{"href":"https:\/\/uniremunicipios.com.ar\/manual\/index.php?rest_route=\/wp\/v2\/pages"}],"about":[{"href":"https:\/\/uniremunicipios.com.ar\/manual\/index.php?rest_route=\/wp\/v2\/types\/page"}],"author":[{"embeddable":true,"href":"https:\/\/uniremunicipios.com.ar\/manual\/index.php?rest_route=\/wp\/v2\/users\/2"}],"replies":[{"embeddable":true,"href":"https:\/\/uniremunicipios.com.ar\/manual\/index.php?rest_route=%2Fwp%2Fv2%2Fcomments&post=1392"}],"version-history":[{"count":13,"href":"https:\/\/uniremunicipios.com.ar\/manual\/index.php?rest_route=\/wp\/v2\/pages\/1392\/revisions"}],"predecessor-version":[{"id":5763,"href":"https:\/\/uniremunicipios.com.ar\/manual\/index.php?rest_route=\/wp\/v2\/pages\/1392\/revisions\/5763"}],"up":[{"embeddable":true,"href":"https:\/\/uniremunicipios.com.ar\/manual\/index.php?rest_route=\/wp\/v2\/pages\/9"}],"wp:attachment":[{"href":"https:\/\/uniremunicipios.com.ar\/manual\/index.php?rest_route=%2Fwp%2Fv2%2Fmedia&parent=1392"}],"curies":[{"name":"wp","href":"https:\/\/api.w.org\/{rel}","templated":true}]}}