{"id":146,"date":"2019-05-29T17:41:05","date_gmt":"2019-05-29T20:41:05","guid":{"rendered":"http:\/\/uniremunicipios.com.ar\/manual\/?page_id=146"},"modified":"2025-06-11T14:23:29","modified_gmt":"2025-06-11T17:23:29","slug":"elaboracion-recibos-eventuales","status":"publish","type":"page","link":"https:\/\/uniremunicipios.com.ar\/manual\/?page_id=146","title":{"rendered":"Elaboraci\u00f3n &#8211; Modificaci\u00f3n &#8211; Anulaci\u00f3n"},"content":{"rendered":"<p><iframe loading=\"lazy\" title=\"Impuestos - Generar Recibo eventual\" width=\"500\" height=\"281\" src=\"https:\/\/www.youtube.com\/embed\/hhVhyUgRPRI?feature=oembed\" frameborder=\"0\" allow=\"accelerometer; autoplay; clipboard-write; encrypted-media; gyroscope; picture-in-picture; web-share\" referrerpolicy=\"strict-origin-when-cross-origin\" allowfullscreen><\/iframe><\/p>\n<p><iframe loading=\"lazy\" title=\"Impuestos - Anular Recibo Eventual\" width=\"500\" height=\"281\" src=\"https:\/\/www.youtube.com\/embed\/0dpCi1sn9VI?feature=oembed\" frameborder=\"0\" allow=\"accelerometer; autoplay; clipboard-write; encrypted-media; gyroscope; picture-in-picture; web-share\" referrerpolicy=\"strict-origin-when-cross-origin\" allowfullscreen><\/iframe><\/p>\n<p><iframe loading=\"lazy\" title=\"Impuestos - Modificar Recibo Eventual\" width=\"500\" height=\"281\" src=\"https:\/\/www.youtube.com\/embed\/26DLmFYLFk8?feature=oembed\" frameborder=\"0\" allow=\"accelerometer; autoplay; clipboard-write; encrypted-media; gyroscope; picture-in-picture; web-share\" referrerpolicy=\"strict-origin-when-cross-origin\" allowfullscreen><\/iframe><\/p>\n<p>&nbsp;<\/p>\n<p class=\"rvps5\"><span class=\"rvts58\">En todo municipio, y en la mayor\u00eda de los sectores, se realizan cobros ocasionales o eventuales. Obedecen a cargos que el contribuyente debe pagar para alg\u00fan tr\u00e1mite (permiso edificaci\u00f3n, carnet de conducir, sellados, inicio expediente, libre deuda, remate, etc.)<\/span><\/p>\n<p class=\"rvps5\"><span class=\"rvts58\">Cada sector posee permisos para realizar recibos propios de su \u00e1rea.<\/span><\/p>\n<h3 class=\"rvps5\"><span class=\"rvts58\">Ingresando<\/span><\/h3>\n<p><img loading=\"lazy\" decoding=\"async\" width=\"745\" height=\"102\" class=\"alignnone wp-image-2090 size-full\" src=\"http:\/\/uniremunicipios.com.ar\/manual\/wp-content\/uploads\/2020\/09\/Pasted-into-Elaboracion-Recibos-eventuales..png\" srcset=\"https:\/\/uniremunicipios.com.ar\/manual\/wp-content\/uploads\/2020\/09\/Pasted-into-Elaboracion-Recibos-eventuales..png 745w, https:\/\/uniremunicipios.com.ar\/manual\/wp-content\/uploads\/2020\/09\/Pasted-into-Elaboracion-Recibos-eventuales.-300x41.png 300w\" sizes=\"auto, (max-width: 745px) 100vw, 745px\" \/><\/p>\n<p class=\"rvps5\"><span class=\"rvts58\">\u00a0<\/span><\/p>\n<p class=\"rvps5\"><span class=\"rvts58\">Click en <img decoding=\"async\" src=\"data:image\/png;base64,iVBORw0KGgoAAAANSUhEUgAAADoAAAAsCAYAAAA0NKuuAAABiklEQVRoBe2XTY6DMAxGc\/Qeb5az6H0YjOahDze0ILBRQxaRf5LYfnEKtDx\/f4Y7jHIHSGPsoK11OrSjQykD4+qDCwU1OEBNXgkbDgocwNjZMhwUQC+bAzWgqyGthvCO0jlgsbNlGmg2mM8XBlrGp+yW4QuKskNBtegR++X1YgehayL1FNDyGDH\/h8I0BWqABtd8R28DOnXzDleX3yRXlw5PB1Aaexjpb7RpUINjzB1O7OZ00CQ+W\/pXB1d3SpoMGQ669mV09qFuiRf2wbAleeaaDpp52hm5ekczTjkzR+9o5mln5Jo7WnvnnVmA\/4DYE\/vIXvIsQHFGyCPFHtkLy0dQn0Rt09W2oPjU731+jmLe7a+tqfk09mIeQ4tB1znTNUiETr69ubQWjaH6x45qUg1oug6C+jV7\/OQi7tpe5n0utdmLPARKEJWaLFrXvOiaE5\/JBagt0rFYWPlrVVuribxes9d83u9rsXnWoGPrWvQZFEersoO21tne0d7R8VH9jYfQr+43du1dzX+OZG2fJWqLbwAAAABJRU5ErkJggg==\" \/><\/span><span class=\"rvts58\">\u00a0se abre<\/span><\/p>\n<p class=\"rvps5\"><span class=\"rvts58\">\u00a0<\/span><\/p>\n<p class=\"rvps5\"><img loading=\"lazy\" decoding=\"async\" width=\"557\" height=\"223\" class=\"alignnone wp-image-2091 size-full\" src=\"http:\/\/uniremunicipios.com.ar\/manual\/wp-content\/uploads\/2020\/09\/Pasted-into-Elaboracion-Recibos-eventuales.-1.png\" srcset=\"https:\/\/uniremunicipios.com.ar\/manual\/wp-content\/uploads\/2020\/09\/Pasted-into-Elaboracion-Recibos-eventuales.-1.png 557w, https:\/\/uniremunicipios.com.ar\/manual\/wp-content\/uploads\/2020\/09\/Pasted-into-Elaboracion-Recibos-eventuales.-1-300x120.png 300w\" sizes=\"auto, (max-width: 557px) 100vw, 557px\" \/><\/p>\n<p class=\"rvps5\"><span class=\"rvts58\">Cada sector del municipio podr\u00e1 ver sus tributos espec\u00edficos.<\/span><\/p>\n<p class=\"rvps5\"><span class=\"rvts58\">Elegir el que corresponde y click en <\/span><span class=\"rvts65\">OK<\/span><\/p>\n<p class=\"rvps5\"><img loading=\"lazy\" decoding=\"async\" class=\"alignnone wp-image-2092 \" src=\"http:\/\/uniremunicipios.com.ar\/manual\/wp-content\/uploads\/2020\/09\/Pasted-into-Elaboracion-Recibos-eventuales.-2.png\" width=\"561\" height=\"317\" srcset=\"https:\/\/uniremunicipios.com.ar\/manual\/wp-content\/uploads\/2020\/09\/Pasted-into-Elaboracion-Recibos-eventuales.-2.png 815w, https:\/\/uniremunicipios.com.ar\/manual\/wp-content\/uploads\/2020\/09\/Pasted-into-Elaboracion-Recibos-eventuales.-2-300x169.png 300w, https:\/\/uniremunicipios.com.ar\/manual\/wp-content\/uploads\/2020\/09\/Pasted-into-Elaboracion-Recibos-eventuales.-2-768x433.png 768w\" sizes=\"auto, (max-width: 561px) 100vw, 561px\" \/><\/p>\n<p class=\"rvps5\"><span class=\"rvts65\">PRESIONAR AGREGAR<\/span><\/p>\n<p class=\"rvps5\"><span class=\"rvts67\">1) &#8211; Clic sobre\u00a0<\/span><span class=\"rvts66\">CONTRIBUYENTE Y\/O\u00a0 BIEN IMPONIBLE<\/span><span class=\"rvts67\">, el sistema pedir\u00e1 lo que debo cargar: a uno, a otro o a ninguna. Los incluyo con <\/span><span class=\"rvts66\">ASOCIA<\/span><\/p>\n<p class=\"rvps5\"><img loading=\"lazy\" decoding=\"async\" class=\"alignnone wp-image-3227 \" src=\"http:\/\/uniremunicipios.com.ar\/manual\/wp-content\/uploads\/2021\/10\/Pasted-into-Elaboracion-Recibos-eventuales.-Anulacion.-Modificacion.png\" width=\"421\" height=\"326\" srcset=\"https:\/\/uniremunicipios.com.ar\/manual\/wp-content\/uploads\/2021\/10\/Pasted-into-Elaboracion-Recibos-eventuales.-Anulacion.-Modificacion.png 837w, https:\/\/uniremunicipios.com.ar\/manual\/wp-content\/uploads\/2021\/10\/Pasted-into-Elaboracion-Recibos-eventuales.-Anulacion.-Modificacion-300x233.png 300w, https:\/\/uniremunicipios.com.ar\/manual\/wp-content\/uploads\/2021\/10\/Pasted-into-Elaboracion-Recibos-eventuales.-Anulacion.-Modificacion-768x595.png 768w\" sizes=\"auto, (max-width: 421px) 100vw, 421px\" \/><\/p>\n<p class=\"rvps5\"><span class=\"rvts63\">2)\u00a0<\/span><span class=\"rvts64\">REFERENCIA<\/span><span class=\"rvts63\">: escribimos una leyenda \u00fatil <span style=\"color: #ff0000;\"><em>(\u00a1ojo!, aparece luego en el recibo.)<\/em><\/span><\/span><\/p>\n<p class=\"rvps5\"><span class=\"rvts61\">3)\u00a0<\/span><span class=\"rvts62\">EN CARGOS<\/span><span class=\"rvts61\">: PRESIONO INGRESA<\/span><\/p>\n<p class=\"rvps5\"><span class=\"rvts58\">Se abre<\/span><\/p>\n<p class=\"rvps5\"><img loading=\"lazy\" decoding=\"async\" width=\"506\" height=\"175\" class=\"alignnone wp-image-3228 size-full\" src=\"http:\/\/uniremunicipios.com.ar\/manual\/wp-content\/uploads\/2021\/10\/Pasted-into-Elaboracion-Recibos-eventuales.-Anulacion.-Modificacion-1.png\" srcset=\"https:\/\/uniremunicipios.com.ar\/manual\/wp-content\/uploads\/2021\/10\/Pasted-into-Elaboracion-Recibos-eventuales.-Anulacion.-Modificacion-1.png 506w, https:\/\/uniremunicipios.com.ar\/manual\/wp-content\/uploads\/2021\/10\/Pasted-into-Elaboracion-Recibos-eventuales.-Anulacion.-Modificacion-1-300x104.png 300w\" sizes=\"auto, (max-width: 506px) 100vw, 506px\" \/><\/p>\n<p class=\"rvps17\"><span class=\"rvts68\">Coloco el cargo, si no lo encuentro es necesario darlo de alta, solicit\u00e1ndolo a la gente de c\u00f3mputos.<\/span><\/p>\n<p class=\"rvps17\"><span class=\"rvts68\">En alguno de los casos, los distintos cargos ya poseen un importe establecido (se carg\u00f3 una lista en tributos, que define los cargos y los precios), en estos casos\u00a0<\/span><span class=\"rvts69\">el sistema le propone al operador un precio,<\/span><span class=\"rvts68\">\u00a0que \u00e9ste puede o no modificar de acuerdo a la configuraci\u00f3n del sistema .<\/span><\/p>\n<p class=\"rvps17\"><span class=\"rvts68\">Para otros casos debo colocar el precio.<\/span><\/p>\n<p class=\"rvps17\"><span class=\"rvts68\">En todos los casos ingreso una cantidad y\u00a0 finalmente le doy\u00a0<\/span><span class=\"rvts69\">ok<\/span><span class=\"rvts68\">.<\/span><\/p>\n<p class=\"rvps17\"><span class=\"rvts68\">Presiono\u00a0<\/span><span class=\"rvts69\">imprime<\/span><span class=\"rvts68\">, se emitir\u00e1 el recibo para que el contribuyente pueda ir a la caja a pagar.<\/span><\/p>\n<p class=\"rvps2\"><span class=\"rvts68\">Si el recibo sale mal (error en contribuyente, en precio, en titular, u otro) y todav\u00eda no se pag\u00f3, puedo ingresar en la pantalla de recibos eventuales, en el recibo activo.<\/span><\/p>\n<p class=\"rvps5\"><span class=\"rvts58\"><img loading=\"lazy\" decoding=\"async\" class=\"alignnone wp-image-2096 \" src=\"http:\/\/uniremunicipios.com.ar\/manual\/wp-content\/uploads\/2020\/09\/Pasted-into-Elaboracion-Recibos-eventuales.-3.png\" width=\"697\" height=\"352\" srcset=\"https:\/\/uniremunicipios.com.ar\/manual\/wp-content\/uploads\/2020\/09\/Pasted-into-Elaboracion-Recibos-eventuales.-3.png 810w, https:\/\/uniremunicipios.com.ar\/manual\/wp-content\/uploads\/2020\/09\/Pasted-into-Elaboracion-Recibos-eventuales.-3-300x151.png 300w, https:\/\/uniremunicipios.com.ar\/manual\/wp-content\/uploads\/2020\/09\/Pasted-into-Elaboracion-Recibos-eventuales.-3-768x388.png 768w\" sizes=\"auto, (max-width: 697px) 100vw, 697px\" \/> <\/span><\/p>\n<p>Click en Modifico<\/p>\n<p class=\"rvps5\"><span class=\"rvts58\">Se abre la pantalla de carga de datos<\/span><\/p>\n<p class=\"rvps5\"><img loading=\"lazy\" decoding=\"async\" class=\"alignnone wp-image-3229 \" src=\"http:\/\/uniremunicipios.com.ar\/manual\/wp-content\/uploads\/2021\/10\/Pasted-into-Elaboracion-Recibos-eventuales.-Anulacion.-Modificacion-2.png\" width=\"477\" height=\"372\" srcset=\"https:\/\/uniremunicipios.com.ar\/manual\/wp-content\/uploads\/2021\/10\/Pasted-into-Elaboracion-Recibos-eventuales.-Anulacion.-Modificacion-2.png 836w, https:\/\/uniremunicipios.com.ar\/manual\/wp-content\/uploads\/2021\/10\/Pasted-into-Elaboracion-Recibos-eventuales.-Anulacion.-Modificacion-2-300x234.png 300w, https:\/\/uniremunicipios.com.ar\/manual\/wp-content\/uploads\/2021\/10\/Pasted-into-Elaboracion-Recibos-eventuales.-Anulacion.-Modificacion-2-768x599.png 768w\" sizes=\"auto, (max-width: 477px) 100vw, 477px\" \/><\/p>\n<p class=\"rvps17\"><span class=\"rvts68\">Y puedo modificar el contribuyente de la misma manera que lo cargu\u00e9, buscando qui\u00e9n corresponda y con\u00a0<\/span><span class=\"rvts69\">modifica\u00a0<\/span><span class=\"rvts68\">puedo cambiar el cargo y el importe si me lo permite, es decir que puedo cambiar uno o todos los datos que cargu\u00e9 anteriormente. (salvo el precio si ya est\u00e1 establecido en tributos).<\/span><\/p>\n<p class=\"rvps17\"><span class=\"rvts68\">\u00a0<\/span><\/p>\n<p class=\"rvps17\"><span class=\"rvts68\">En cualquier momento puedo observar los recibos que quedaron activos, es decir que el contribuyente no pas\u00f3 a pagar, se debe tomar una decisi\u00f3n sobre qu\u00e9 hacer al respecto: llamar al deudor, o bien anularlos.<\/span><\/p>\n<p class=\"rvps2\"><span class=\"rvts68\" style=\"color: #ff0000;\">Si dichos recibos quedan como activos, aparecen pendientes cuando el titular solicite un libre deuda.<\/span><\/p>\n<p>&nbsp;<\/p>\n<h3>Modificar Recibo manualmente<\/h3>\n<ul>\n<li>Buscar la cuenta<\/li>\n<li>Clic en bot\u00f3n TRIBUTOS<\/li>\n<li>Elijo el tributo y clic en bot\u00f3n RECIBOS<\/li>\n<li>Doble clic sobre el recibo a modificar.<\/li>\n<\/ul>\n<p>&nbsp;<\/p>\n<p>&nbsp;<\/p>\n<h3>VIDEO<\/h3>\n<p><iframe loading=\"lazy\" title=\"Recibos Eventuales 15-10-20\" width=\"500\" height=\"281\" src=\"https:\/\/www.youtube.com\/embed\/y1jwY19TUjw?feature=oembed\" frameborder=\"0\" allow=\"accelerometer; autoplay; clipboard-write; encrypted-media; gyroscope; picture-in-picture; web-share\" referrerpolicy=\"strict-origin-when-cross-origin\" allowfullscreen><\/iframe><\/p>\n","protected":false},"excerpt":{"rendered":"<p>&nbsp; En todo municipio, y en la mayor\u00eda de los sectores, se realizan cobros ocasionales o eventuales. Obedecen a cargos que el contribuyente debe pagar para alg\u00fan tr\u00e1mite (permiso edificaci\u00f3n, carnet de conducir, sellados, inicio expediente, libre deuda, remate, etc.) Cada sector posee permisos para realizar recibos propios de su \u00e1rea. Ingresando \u00a0 Click en [&hellip;]<\/p>\n","protected":false},"author":4,"featured_media":0,"parent":148,"menu_order":0,"comment_status":"closed","ping_status":"closed","template":"","meta":{"footnotes":""},"class_list":["post-146","page","type-page","status-publish","hentry"],"_links":{"self":[{"href":"https:\/\/uniremunicipios.com.ar\/manual\/index.php?rest_route=\/wp\/v2\/pages\/146","targetHints":{"allow":["GET"]}}],"collection":[{"href":"https:\/\/uniremunicipios.com.ar\/manual\/index.php?rest_route=\/wp\/v2\/pages"}],"about":[{"href":"https:\/\/uniremunicipios.com.ar\/manual\/index.php?rest_route=\/wp\/v2\/types\/page"}],"author":[{"embeddable":true,"href":"https:\/\/uniremunicipios.com.ar\/manual\/index.php?rest_route=\/wp\/v2\/users\/4"}],"replies":[{"embeddable":true,"href":"https:\/\/uniremunicipios.com.ar\/manual\/index.php?rest_route=%2Fwp%2Fv2%2Fcomments&post=146"}],"version-history":[{"count":18,"href":"https:\/\/uniremunicipios.com.ar\/manual\/index.php?rest_route=\/wp\/v2\/pages\/146\/revisions"}],"predecessor-version":[{"id":6060,"href":"https:\/\/uniremunicipios.com.ar\/manual\/index.php?rest_route=\/wp\/v2\/pages\/146\/revisions\/6060"}],"up":[{"embeddable":true,"href":"https:\/\/uniremunicipios.com.ar\/manual\/index.php?rest_route=\/wp\/v2\/pages\/148"}],"wp:attachment":[{"href":"https:\/\/uniremunicipios.com.ar\/manual\/index.php?rest_route=%2Fwp%2Fv2%2Fmedia&parent=146"}],"curies":[{"name":"wp","href":"https:\/\/api.w.org\/{rel}","templated":true}]}}