{"id":1477,"date":"2020-01-24T09:58:45","date_gmt":"2020-01-24T12:58:45","guid":{"rendered":"http:\/\/uniremunicipios.com.ar\/manual\/?page_id=1477"},"modified":"2020-03-20T16:20:28","modified_gmt":"2020-03-20T19:20:28","slug":"errores-santa-fe-servicios","status":"publish","type":"page","link":"https:\/\/uniremunicipios.com.ar\/manual\/?page_id=1477","title":{"rendered":"Errores Santa Fe Servicios"},"content":{"rendered":"<p>Cuando un archivo de Santa Fe SERVICIOS es procesado y se encuentran errores, el sistema UNIRE crea un archivo con el mismo nombre del archivo procesado y se le agrega \u201c_ERRORES.ERR\u201d. All\u00ed encontrar\u00e1 todos los registros que tuvieron problemas.<\/p>\n<ul>\n<li>Abrir el archivo con el Bloc de Notas o programa similar.<\/li>\n<li>Desde la posici\u00f3n 174 a la 189 encontraremos el ID del recibo de Unire. Por ejemplo:\u00a0 2281900101094040<\/li>\n<li>A dicho N\u00ba debemos quitarle 4 n\u00fameros, los que est\u00e1n en la posici\u00f3n 7 a 10 y as\u00ed el N\u00ba final ser\u00eda: 228190094040<\/li>\n<li>Pruebe ingresar manualmente este recibo, si sigue dando error:<\/li>\n<li>Abrir UNIRE IMPUESTO GENERAL<\/li>\n<li>Men\u00fa: Impuestos \/ Busco recibos por ID<\/li>\n<li>Escribir o pegar el N\u00ba obtenido y mostrar\u00e1 el recibo que nos est\u00e1 dando problemas.<\/li>\n<li>Otro dato para corroborar es el importe que se encuentra en la posici\u00f3n 78 a 88. Los \u00faltimos 2 n\u00fameros son los decimales: Por ejemplo: 00000041407 = 414,07<\/li>\n<\/ul>\n","protected":false},"excerpt":{"rendered":"<p>Cuando un archivo de Santa Fe SERVICIOS es procesado y se encuentran errores, el sistema UNIRE crea un archivo con el mismo nombre del archivo procesado y se le agrega \u201c_ERRORES.ERR\u201d. All\u00ed encontrar\u00e1 todos los registros que tuvieron problemas. Abrir el archivo con el Bloc de Notas o programa similar. Desde la posici\u00f3n 174 a [&hellip;]<\/p>\n","protected":false},"author":2,"featured_media":0,"parent":194,"menu_order":0,"comment_status":"closed","ping_status":"closed","template":"","meta":{"footnotes":""},"class_list":["post-1477","page","type-page","status-publish","hentry"],"_links":{"self":[{"href":"https:\/\/uniremunicipios.com.ar\/manual\/index.php?rest_route=\/wp\/v2\/pages\/1477","targetHints":{"allow":["GET"]}}],"collection":[{"href":"https:\/\/uniremunicipios.com.ar\/manual\/index.php?rest_route=\/wp\/v2\/pages"}],"about":[{"href":"https:\/\/uniremunicipios.com.ar\/manual\/index.php?rest_route=\/wp\/v2\/types\/page"}],"author":[{"embeddable":true,"href":"https:\/\/uniremunicipios.com.ar\/manual\/index.php?rest_route=\/wp\/v2\/users\/2"}],"replies":[{"embeddable":true,"href":"https:\/\/uniremunicipios.com.ar\/manual\/index.php?rest_route=%2Fwp%2Fv2%2Fcomments&post=1477"}],"version-history":[{"count":1,"href":"https:\/\/uniremunicipios.com.ar\/manual\/index.php?rest_route=\/wp\/v2\/pages\/1477\/revisions"}],"predecessor-version":[{"id":1478,"href":"https:\/\/uniremunicipios.com.ar\/manual\/index.php?rest_route=\/wp\/v2\/pages\/1477\/revisions\/1478"}],"up":[{"embeddable":true,"href":"https:\/\/uniremunicipios.com.ar\/manual\/index.php?rest_route=\/wp\/v2\/pages\/194"}],"wp:attachment":[{"href":"https:\/\/uniremunicipios.com.ar\/manual\/index.php?rest_route=%2Fwp%2Fv2%2Fmedia&parent=1477"}],"curies":[{"name":"wp","href":"https:\/\/api.w.org\/{rel}","templated":true}]}}