{"id":1626,"date":"2020-04-16T12:24:17","date_gmt":"2020-04-16T15:24:17","guid":{"rendered":"http:\/\/uniremunicipios.com.ar\/manual\/?page_id=1626"},"modified":"2025-01-16T13:53:42","modified_gmt":"2025-01-16T16:53:42","slug":"envio-masivo-de-e-mails-a-comercios","status":"publish","type":"page","link":"https:\/\/uniremunicipios.com.ar\/manual\/?page_id=1626","title":{"rendered":"m. Env\u00edo Masivo de e-mails a Comercios"},"content":{"rendered":"<p>En la ventana COMERCIOS que podemos acceder desde<\/p>\n<p><img loading=\"lazy\" decoding=\"async\" class=\"wp-image-5382 alignnone size-medium\" src=\"http:\/\/uniremunicipios.com.ar\/manual\/wp-content\/uploads\/2024\/11\/image-39.png\" alt=\"\" width=\"146\" height=\"93\" \/><\/p>\n<p>Men\u00fa: Fx Todos \/ Env\u00edo Mail a toda la lista<\/p>\n<p>Luego de elegir esta opci\u00f3n, Unire analiza a qui\u00e9nes se les puede enviar el e-mail (a los que tienen direcci\u00f3n cargada correctamente) y da un informe:<\/p>\n<p><img loading=\"lazy\" decoding=\"async\" width=\"325\" height=\"144\" class=\"alignnone wp-image-1628 size-full\" src=\"http:\/\/uniremunicipios.com.ar\/manual\/wp-content\/uploads\/2020\/04\/Pasted-into-Env\u00edo-Masivo-de-e-mails-a-Comercios-1.png\" srcset=\"https:\/\/uniremunicipios.com.ar\/manual\/wp-content\/uploads\/2020\/04\/Pasted-into-Env\u00edo-Masivo-de-e-mails-a-Comercios-1.png 325w, https:\/\/uniremunicipios.com.ar\/manual\/wp-content\/uploads\/2020\/04\/Pasted-into-Env\u00edo-Masivo-de-e-mails-a-Comercios-1-300x133.png 300w\" sizes=\"auto, (max-width: 325px) 100vw, 325px\" \/><\/p>\n<p>En el informe anterior, solo le env\u00eda a 51 destinatarios. Y se abre la siguiente ventana:<\/p>\n<p><img loading=\"lazy\" decoding=\"async\" width=\"647\" height=\"477\" class=\"alignnone wp-image-1629 size-full\" src=\"http:\/\/uniremunicipios.com.ar\/manual\/wp-content\/uploads\/2020\/04\/Pasted-into-Env\u00edo-Masivo-de-e-mails-a-Comercios-2.png\" srcset=\"https:\/\/uniremunicipios.com.ar\/manual\/wp-content\/uploads\/2020\/04\/Pasted-into-Env\u00edo-Masivo-de-e-mails-a-Comercios-2.png 647w, https:\/\/uniremunicipios.com.ar\/manual\/wp-content\/uploads\/2020\/04\/Pasted-into-Env\u00edo-Masivo-de-e-mails-a-Comercios-2-300x221.png 300w\" sizes=\"auto, (max-width: 647px) 100vw, 647px\" \/><\/p>\n<p><span style=\"color: #000000;\">Complete el mensaje.<\/span><\/p>\n<p><span style=\"color: #0000ff;\">Tenga en cuenta que este e-mail ser\u00e1 enviado por el Robot Unire, y que los destinatarios no deben contestar al e-mail desde donde saldr\u00e1n, as\u00ed que tendr\u00e1 que aclarar esto y dar un e-mail para que le respondan.<\/span><\/p>\n<p><span style=\"color: #000000;\">Click en OK para enviar.<\/span><\/p>\n","protected":false},"excerpt":{"rendered":"<p>En la ventana COMERCIOS que podemos acceder desde Men\u00fa: Fx Todos \/ Env\u00edo Mail a toda la lista Luego de elegir esta opci\u00f3n, Unire analiza a qui\u00e9nes se les puede enviar el e-mail (a los que tienen direcci\u00f3n cargada correctamente) y da un informe: En el informe anterior, solo le env\u00eda a 51 destinatarios. Y [&hellip;]<\/p>\n","protected":false},"author":2,"featured_media":0,"parent":439,"menu_order":0,"comment_status":"closed","ping_status":"closed","template":"","meta":{"footnotes":""},"class_list":["post-1626","page","type-page","status-publish","hentry"],"_links":{"self":[{"href":"https:\/\/uniremunicipios.com.ar\/manual\/index.php?rest_route=\/wp\/v2\/pages\/1626","targetHints":{"allow":["GET"]}}],"collection":[{"href":"https:\/\/uniremunicipios.com.ar\/manual\/index.php?rest_route=\/wp\/v2\/pages"}],"about":[{"href":"https:\/\/uniremunicipios.com.ar\/manual\/index.php?rest_route=\/wp\/v2\/types\/page"}],"author":[{"embeddable":true,"href":"https:\/\/uniremunicipios.com.ar\/manual\/index.php?rest_route=\/wp\/v2\/users\/2"}],"replies":[{"embeddable":true,"href":"https:\/\/uniremunicipios.com.ar\/manual\/index.php?rest_route=%2Fwp%2Fv2%2Fcomments&post=1626"}],"version-history":[{"count":5,"href":"https:\/\/uniremunicipios.com.ar\/manual\/index.php?rest_route=\/wp\/v2\/pages\/1626\/revisions"}],"predecessor-version":[{"id":5835,"href":"https:\/\/uniremunicipios.com.ar\/manual\/index.php?rest_route=\/wp\/v2\/pages\/1626\/revisions\/5835"}],"up":[{"embeddable":true,"href":"https:\/\/uniremunicipios.com.ar\/manual\/index.php?rest_route=\/wp\/v2\/pages\/439"}],"wp:attachment":[{"href":"https:\/\/uniremunicipios.com.ar\/manual\/index.php?rest_route=%2Fwp%2Fv2%2Fmedia&parent=1626"}],"curies":[{"name":"wp","href":"https:\/\/api.w.org\/{rel}","templated":true}]}}