{"id":1771,"date":"2020-06-23T08:46:03","date_gmt":"2020-06-23T11:46:03","guid":{"rendered":"http:\/\/uniremunicipios.com.ar\/manual\/?page_id=1771"},"modified":"2025-04-24T12:36:38","modified_gmt":"2025-04-24T15:36:38","slug":"retenciones-2","status":"publish","type":"page","link":"https:\/\/uniremunicipios.com.ar\/manual\/?page_id=1771","title":{"rendered":"w. Retenciones"},"content":{"rendered":"<h3>RETENCIONES<\/h3>\n<p>Para efectuar retenciones en los pagos a proveedores es necesario que se hayan registrado los valores que corresponda en la tabla general, en el espec\u00edfico o para el caso de las empresas de combustible\/energ\u00eda, los impuestos internos.<\/p>\n<p>En <strong>TABLAS\/PERFIL FISCAL<\/strong>, es necesario definir el tipo de retenciones que se van a realizar. Obviamente que el proveedor debe tener el perfil correcto.<\/p>\n<p><em>Proveedores que poseen al\u00edcuotas o m\u00ednimos distintos:<\/em>\u00a0es necesario registrar los datos ESPEC\u00cdFICOS. Para ello, se deben posicionar en la definici\u00f3n de proveedor y con el bot\u00f3n <img loading=\"lazy\" decoding=\"async\" class=\"wp-image-5649 alignnone \" src=\"http:\/\/uniremunicipios.com.ar\/manual\/wp-content\/uploads\/2024\/12\/image-32.png\" alt=\"\" width=\"54\" height=\"39\" \/>,\u00a0<img loading=\"lazy\" decoding=\"async\" width=\"36\" height=\"34\" class=\"alignnone wp-image-1772 size-full\" src=\"http:\/\/uniremunicipios.com.ar\/manual\/wp-content\/uploads\/2020\/06\/Pasted-into-Retenciones.png\" \/>\u00a0se designan los valores espec\u00edficos.<\/p>\n<p>UNIRE utilizar\u00e1 los valores comunes a todos a excepci\u00f3n que tenga registrado valores espec\u00edficos.<\/p>\n<p>Para los casos que no se deba liquidar ning\u00fan tipo de retenciones, es necesario cargar valor espec\u00edfico en 0.<\/p>\n<p><em>Combustible:<\/em> este posee \u201cimpuestos internos\u201d que no se deben considerar en las distintas liquidaciones. Para ello es necesario registrar el IMPUESTO INTERNO, posicion\u00e1ndose sobre el proveedor y en el bot\u00f3n <img loading=\"lazy\" decoding=\"async\" width=\"42\" height=\"46\" class=\"alignnone wp-image-1774 size-full\" src=\"http:\/\/uniremunicipios.com.ar\/manual\/wp-content\/uploads\/2020\/06\/Pasted-into-Retenciones-2.png\" \/> , se agregan los distintos tipos de combustible (que debe estar dado de alta anteriormente en <img loading=\"lazy\" decoding=\"async\" width=\"178\" height=\"18\" class=\"alignnone wp-image-1775 size-full\" src=\"http:\/\/uniremunicipios.com.ar\/manual\/wp-content\/uploads\/2020\/06\/Pasted-into-Retenciones-3.png\" \/> . Se asocia el correspondiente y se coloca la al\u00edcuota respectiva <img loading=\"lazy\" decoding=\"async\" width=\"175\" height=\"72\" class=\"alignnone wp-image-1776 size-full\" src=\"http:\/\/uniremunicipios.com.ar\/manual\/wp-content\/uploads\/2020\/06\/Pasted-into-Retenciones-4.png\" \/> .<\/p>\n<p>&nbsp;<\/p>\n<p>Cuando se realiza el pago al proveedor se puede utilizar la forma autom\u00e1tica o registrar en forma manual las retenciones respectivas. Para el caso que fuesen autom\u00e1ticas obviamente deben estar cargados los datos que se enumeran en el p\u00e1rrafo anterior, y el sistema genera tambi\u00e9n los archivos para los entes correspondientes.<\/p>\n<p>Luego, cuando se deben liquidar las retenciones para pagar a la entidad respectiva, se debe ingresar una por una a la liquidaci\u00f3n y abonar con el medio elegido. Pasa a ser liquidaci\u00f3n TERMINADA. En este proceso se encuentra el archivo para luego subir online.<\/p>\n<p><img loading=\"lazy\" decoding=\"async\" class=\"wp-image-4845 alignnone size-medium\" src=\"http:\/\/uniremunicipios.com.ar\/manual\/wp-content\/uploads\/2024\/09\/image-169.png\" alt=\"\" width=\"300\" height=\"118\" srcset=\"https:\/\/uniremunicipios.com.ar\/manual\/wp-content\/uploads\/2024\/09\/image-169.png 506w, https:\/\/uniremunicipios.com.ar\/manual\/wp-content\/uploads\/2024\/09\/image-169-300x118.png 300w\" sizes=\"auto, (max-width: 300px) 100vw, 300px\" \/><\/p>\n<p>Para liquidar se debe ir al primer men\u00fa. En terminadas se hallan<\/p>\n<p><img loading=\"lazy\" decoding=\"async\" class=\"wp-image-4847 alignnone \" src=\"http:\/\/uniremunicipios.com.ar\/manual\/wp-content\/uploads\/2024\/09\/image-170.png\" alt=\"\" width=\"536\" height=\"216\" srcset=\"https:\/\/uniremunicipios.com.ar\/manual\/wp-content\/uploads\/2024\/09\/image-170.png 609w, https:\/\/uniremunicipios.com.ar\/manual\/wp-content\/uploads\/2024\/09\/image-170-300x121.png 300w\" sizes=\"auto, (max-width: 536px) 100vw, 536px\" \/><\/p>\n<p>Se generan los distintos archivos de las retenciones practicadas.<\/p>\n<p>En Liquidaciones Anuladas van a figurar todas las que se anulen, ya sea porque se anul\u00f3 el pago (posterior a esta anulaci\u00f3n) o porque no fueron correctamente realizadas. Y en consulta se encuentran todas, activas y terminadas, de Ingresos Brutos, Ganancias, etc.<\/p>\n<p>&nbsp;<\/p>\n<h3>RETENCIONES CON CANJE DEUDA<\/h3>\n<p>Cuando se abona a un proveedor con el medio de pago CANJE DE DEUDA surge que el total a pagar puede tener retenciones por lo que modifica el valor a pagar que luego no coincidir\u00e1 con el monto a cobrar.<\/p>\n<p>Para solucionar el tema cuando se realiza pago a proveedores se debe utilizar del m\u00f3dulo OTRAS FUNCIONES.<img loading=\"lazy\" decoding=\"async\" width=\"170\" height=\"47\" class=\"alignnone wp-image-1779 size-full\" src=\"http:\/\/uniremunicipios.com.ar\/manual\/wp-content\/uploads\/2020\/06\/Pasted-into-Retenciones-7.png\" \/> .<\/p>\n<p>En este men\u00fa se encuentra el bot\u00f3n <img loading=\"lazy\" decoding=\"async\" width=\"36\" height=\"39\" class=\"alignnone wp-image-1780 size-full\" src=\"http:\/\/uniremunicipios.com.ar\/manual\/wp-content\/uploads\/2020\/06\/Pasted-into-Retenciones-8.png\" \/> , el cual me anticipa cuanto va a ser la\/s retenci\u00f3n\/es sobre el valor ingresado.<\/p>\n<p>Ejemplo: si ubicado sobre el proveedor que debo pagar presiono <img loading=\"lazy\" decoding=\"async\" width=\"36\" height=\"39\" class=\"alignnone wp-image-1781 size-full\" src=\"http:\/\/uniremunicipios.com.ar\/manual\/wp-content\/uploads\/2020\/06\/Pasted-into-Retenciones-9.png\" \/> \u00a0pregunta el importe a abonar, ejemplo $ 15000, entonces aparece <img loading=\"lazy\" decoding=\"async\" width=\"190\" height=\"132\" class=\"alignnone wp-image-1782 size-full\" src=\"http:\/\/uniremunicipios.com.ar\/manual\/wp-content\/uploads\/2020\/06\/Pasted-into-Retenciones-10.png\" \/> , donde informa de cu\u00e1nto debe ser el pago exacto para luego ser pasado por caja como medio de pago de n impuestos.<\/p>\n<p>&nbsp;<\/p>\n<h3>RETENCIONES DReI-TASA DE COMERCIO-PROFILAXIS<\/h3>\n<p>Cuando un municipio es agente de retenci\u00f3n del DReI (que \u00e9l mismo genera, y lo usa como anticipo de pago), resulta en dos casos:<\/p>\n<ul>\n<li>Si el proveedor es contribuyente del DReI entonces \u00e9ste sufrir\u00e1 la retenci\u00f3n cuando reciba el cobro de sus facturas, pero lo recuperar\u00e1 cuando declare y abone el per\u00edodo correspondiente del Derecho Registro e Inspecci\u00f3n (el sistema lo habr\u00eda registrado como cr\u00e9dito)<\/li>\n<li>Si el proveedor no es contribuyente del DReI, estas retenciones que se han hecho de parte del municipio cuando abona facturas pero nadie va a utilizarlo como cr\u00e9dito en sus impuestos. Por tal motivo el municipio debe ingresar a LIQUIDACION DE RETENCIONES, al DReI, y all\u00ed liquidarlas.<\/li>\n<\/ul>\n<p>A diferencia de las retenciones provinciales o nacionales que se liquidan y se emite un cheque, transferencia o efectivo para su pago; se debe liquidar de igual forma pero no se abona estas retenciones sino que directamente se pasa a terminado y el sistema pasa en su contabilidad de una cuenta de pasivo a una cuenta de ingreso.<\/p>\n<h3><strong>AGENTES DE RETENCION EXTERNAS DEL DREI<\/strong><\/h3>\n<p>Cuando un municipio ha determinado que ciertas empresas de la ciudad act\u00faen como agentes de retenci\u00f3n del DReI, \u00e9stas deben informar en tiempo y forma a qui\u00e9nes se les retuvo para que el municipio pueda otorgarles el cr\u00e9dito a sus contribuyentes e ingrese el dinero recaudado a sus arcas.<\/p>\n<p>Para ello entregar\u00e1 un documento a la empresa para que rinda en un Excel\/txt la informaci\u00f3n y el municipio pueda procesarla para luego registrar su pago.<\/p>\n<p>Cuando UNIRE encuentra retenciones de contribuyentes del DReI, registra lo retenido y abonado por esas empresas como cr\u00e9dito del mes correspondiente.<\/p>\n<p>Este \u00faltimo proceso se realiza en el m\u00f3dulo de BANCO, en<\/p>\n<p><img loading=\"lazy\" decoding=\"async\" class=\"wp-image-5119 alignnone \" src=\"http:\/\/uniremunicipios.com.ar\/manual\/wp-content\/uploads\/2024\/10\/image-140.png\" alt=\"\" width=\"453\" height=\"181\" srcset=\"https:\/\/uniremunicipios.com.ar\/manual\/wp-content\/uploads\/2024\/10\/image-140.png 679w, https:\/\/uniremunicipios.com.ar\/manual\/wp-content\/uploads\/2024\/10\/image-140-300x120.png 300w\" sizes=\"auto, (max-width: 453px) 100vw, 453px\" \/><\/p>\n<p>&nbsp;<\/p>\n<p><iframe loading=\"lazy\" title=\"2025-04-24  RETENCIONES\" width=\"500\" height=\"281\" src=\"https:\/\/www.youtube.com\/embed\/_bCieR_SH-w?feature=oembed\" frameborder=\"0\" allow=\"accelerometer; autoplay; clipboard-write; encrypted-media; gyroscope; picture-in-picture; web-share\" referrerpolicy=\"strict-origin-when-cross-origin\" allowfullscreen><\/iframe><\/p>\n<p>&nbsp;<\/p>\n","protected":false},"excerpt":{"rendered":"<p>RETENCIONES Para efectuar retenciones en los pagos a proveedores es necesario que se hayan registrado los valores que corresponda en la tabla general, en el espec\u00edfico o para el caso de las empresas de combustible\/energ\u00eda, los impuestos internos. En TABLAS\/PERFIL FISCAL, es necesario definir el tipo de retenciones que se van a realizar. Obviamente que [&hellip;]<\/p>\n","protected":false},"author":4,"featured_media":0,"parent":9,"menu_order":12,"comment_status":"closed","ping_status":"closed","template":"","meta":{"footnotes":""},"class_list":["post-1771","page","type-page","status-publish","hentry"],"_links":{"self":[{"href":"https:\/\/uniremunicipios.com.ar\/manual\/index.php?rest_route=\/wp\/v2\/pages\/1771","targetHints":{"allow":["GET"]}}],"collection":[{"href":"https:\/\/uniremunicipios.com.ar\/manual\/index.php?rest_route=\/wp\/v2\/pages"}],"about":[{"href":"https:\/\/uniremunicipios.com.ar\/manual\/index.php?rest_route=\/wp\/v2\/types\/page"}],"author":[{"embeddable":true,"href":"https:\/\/uniremunicipios.com.ar\/manual\/index.php?rest_route=\/wp\/v2\/users\/4"}],"replies":[{"embeddable":true,"href":"https:\/\/uniremunicipios.com.ar\/manual\/index.php?rest_route=%2Fwp%2Fv2%2Fcomments&post=1771"}],"version-history":[{"count":10,"href":"https:\/\/uniremunicipios.com.ar\/manual\/index.php?rest_route=\/wp\/v2\/pages\/1771\/revisions"}],"predecessor-version":[{"id":5930,"href":"https:\/\/uniremunicipios.com.ar\/manual\/index.php?rest_route=\/wp\/v2\/pages\/1771\/revisions\/5930"}],"up":[{"embeddable":true,"href":"https:\/\/uniremunicipios.com.ar\/manual\/index.php?rest_route=\/wp\/v2\/pages\/9"}],"wp:attachment":[{"href":"https:\/\/uniremunicipios.com.ar\/manual\/index.php?rest_route=%2Fwp%2Fv2%2Fmedia&parent=1771"}],"curies":[{"name":"wp","href":"https:\/\/api.w.org\/{rel}","templated":true}]}}