{"id":1792,"date":"2020-06-29T10:43:48","date_gmt":"2020-06-29T13:43:48","guid":{"rendered":"http:\/\/uniremunicipios.com.ar\/manual\/?page_id=1792"},"modified":"2020-08-27T11:05:06","modified_gmt":"2020-08-27T14:05:06","slug":"como-debe-desactivarse-una-tasa-del-descuento-automatico-en-sueldos","status":"publish","type":"page","link":"https:\/\/uniremunicipios.com.ar\/manual\/?page_id=1792","title":{"rendered":"Como debe desactivarse una tasa del descuento automatico en sueldos?"},"content":{"rendered":"<p>Cuando un empleado decide suspender el descuento autom\u00e1tico de tasas, lo ideal es realizar la baja con el periodo cerrado y antes de abrir uno nuevo. Si lo quieren hacer una vez abierto este nuevo periodo, ya el sistema lo habr\u00e1 tomado por lo que se debe hacer lo siguiente.<\/p>\n<p>Observo el monto que se le descuenta al empleado en el recibo por dicho concepto.<\/p>\n<p><img loading=\"lazy\" decoding=\"async\" width=\"517\" height=\"23\" class=\"alignnone wp-image-1793 size-full\" src=\"http:\/\/uniremunicipios.com.ar\/manual\/wp-content\/uploads\/2020\/06\/Pasted-into-\u00bfComo-debe-desactivarse-una-tasa-del-descuento-automatico-en-sueldos.png\" srcset=\"https:\/\/uniremunicipios.com.ar\/manual\/wp-content\/uploads\/2020\/06\/Pasted-into-\u00bfComo-debe-desactivarse-una-tasa-del-descuento-automatico-en-sueldos.png 517w, https:\/\/uniremunicipios.com.ar\/manual\/wp-content\/uploads\/2020\/06\/Pasted-into-\u00bfComo-debe-desactivarse-una-tasa-del-descuento-automatico-en-sueldos-300x13.png 300w\" sizes=\"auto, (max-width: 517px) 100vw, 517px\" \/><\/p>\n<p>Pararse sobre el recibo del empleado y ver las tasas descontadas.<\/p>\n<p><img loading=\"lazy\" decoding=\"async\" width=\"399\" height=\"161\" class=\"alignnone wp-image-1802 size-full\" src=\"http:\/\/uniremunicipios.com.ar\/manual\/wp-content\/uploads\/2020\/06\/Pasted-into-\u00bfComo-debe-desactivarse-una-tasa-del-descuento-automatico-en-sueldos-8.png\" srcset=\"https:\/\/uniremunicipios.com.ar\/manual\/wp-content\/uploads\/2020\/06\/Pasted-into-\u00bfComo-debe-desactivarse-una-tasa-del-descuento-automatico-en-sueldos-8.png 399w, https:\/\/uniremunicipios.com.ar\/manual\/wp-content\/uploads\/2020\/06\/Pasted-into-\u00bfComo-debe-desactivarse-una-tasa-del-descuento-automatico-en-sueldos-8-300x121.png 300w\" sizes=\"auto, (max-width: 399px) 100vw, 399px\" \/><\/p>\n<p>Bot\u00f3n derecho sobre la tasa en cuesti\u00f3n \u00e0 Recibos Descontados.<\/p>\n<p><img loading=\"lazy\" decoding=\"async\" width=\"589\" height=\"195\" class=\"alignnone wp-image-1795 size-full\" src=\"http:\/\/uniremunicipios.com.ar\/manual\/wp-content\/uploads\/2020\/06\/Pasted-into-\u00bfComo-debe-desactivarse-una-tasa-del-descuento-automatico-en-sueldos-2.png\" srcset=\"https:\/\/uniremunicipios.com.ar\/manual\/wp-content\/uploads\/2020\/06\/Pasted-into-\u00bfComo-debe-desactivarse-una-tasa-del-descuento-automatico-en-sueldos-2.png 589w, https:\/\/uniremunicipios.com.ar\/manual\/wp-content\/uploads\/2020\/06\/Pasted-into-\u00bfComo-debe-desactivarse-una-tasa-del-descuento-automatico-en-sueldos-2-300x99.png 300w\" sizes=\"auto, (max-width: 589px) 100vw, 589px\" \/><\/p>\n<p>Como ver\u00e1n, ya tiene el candado sobre el recibo de tasa descontado.<\/p>\n<p><img loading=\"lazy\" decoding=\"async\" width=\"589\" height=\"205\" class=\"alignnone wp-image-1796 size-full\" src=\"http:\/\/uniremunicipios.com.ar\/manual\/wp-content\/uploads\/2020\/06\/Pasted-into-\u00bfComo-debe-desactivarse-una-tasa-del-descuento-automatico-en-sueldos-3.png\" srcset=\"https:\/\/uniremunicipios.com.ar\/manual\/wp-content\/uploads\/2020\/06\/Pasted-into-\u00bfComo-debe-desactivarse-una-tasa-del-descuento-automatico-en-sueldos-3.png 589w, https:\/\/uniremunicipios.com.ar\/manual\/wp-content\/uploads\/2020\/06\/Pasted-into-\u00bfComo-debe-desactivarse-una-tasa-del-descuento-automatico-en-sueldos-3-300x104.png 300w\" sizes=\"auto, (max-width: 589px) 100vw, 589px\" \/><\/p>\n<p>Entonces, debemos borrar el recibo de sueldo del empleado,<\/p>\n<p><img loading=\"lazy\" decoding=\"async\" width=\"53\" height=\"64\" class=\"alignnone wp-image-1797 size-full\" src=\"http:\/\/uniremunicipios.com.ar\/manual\/wp-content\/uploads\/2020\/06\/Pasted-into-\u00bfComo-debe-desactivarse-una-tasa-del-descuento-automatico-en-sueldos-4.png\" \/><\/p>\n<p>Cambiarle el estado a la tasa correspondiente desde Rentas o Personal.<\/p>\n<p><img loading=\"lazy\" decoding=\"async\" width=\"399\" height=\"161\" class=\"alignnone wp-image-1803 size-full\" src=\"http:\/\/uniremunicipios.com.ar\/manual\/wp-content\/uploads\/2020\/06\/Pasted-into-\u00bfComo-debe-desactivarse-una-tasa-del-descuento-automatico-en-sueldos-9.png\" srcset=\"https:\/\/uniremunicipios.com.ar\/manual\/wp-content\/uploads\/2020\/06\/Pasted-into-\u00bfComo-debe-desactivarse-una-tasa-del-descuento-automatico-en-sueldos-9.png 399w, https:\/\/uniremunicipios.com.ar\/manual\/wp-content\/uploads\/2020\/06\/Pasted-into-\u00bfComo-debe-desactivarse-una-tasa-del-descuento-automatico-en-sueldos-9-300x121.png 300w\" sizes=\"auto, (max-width: 399px) 100vw, 399px\" \/><\/p>\n<p><img loading=\"lazy\" decoding=\"async\" width=\"54\" height=\"64\" class=\"alignnone wp-image-1799 size-full\" src=\"http:\/\/uniremunicipios.com.ar\/manual\/wp-content\/uploads\/2020\/06\/Pasted-into-\u00bfComo-debe-desactivarse-una-tasa-del-descuento-automatico-en-sueldos-6.png\" \/><\/p>\n<p>Una vez desactivada la tasa, puedo reliquidar el recibo de sueldo y no descuenta la misma.<\/p>\n<p>Vuelvo a observar dicho concepto y vemos que efectivamente no descont\u00f3 la tasa.<\/p>\n<p><img loading=\"lazy\" decoding=\"async\" width=\"582\" height=\"33\" class=\"alignnone wp-image-1800 size-full\" src=\"http:\/\/uniremunicipios.com.ar\/manual\/wp-content\/uploads\/2020\/06\/Pasted-into-\u00bfComo-debe-desactivarse-una-tasa-del-descuento-automatico-en-sueldos-7.png\" srcset=\"https:\/\/uniremunicipios.com.ar\/manual\/wp-content\/uploads\/2020\/06\/Pasted-into-\u00bfComo-debe-desactivarse-una-tasa-del-descuento-automatico-en-sueldos-7.png 582w, https:\/\/uniremunicipios.com.ar\/manual\/wp-content\/uploads\/2020\/06\/Pasted-into-\u00bfComo-debe-desactivarse-una-tasa-del-descuento-automatico-en-sueldos-7-300x17.png 300w\" sizes=\"auto, (max-width: 582px) 100vw, 582px\" \/><\/p>\n<p><strong>Observaciones: deben trabajar en forma conjunta liquidaci\u00f3n de sueldos y rentas, en caso de necesitar desactivar una tasa y que est\u00e9 tomada, solicitar a liquidaciones de sueldos para que cancele el recibo correspondiente, si la liquidaci\u00f3n a\u00fan est\u00e1 abierta, caso contrario la baja deber\u00e1 hacerse el per\u00edodo siguiente.<\/strong><\/p>\n<p>CUANDO DESDE RENTAS QUIERAN HACER UNA BAJA Y EST\u00c9 EN PROCESO LA LIQUIDACI\u00d3N LE APARECER\u00c1 UN CARTEL, TIENE RECIBOS ACTIVOS, POR LO QUE NO PODR\u00c1 DAR LA BAJA HASTA QUE SUELDOS BORRE EL RECIBO Y LO DEJE DESACTIVAR LA TASA.<\/p>\n","protected":false},"excerpt":{"rendered":"<p>Cuando un empleado decide suspender el descuento autom\u00e1tico de tasas, lo ideal es realizar la baja con el periodo cerrado y antes de abrir uno nuevo. Si lo quieren hacer una vez abierto este nuevo periodo, ya el sistema lo habr\u00e1 tomado por lo que se debe hacer lo siguiente. Observo el monto que se [&hellip;]<\/p>\n","protected":false},"author":4,"featured_media":0,"parent":28,"menu_order":371,"comment_status":"closed","ping_status":"closed","template":"","meta":{"footnotes":""},"class_list":["post-1792","page","type-page","status-publish","hentry"],"_links":{"self":[{"href":"https:\/\/uniremunicipios.com.ar\/manual\/index.php?rest_route=\/wp\/v2\/pages\/1792","targetHints":{"allow":["GET"]}}],"collection":[{"href":"https:\/\/uniremunicipios.com.ar\/manual\/index.php?rest_route=\/wp\/v2\/pages"}],"about":[{"href":"https:\/\/uniremunicipios.com.ar\/manual\/index.php?rest_route=\/wp\/v2\/types\/page"}],"author":[{"embeddable":true,"href":"https:\/\/uniremunicipios.com.ar\/manual\/index.php?rest_route=\/wp\/v2\/users\/4"}],"replies":[{"embeddable":true,"href":"https:\/\/uniremunicipios.com.ar\/manual\/index.php?rest_route=%2Fwp%2Fv2%2Fcomments&post=1792"}],"version-history":[{"count":6,"href":"https:\/\/uniremunicipios.com.ar\/manual\/index.php?rest_route=\/wp\/v2\/pages\/1792\/revisions"}],"predecessor-version":[{"id":2051,"href":"https:\/\/uniremunicipios.com.ar\/manual\/index.php?rest_route=\/wp\/v2\/pages\/1792\/revisions\/2051"}],"up":[{"embeddable":true,"href":"https:\/\/uniremunicipios.com.ar\/manual\/index.php?rest_route=\/wp\/v2\/pages\/28"}],"wp:attachment":[{"href":"https:\/\/uniremunicipios.com.ar\/manual\/index.php?rest_route=%2Fwp%2Fv2%2Fmedia&parent=1792"}],"curies":[{"name":"wp","href":"https:\/\/api.w.org\/{rel}","templated":true}]}}