{"id":215,"date":"2019-05-31T15:45:05","date_gmt":"2019-05-31T18:45:05","guid":{"rendered":"http:\/\/uniremunicipios.com.ar\/manual\/?page_id=215"},"modified":"2021-08-03T15:42:06","modified_gmt":"2021-08-03T18:42:06","slug":"comisiones-bancarias-y-o-entidades-recaudadoras","status":"publish","type":"page","link":"https:\/\/uniremunicipios.com.ar\/manual\/?page_id=215","title":{"rendered":"Comisiones Bancarias y\/o Entidades Recaudadoras"},"content":{"rendered":"<p>Las distintas entidades recaudadoras, como ser, PAGO FACIL, RAPIPAGO, BANCOS, etc. se retienen en calidad de comisi\u00f3n un porcentaje.<\/p>\n<p>Los bancos cuando remiten los res\u00famenes de cobranza emiten tambi\u00e9n en forma paralela la comisi\u00f3n cobrada con los impuestos que corresponden.<\/p>\n<p>En UNIRE existe un lugar <img loading=\"lazy\" decoding=\"async\" width=\"136\" height=\"34\" class=\"alignnone wp-image-2593 size-full\" src=\"http:\/\/uniremunicipios.com.ar\/manual\/wp-content\/uploads\/2021\/08\/Pasted-into-Comisiones-Bancarias-yo-Entidades-Recaudadoras-1.png\" \/>\u00a0donde se registran estos importes.<\/p>\n<p>Entidades como PAGO FACIL, COBRO EXPRESS, no exhiben su comisi\u00f3n\u00a0 sino que directamente depositan descontando \u00e9stas del total cobrado. De esta manera es dif\u00edcil de controlar si los valores son exactos y m\u00e1s a\u00fan para las conciliaciones bancarias.<\/p>\n<p>Por este motivo se encuentra en el m\u00f3dulo de Bancos, en Tablas, Entidades recaudadoras, para completar el porcentaje que se ha fijado con la entidad para que en forma autom\u00e1tica quede registrado el valor que se descuenta.<\/p>\n<p><img loading=\"lazy\" decoding=\"async\" width=\"591\" height=\"135\" class=\"alignnone wp-image-2591 size-full\" src=\"http:\/\/uniremunicipios.com.ar\/manual\/wp-content\/uploads\/2021\/08\/Pasted-into-Comisiones-Bancarias-yo-Entidades-Recaudadoras.png\" srcset=\"https:\/\/uniremunicipios.com.ar\/manual\/wp-content\/uploads\/2021\/08\/Pasted-into-Comisiones-Bancarias-yo-Entidades-Recaudadoras.png 591w, https:\/\/uniremunicipios.com.ar\/manual\/wp-content\/uploads\/2021\/08\/Pasted-into-Comisiones-Bancarias-yo-Entidades-Recaudadoras-300x69.png 300w\" sizes=\"auto, (max-width: 591px) 100vw, 591px\" \/><\/p>\n<p>Recordar de registrar tambi\u00e9n la imputaci\u00f3n contable de esta comisi\u00f3n para que cuando el sistema realice el asiento autom\u00e1tico quede imputado correctamente.<\/p>\n<p>Recordar, que si se coloca el porcentaje que descuenta la entidad se realiza el descuento en forma autom\u00e1tica, sino se coloca este n\u00famero tendr\u00e1 que registrarlo en la bajada bancaria.<\/p>\n","protected":false},"excerpt":{"rendered":"<p>Las distintas entidades recaudadoras, como ser, PAGO FACIL, RAPIPAGO, BANCOS, etc. se retienen en calidad de comisi\u00f3n un porcentaje. Los bancos cuando remiten los res\u00famenes de cobranza emiten tambi\u00e9n en forma paralela la comisi\u00f3n cobrada con los impuestos que corresponden. En UNIRE existe un lugar \u00a0donde se registran estos importes. Entidades como PAGO FACIL, COBRO [&hellip;]<\/p>\n","protected":false},"author":4,"featured_media":0,"parent":194,"menu_order":0,"comment_status":"closed","ping_status":"closed","template":"","meta":{"footnotes":""},"class_list":["post-215","page","type-page","status-publish","hentry"],"_links":{"self":[{"href":"https:\/\/uniremunicipios.com.ar\/manual\/index.php?rest_route=\/wp\/v2\/pages\/215","targetHints":{"allow":["GET"]}}],"collection":[{"href":"https:\/\/uniremunicipios.com.ar\/manual\/index.php?rest_route=\/wp\/v2\/pages"}],"about":[{"href":"https:\/\/uniremunicipios.com.ar\/manual\/index.php?rest_route=\/wp\/v2\/types\/page"}],"author":[{"embeddable":true,"href":"https:\/\/uniremunicipios.com.ar\/manual\/index.php?rest_route=\/wp\/v2\/users\/4"}],"replies":[{"embeddable":true,"href":"https:\/\/uniremunicipios.com.ar\/manual\/index.php?rest_route=%2Fwp%2Fv2%2Fcomments&post=215"}],"version-history":[{"count":5,"href":"https:\/\/uniremunicipios.com.ar\/manual\/index.php?rest_route=\/wp\/v2\/pages\/215\/revisions"}],"predecessor-version":[{"id":2594,"href":"https:\/\/uniremunicipios.com.ar\/manual\/index.php?rest_route=\/wp\/v2\/pages\/215\/revisions\/2594"}],"up":[{"embeddable":true,"href":"https:\/\/uniremunicipios.com.ar\/manual\/index.php?rest_route=\/wp\/v2\/pages\/194"}],"wp:attachment":[{"href":"https:\/\/uniremunicipios.com.ar\/manual\/index.php?rest_route=%2Fwp%2Fv2%2Fmedia&parent=215"}],"curies":[{"name":"wp","href":"https:\/\/api.w.org\/{rel}","templated":true}]}}