{"id":219,"date":"2019-05-31T15:47:06","date_gmt":"2019-05-31T18:47:06","guid":{"rendered":"http:\/\/uniremunicipios.com.ar\/manual\/?page_id=219"},"modified":"2024-11-14T12:24:08","modified_gmt":"2024-11-14T15:24:08","slug":"comisiones-bancarias-por-cobranza","status":"publish","type":"page","link":"https:\/\/uniremunicipios.com.ar\/manual\/?page_id=219","title":{"rendered":"Comisiones Bancarias por Cobranza"},"content":{"rendered":"<p>Los bancos y entidades recaudadoras, para realizar la cobranza de los distintos impuestos, estipulan comisiones para cumplir con tal fin.<\/p>\n<p>Para ello, el sistema cuenta con un campo especial \u201ccomisi\u00f3n\u201d e \u201cIVA\u201d donde se vuelcan los importes correspondientes que descuenta la entidad cobradora en cada uno de los archivos recibidos.<\/p>\n<p><img decoding=\"async\" src=\"data:image\/png;base64,iVBORw0KGgoAAAANSUhEUgAAAOQAAABSCAYAAABExHjlAAAGwklEQVR4Ae2dwZLjNBCGE4qXIbUclsfgxvPssAc2e+NE8RzLjdtk3wAOUMvjDG4zHXq6ZMdSdzKK\/blqRlKr1ZI\/+Y80jifZf\/nrj6cdBwQg0AWBr7oYBYOAAARGAgiSCwECHRFAkB1NBkOBAILkGoBARwQQZEeTwVAggCC5BiDQEQEE2dFkMBQIfA2CbRH49Nvv2zrhVzzbdz++2\/3z959VI0CQVbjW4Xz6fFrHiXR8Fr\/+8nPT6BDkBLbDt9+9qBmeaHpRri1IvKkYpbqSrbbPOf\/H0+NcNXVBArUro3aHIJWESUtiKNlMk4vZKTFKQ18X7eviYHDolgA3dRZOjRfNwmZNbrfsq2mANLoaAVbIBrSygumh4vE2Ldt6m5f2tmzzpdhS72Oqn6RSpzGsvff8fr8\/D\/Hpqfx\/DlM+U\/ZzwMZM63azsbsXzRDkCxyXC\/7Ct2UVhLXZvES3ZZv3db5sfW1e\/OTQvv8r3cdvEZQVoS\/LWXibljXVM\/VltUdS4TwMsC7EcE6RuWDLWoc77C2TNU70EKlm4mp8w4MkwP8EPnyUV4VlP+IbPFghgwBbmqsoEVkLvddpc2muDm\/e7nYI8naTU9omtvSucRBlC73XazMK7gbds0IWIKtYbJW+Qvo6tVvfubxt79vaOonh6+fiqtDnfKhrJPDTMWX1W9I7gpygNCeGUp21lfIlm3Y9Vyc+tr5UnrKJnSOHwJcfvt8dhscOn4bH4fQGktyNFdtYJzeARLjBg5s6QYA03wCB9w\/nG3EiRjkk1ZtzmmaQYIXMoEiMJgLylode4BJA3wLRFUhtJZ+ptk0DudTIrnw2r+1KNq2rTBFkJTDccwmoCG1Ub\/Nl9Z2ya31mypY1kyaxIBAhwJY1Qo+2EEgmYLekNq\/dlGxaV5myZa0Ehvs2CbBl3ea8c9YdEhAx6qEPnmuq9qyUFTKLJHFWS0Dea9RjzA9b1JJNfSIpgozQo+3qCRwrz\/Ch0t+7I0hPhDIEngnIE1K1b\/ofgzd4EOQGLz\/5AKZr\/Q20Npz+scVrnx+CvDbhzuLLRxNy9EsAQfY7N1cZGSvjVbCmBeXh8jSUBIJAnACCjDMkAgTSCCDINJQEgkCcAIKMMyQCBNIIIMg0lASCQJwAgowzJAIE0gggyDSUBIJAnACCjDMkAgTSCCDINJQEgkCcAIKMMyQCBNIIIMg0lASCQJwAgowzJAIE0gggyDSUBIJAnACCjDMkAgTSCCDINJQEgkCcAP8PGWd4VxE+mQ9suquB3+Fg5Z\/Ba\/\/\/FEHe4URHh3z6fIqGoP0FAvIxKS3HKgSp342oqQfh7b7s\/aUsPvaIfrbKXJ+lupLNjieafzw9RkPQfoZA7cqooVYhSD2ZrLQkhpKtpr85Qfu6aF8148K3LwKruqkjF7ZczPbwF7eWvZ9tU8p70ZR8smy37CtrzMTJIcAK2cDRilnF421atvU2L93ass3rkKxN8j6m+kkqdepv7b3nS9\/96Mc85TNl9+1ry63bzdp+Sv6bEqS9aPUCr72IbQwBassay9ps3vvP1c35+nbiq31L\/l4OEZT9jkdflvPwNi1rqufqy2qPpMJ5GGBdiOGcInOxqi2rkBMYI8ghX7pw6+jme9vx1UxcjW\/+qDcc8cNHeVVY9iO+wWNTK6SwUrEGuYWaqygRWQjjTRtfmqvDm7e7HYIsz0npgp9aLafsPvJSP9\/OlzVOaYzel3I\/BEbB3WA4m1shlzBVsVhffYX0dWq3vnN52963tXUSw9fPxVWhz\/lQ10hAvkAnYfVb0vt+mPTKv1qXhMWnVwLy6Jw8qdPDgwH+RowvC0Nv07KmytmX1d6S6l1WeZHbPX+b1eJvUH7\/cH4h\/WbYxmqspeNY3U2dpSeOHwQWExhENopzaCDCl0NStWk6VgR\/sWUNAqR5OwF5y0MvcImib4HY1W7KZ8rePpqZlvY7H21em5RsWleZIshKYLjnElAR2qje5svqO2XX+sx08ZY12Clb1iBAmm+AAFvWDUwyp3g\/BOyW1Ob1DEo2ratM2bJWAsN9mwTYsm5z3jnrDgmIGPXQtzE0VXtWygqZRZI4qyVwMB97MuaHLWrJlgEAQWZQJMZqCRwrz+yh0t+7I0hPhDIEngn4RxmXgDkGb\/AgyCWUV+YjH8B0rb+BVobq\/Bjcrc4LQd6KdCf9yEcTcvRLAEH2OzdXGRkr41WwpgXlSZ00lASCQJwAgowzJAIE0gggyDSUBIJAnACCjDMkAgTSCCDINJQEgkCcAIKMMyQCBNIIIMg0lASCQJwAgowzJAIE0gggyDSUBIJAnMC\/fvL\/W+rvcxEAAAAASUVORK5CYII=\" \/><\/p>\n<p>Para el caso de bajada de cobranza manual, se completa en forma inmediata la comisi\u00f3n e IVA cobrada por la entidad y el procedimiento se mantiene.<\/p>\n<p>Para el caso de bajada de archivos electr\u00f3nicos, se realiza como siempre pero una vez realizada se deben MODIFICAR estos ingresos y agregar en la pantalla correspondiente la comisi\u00f3n e IVA para luego continuar con el proceso de pasado a TERMINADO.<\/p>\n<p>El \u00fanico requerimiento indispensable a completar para el funcionamiento de este modo es que se debe colocar la imputaci\u00f3n correspondiente en el m\u00f3dulo de BANCOS, TABLAS, CUENTAS BANCARIAS. En cada cuenta se coloca la imputaci\u00f3n en el campo COMISION, para que cuando se realice el asiento correspondiente a la cobranza registre correctamente esta imputaci\u00f3n; y, el registro bancario quede con el monto del dep\u00f3sito correcto<\/p>\n<p><img decoding=\"async\" src=\"data:image\/png;base64,iVBORw0KGgoAAAANSUhEUgAAATwAAABTCAYAAAAC0Ls9AAAHP0lEQVR4Ae2dUZIbNRCGbYrLJJU8JEfIHivFDXiicg54422dG4SHUOE4Cw31h05HWqtt2SONvqlaNGp197Q+rX80a5g5fvn86emQOF68enP4688\/miN+\/e33w\/uf3qdimpPjCAEIQCBB4IeEL64QgAAEpiaA4E29fBQPAQhkCCB4GVr4QgACUxNA8KZePoqHAAQyBBC8DC18IQCBqQkgeFMvH8VDAAIZAghehha+EIDA1AQQvKmXj+IhAIEMAQQvQwtfCEBgagII3tTLR\/EQgECGAIKXoYUvBCAwNQEEb+rlo3gIQCBDAMHL0MIXAhCYmsCPU1e\/cPH2FJrVDv\/UHXtqDwcEsgQQvCyxgfxPH08DVXPbUj788vN3F8g8puy7YAxLEtit4L18\/fabBf3nuX\/f9LMdy1fLURor2bLXbPF\/PD22uE3vg7hNv4RDTGCXglcSm5ItswI1sbMccezaa2XqwhcCEGgnsMyXFlGU2hHlPe95rXx1REBgXQLLCJ5fYtuB6Ud29a21Q30\/7s\/lJ984VhqPORUTc3h79vx4PB7042Nls9YfNbt8Wv3P5VE+WghsSWCXt7TPATXR8Tsw35fd2\/y55fV9fx7HYt\/7+nPzs0PX\/q932T9NdJ6e\/n9FifpqlVV9tdHu+zq3tuZfs\/tYziEwAoEld3jXgDdhMsGyIyNSGd9r6iMWAhCoE1huh1dH0T4i0duziGnXZi0HBHoR0GZB+UqfodIdkPn7WB\/n7aW8fnwZwatBFKDWVnlWEL1WJnYb7YXR31a35sBv\/wT02fEzLdn8uM6jn+9L\/LytFrdLwZMYadLWCkock937Pnfu42OsH\/PXfC6fxkqLpbF7t9rdtV43+sd+ax781iMQP0P6HKitEYlxNb9o36Xg2SSfA1Ia87bSeckmmM+NlWrx\/qUcsm3Z+h0bArblSnDtngR2K3g9Ia2Wy9+SInarrf595ms7OB3aAPhdndlK\/RijfmuL4LWSmsCv9re0rL021V55avmxr0PAi1zrrBVj\/l4MW+PND8HL0JrA1+\/OfLlZu2JjXOzX\/GSnhUCGgN\/5ZeJafRG8VlL4QQACXQl4cavt2GRXe20BCN61BImHAASaCOjvcnKOfdlLbfT1t7clf9liHIInMrQQgMDNCUShUl9tLMDb\/Xn0s35t3Nv5X8tK5LBBAAK7JIDg7XJZmRQEIFAigOCVqGCDAAR2SQDB2+WyMikIQKBEgC8tSlQmsdmLbXjXwySLRZlDEEDwhliGfBH2ykIOCEAgRwDBy\/Eaxpud3eGw4rt5h\/kFnLQQBG\/ShVu97Id3D6sjYP4XEEDwLoBGyPYESi\/m3r4qKhidAN\/Sjr5C1AcBCHQjgOB1Q0kiCEBgdAII3ugrRH0QgEA3AgheN5QkggAERieA4I2+QtQHAQh0I4DgdUNJIghAYHQCCN7oK0R9EIBANwIIXjeUJIIABEYngOCNvkLUBwEIdCOA4HVDSSIIQGB0Agje6CtEfRCAQDcCCF43lCSCAARGJ4Dgjb5C1AcBCHQjwNNSuqG8b6IVnwVnDz3VcwBfvHpzX+BcbRcEELyJl\/H08TRx9bnSS4+DkvjlMuG9MgEE78LVf\/n67b8v\/lUb00R77Ef\/S\/uPp8dLQ6eKQ9ymWq5hi+VveMMuDYVBAAK9CSB4VxL98vnTwXZv\/oi7OfWjn4\/hHAIQuD0BBO\/2jJuu0EsMj8fjQT\/+wrJZ64+aXT6t\/ufyKB8tBLYkgODdmL52d3aZ0m5Ql7exaw8Tnaenp68\/EqusXXUo3vcz+RVHC4FRCCB4HVbCC5kXuA6pSQEBCHQkwLe0HWHWUvW6Xa3lv4Vdu8K4y7vFtci5DoH4WSjd2dQ2DT7Wx3m7SNbGETwRurLVLi+C9n1doragGp+ttdtcL4zW54BAJFD6vS\/ZYpz1o5\/v6zPmbcoRbdzSiszGrS3MKId2d631yF9\/3\/Pi15oDvzUJSKw0ewnUuc9DjFP8uRbBO0eoMl4CHm2xr1Qle8km\/y1aEy0Jl9ot6uCaEOhJgFvanjR3ksvfkprY+f5Opsg0Nibgd3D6l712d1aa2Up9la0Y9VtbBK+V1AR+Jkx+NyahytprU+2Vp5Yf+zoEJFhe+M7NXjHm58XwXJwfR\/A8jR2cS+TiVLJ2xce42K\/5yU4LgQyBjABm8soXwRMJWghA4K4EvLjVdmyyq722QATvWoLEQwACTQT0dzk5x77spTb6+tvbkr9sMQ7BExlaCEDg5gSiUKmvNhbg7f48+lm\/Nu7t\/GcpJXLYIACBXRJA8Ha5rEwKAhAoEUDwSlSwQQACuySA4O1yWZkUBCBQIsCXFiUqk9jsxTa862GSxaLMIQggeEMsQ74Ie2UhBwQgkCOA4OV4DePNzu5wWPHdvMP8Ak5aCII36cKtXvbDu4fVETD\/CwggeBdAI2R7AqUXc29fFRWMToBvaUdfIeqDAAS6EUDwuqEkEQQgMDqBvwHOFt+Nez0EjQAAAABJRU5ErkJggg==\" \/><\/p>\n<p>Cuando el operador se posicione sobre la cuenta bancaria, en tablas y presione el bot\u00f3n derecho del mouse podr\u00e1 ver no s\u00f3lo los datos referentes al banco sino tambi\u00e9n a la cuenta comisi\u00f3n que posee este banco.<\/p>\n","protected":false},"excerpt":{"rendered":"<p>Los bancos y entidades recaudadoras, para realizar la cobranza de los distintos impuestos, estipulan comisiones para cumplir con tal fin. Para ello, el sistema cuenta con un campo especial \u201ccomisi\u00f3n\u201d e \u201cIVA\u201d donde se vuelcan los importes correspondientes que descuenta la entidad cobradora en cada uno de los archivos recibidos. Para el caso de bajada [&hellip;]<\/p>\n","protected":false},"author":4,"featured_media":0,"parent":194,"menu_order":0,"comment_status":"closed","ping_status":"closed","template":"","meta":{"footnotes":""},"class_list":["post-219","page","type-page","status-publish","hentry"],"_links":{"self":[{"href":"https:\/\/uniremunicipios.com.ar\/manual\/index.php?rest_route=\/wp\/v2\/pages\/219","targetHints":{"allow":["GET"]}}],"collection":[{"href":"https:\/\/uniremunicipios.com.ar\/manual\/index.php?rest_route=\/wp\/v2\/pages"}],"about":[{"href":"https:\/\/uniremunicipios.com.ar\/manual\/index.php?rest_route=\/wp\/v2\/types\/page"}],"author":[{"embeddable":true,"href":"https:\/\/uniremunicipios.com.ar\/manual\/index.php?rest_route=\/wp\/v2\/users\/4"}],"replies":[{"embeddable":true,"href":"https:\/\/uniremunicipios.com.ar\/manual\/index.php?rest_route=%2Fwp%2Fv2%2Fcomments&post=219"}],"version-history":[{"count":5,"href":"https:\/\/uniremunicipios.com.ar\/manual\/index.php?rest_route=\/wp\/v2\/pages\/219\/revisions"}],"predecessor-version":[{"id":5442,"href":"https:\/\/uniremunicipios.com.ar\/manual\/index.php?rest_route=\/wp\/v2\/pages\/219\/revisions\/5442"}],"up":[{"embeddable":true,"href":"https:\/\/uniremunicipios.com.ar\/manual\/index.php?rest_route=\/wp\/v2\/pages\/194"}],"wp:attachment":[{"href":"https:\/\/uniremunicipios.com.ar\/manual\/index.php?rest_route=%2Fwp%2Fv2%2Fmedia&parent=219"}],"curies":[{"name":"wp","href":"https:\/\/api.w.org\/{rel}","templated":true}]}}