{"id":223,"date":"2019-05-31T15:51:38","date_gmt":"2019-05-31T18:51:38","guid":{"rendered":"http:\/\/uniremunicipios.com.ar\/manual\/?page_id=223"},"modified":"2024-12-20T11:51:18","modified_gmt":"2024-12-20T14:51:18","slug":"conciliacion-de-cuentas-bancarias-importacion","status":"publish","type":"page","link":"https:\/\/uniremunicipios.com.ar\/manual\/?page_id=223","title":{"rendered":"Conciliacion de Cuentas Bancarias"},"content":{"rendered":"<h3>CONCILIACIONES<\/h3>\n<p class=\"MsoNormal\" style=\"text-align: justify; line-height: 150%;\"><span lang=\"ES-AR\">Primero, para poder realizar conciliaciones, se deben descargar los MOVIMIENTOS HISTORICOS desde la p\u00e1gina de cada banco.<\/span><\/p>\n<p class=\"MsoNormal\" style=\"text-align: justify; line-height: 150%;\"><span lang=\"ES-AR\">Para el Banco Santa Fe, esto \u00faltimo se debe buscar dentro de la cuenta del banco, en la parte de OPERACIONES RELACIONADAS, MOVIMIENTOS HISTORICOS, selecciono el rango de fecha que deseo que contemple y presiono en BUSCAR. En este detalle habr\u00e1 un bot\u00f3n que diga Archivo con formato CSV (o puede ser TXT tambi\u00e9n).<\/span><\/p>\n<p class=\"MsoNormal\" style=\"text-align: justify; line-height: 150%;\"><span lang=\"ES-AR\">Una vez descargado este archivo, ingreso al MODULO BANCOS.<\/span><\/p>\n<p class=\"MsoNormal\" style=\"line-height: 150%;\"><span lang=\"ES-AR\">Dirigirse a BANCOS, CONCILIACIONES BANCARIAS, IMPORTACION ARCHIVO DE BANCOS PARA CONCILIACION (para poder traer el archivo descargado desde el banco a UNIRE), selecciono la cuenta de banco que corresponda, elijo el archivo y presiono ABRIR.<\/span><\/p>\n<p class=\"MsoNormal\" style=\"line-height: 150%;\"><span lang=\"ES-AR\">Para llegar a conciliar, vuelvo a BANCOS, CONCILIACIONES BANCARIAS, CONCILIACION, selecciono la cuenta bancaria y el rango de fecha que correspondan. <\/span><\/p>\n<p class=\"MsoNormal\" style=\"margin-left: -1.0cm; line-height: 150%;\"><span lang=\"ES-AR\"><span style=\"mso-spacerun: yes;\"> <img loading=\"lazy\" decoding=\"async\" class=\"wp-image-4923 aligncenter\" src=\"http:\/\/uniremunicipios.com.ar\/manual\/wp-content\/uploads\/2024\/10\/image-27.png\" alt=\"\" width=\"678\" height=\"512\" srcset=\"https:\/\/uniremunicipios.com.ar\/manual\/wp-content\/uploads\/2024\/10\/image-27.png 1016w, https:\/\/uniremunicipios.com.ar\/manual\/wp-content\/uploads\/2024\/10\/image-27-300x226.png 300w, https:\/\/uniremunicipios.com.ar\/manual\/wp-content\/uploads\/2024\/10\/image-27-768x580.png 768w\" sizes=\"auto, (max-width: 678px) 100vw, 678px\" \/><\/span><\/span><\/p>\n<p class=\"MsoNormal\" style=\"line-height: 150%;\"><span lang=\"ES-AR\">Para que el sistema concilie autom\u00e1ticamente, presionar CONCILIO POR IMPORTE, buscar\u00e1 importes de \u201cContabilizaciones (Mayor)\u201d que coincidan con \u201cExtracto bancario\u201d y preguntar\u00e1 si concilia, si se controla y ve que se refiere a lo mismo, colocar SI y seguir\u00e1 buscando conciliaciones.<\/span><\/p>\n<p class=\"MsoNormal\" style=\"line-height: 150%;\"><span lang=\"ES-AR\">Para conciliar de forma manual, hacer doble click sobre un importe de \u201cContabilizaciones (Mayor)\u201d y otro de \u201cExtracto bancario\u201d, y presiono sobre CONCILIA SELECCI\u00d3N. As\u00ed mismo cuando la sumatoria de 2 o m\u00e1s movimientos de &#8220;Contabilizaciones (Mayor)&#8221; equivale a un importe del otro, selecciono todos los movimientos involucrados y concilio.<\/span><\/p>\n<p class=\"MsoNormal\" style=\"line-height: 150%;\"><span lang=\"ES-AR\">Lo escrito en \u201cObservaci\u00f3n sobre la Conciliaci\u00f3n (Alerta)\u201d quedar\u00e1 guardado una vez que se realice la conciliaci\u00f3n, y se ver\u00e1 registrado cuando vaya a consultar la misma.<\/span><\/p>\n<p class=\"MsoNormal\" style=\"line-height: 150%;\"><span lang=\"ES-AR\">\u00a0<\/span><span lang=\"ES-AR\">Para eliminar alguno o todos los movimientos del banco, me posiciono sobre uno de los montos de \u201cExtracto bancario\u201d, click derecho y aparecen las siguientes opciones.<\/span><\/p>\n<p class=\"MsoNormal\" style=\"line-height: 150%;\"><img loading=\"lazy\" decoding=\"async\" class=\"wp-image-4924 aligncenter\" src=\"http:\/\/uniremunicipios.com.ar\/manual\/wp-content\/uploads\/2024\/10\/image-28.png\" alt=\"\" width=\"537\" height=\"163\" srcset=\"https:\/\/uniremunicipios.com.ar\/manual\/wp-content\/uploads\/2024\/10\/image-28.png 816w, https:\/\/uniremunicipios.com.ar\/manual\/wp-content\/uploads\/2024\/10\/image-28-300x91.png 300w, https:\/\/uniremunicipios.com.ar\/manual\/wp-content\/uploads\/2024\/10\/image-28-768x232.png 768w\" sizes=\"auto, (max-width: 537px) 100vw, 537px\" \/><\/p>\n<p class=\"MsoNormal\" style=\"line-height: 150%;\"><span lang=\"ES-AR\">Seleccionar la que corresponda y apretar OK.<\/span><\/p>\n<p class=\"MsoNormal\" style=\"line-height: 150%;\"><span lang=\"ES-AR\">Si quiero consultar las conciliaciones realizadas puedo presionar <img loading=\"lazy\" decoding=\"async\" class=\"wp-image-5706 alignnone size-medium\" src=\"http:\/\/uniremunicipios.com.ar\/manual\/wp-content\/uploads\/2024\/12\/image-53.png\" alt=\"\" width=\"54\" height=\"38\" \/>. Tambi\u00e9n es posible desde BANCOS, CONCILIACIONES BANCARIAS, CONSULTA DE CONCILIACIONES REALIZADAS.<\/span><\/p>\n<p class=\"MsoNormal\" style=\"line-height: 150%;\"><span lang=\"ES-AR\">Si hubo un error y quiero eliminar una conciliaci\u00f3n, me posiciono sobre la misma y presiono<span style=\"mso-spacerun: yes;\"> <img loading=\"lazy\" decoding=\"async\" class=\"wp-image-4925 alignnone \" src=\"http:\/\/uniremunicipios.com.ar\/manual\/wp-content\/uploads\/2024\/10\/image-29.png\" alt=\"\" width=\"57\" height=\"46\" \/> <\/span>. As\u00ed volver\u00e1 a conciliaciones para poder ser procesada nuevamente.<\/span><\/p>\n<h3>DATOS DE LA CONCILIACION<\/h3>\n<p><iframe loading=\"lazy\" title=\"Bancos - Reporte de Conciliaci\u00f3n\" width=\"500\" height=\"281\" src=\"https:\/\/www.youtube.com\/embed\/E6yuguj5DW0?feature=oembed\" frameborder=\"0\" allow=\"accelerometer; autoplay; clipboard-write; encrypted-media; gyroscope; picture-in-picture; web-share\" referrerpolicy=\"strict-origin-when-cross-origin\" allowfullscreen><\/iframe><\/p>\n<p>&nbsp;<\/p>\n","protected":false},"excerpt":{"rendered":"<p>CONCILIACIONES Primero, para poder realizar conciliaciones, se deben descargar los MOVIMIENTOS HISTORICOS desde la p\u00e1gina de cada banco. Para el Banco Santa Fe, esto \u00faltimo se debe buscar dentro de la cuenta del banco, en la parte de OPERACIONES RELACIONADAS, MOVIMIENTOS HISTORICOS, selecciono el rango de fecha que deseo que contemple y presiono en BUSCAR. [&hellip;]<\/p>\n","protected":false},"author":4,"featured_media":0,"parent":194,"menu_order":0,"comment_status":"closed","ping_status":"closed","template":"","meta":{"footnotes":""},"class_list":["post-223","page","type-page","status-publish","hentry"],"_links":{"self":[{"href":"https:\/\/uniremunicipios.com.ar\/manual\/index.php?rest_route=\/wp\/v2\/pages\/223","targetHints":{"allow":["GET"]}}],"collection":[{"href":"https:\/\/uniremunicipios.com.ar\/manual\/index.php?rest_route=\/wp\/v2\/pages"}],"about":[{"href":"https:\/\/uniremunicipios.com.ar\/manual\/index.php?rest_route=\/wp\/v2\/types\/page"}],"author":[{"embeddable":true,"href":"https:\/\/uniremunicipios.com.ar\/manual\/index.php?rest_route=\/wp\/v2\/users\/4"}],"replies":[{"embeddable":true,"href":"https:\/\/uniremunicipios.com.ar\/manual\/index.php?rest_route=%2Fwp%2Fv2%2Fcomments&post=223"}],"version-history":[{"count":13,"href":"https:\/\/uniremunicipios.com.ar\/manual\/index.php?rest_route=\/wp\/v2\/pages\/223\/revisions"}],"predecessor-version":[{"id":5708,"href":"https:\/\/uniremunicipios.com.ar\/manual\/index.php?rest_route=\/wp\/v2\/pages\/223\/revisions\/5708"}],"up":[{"embeddable":true,"href":"https:\/\/uniremunicipios.com.ar\/manual\/index.php?rest_route=\/wp\/v2\/pages\/194"}],"wp:attachment":[{"href":"https:\/\/uniremunicipios.com.ar\/manual\/index.php?rest_route=%2Fwp%2Fv2%2Fmedia&parent=223"}],"curies":[{"name":"wp","href":"https:\/\/api.w.org\/{rel}","templated":true}]}}