{"id":2485,"date":"2021-06-09T08:58:10","date_gmt":"2021-06-09T11:58:10","guid":{"rendered":"http:\/\/uniremunicipios.com.ar\/manual\/?page_id=2485"},"modified":"2021-06-09T09:05:20","modified_gmt":"2021-06-09T12:05:20","slug":"si-no-se-realizo-el-backup-automatico","status":"publish","type":"page","link":"https:\/\/uniremunicipios.com.ar\/manual\/?page_id=2485","title":{"rendered":"Si no se realiz\u00f3 el Backup automatico"},"content":{"rendered":"<p>Puede pasar que por alg\u00fan motivo UNIRE PROCESOS AUTOMATICOS no se encuentre funcionando.<\/p>\n<p>En dicho caso no se realizar\u00e1 el BACKUP AUTOMATICO.<\/p>\n<p>Si detectamos esa anomal\u00eda podemos hacer un backup en caliente, en cualquier horario, pero teniendo en cuenta que puede poner lento el sistema Unire.<\/p>\n<p>Primero debemos levantar el UNIRE PROCESOS AUTOMATICOS. Lo encontraremos en la carpeta: C:\\PSPUESTO\\LNK-BDD con el nombre de Unire ARRANQUE. Le hacemos doble clic y tiene que abrir la siguiente pantalla<\/p>\n<p><img loading=\"lazy\" decoding=\"async\" width=\"660\" height=\"532\" class=\"alignnone wp-image-2486 size-full\" src=\"http:\/\/uniremunicipios.com.ar\/manual\/wp-content\/uploads\/2021\/06\/Pasted-into-Si-no-se-realizo-el-Backup-automatico.png\" srcset=\"https:\/\/uniremunicipios.com.ar\/manual\/wp-content\/uploads\/2021\/06\/Pasted-into-Si-no-se-realizo-el-Backup-automatico.png 660w, https:\/\/uniremunicipios.com.ar\/manual\/wp-content\/uploads\/2021\/06\/Pasted-into-Si-no-se-realizo-el-Backup-automatico-300x242.png 300w\" sizes=\"auto, (max-width: 660px) 100vw, 660px\" \/><\/p>\n<p>El bot\u00f3n <span style=\"color: #ff0000;\"><strong>1<\/strong><\/span> hace el backup en caliente. Podemos verificar que se est\u00e1 haciendo con el bot\u00f3n <span style=\"color: #ff0000;\"><strong>4<\/strong><\/span>, donde la fecha y hora de los archivos se ir\u00e1 actualizando a medida que se realiza la copia. Nos daremos cuenta de que ha terminado cuando veamos que se ha actualizado el archivo, TVOTANTE.<\/p>\n<p>Este proceso puede demorar dependiendo de la cantidad de informaci\u00f3n que tenga la base de datos.<\/p>\n<p>Cuando verifiquemos que ha terminado, podemos pulsar el bot\u00f3n <span style=\"color: #ff0000;\"><strong>2<\/strong><\/span> que crea un archivo comprimido .RAR de los datos copiados en el paso anterior y lo ubica en n:\\ps-backup. El bot\u00f3n<span style=\"color: #ff0000;\"><strong> 5<\/strong><\/span> nos permite verificar si se cre\u00f3 correctamente.<\/p>\n<p>El bot\u00f3n <strong><span style=\"color: #ff0000;\">3<\/span><\/strong> copiar\u00e1 el archivo .RAR a la carpeta Dropbox o Mega correspondiente. Y el bot\u00f3n <span style=\"color: #ff0000;\"><strong>6<\/strong><\/span> nos permite verificar que se haya copiado.<\/p>\n<h4><\/h4>\n","protected":false},"excerpt":{"rendered":"<p>Puede pasar que por alg\u00fan motivo UNIRE PROCESOS AUTOMATICOS no se encuentre funcionando. En dicho caso no se realizar\u00e1 el BACKUP AUTOMATICO. Si detectamos esa anomal\u00eda podemos hacer un backup en caliente, en cualquier horario, pero teniendo en cuenta que puede poner lento el sistema Unire. Primero debemos levantar el UNIRE PROCESOS AUTOMATICOS. Lo encontraremos [&hellip;]<\/p>\n","protected":false},"author":2,"featured_media":0,"parent":1703,"menu_order":0,"comment_status":"closed","ping_status":"closed","template":"","meta":{"footnotes":""},"class_list":["post-2485","page","type-page","status-publish","hentry"],"_links":{"self":[{"href":"https:\/\/uniremunicipios.com.ar\/manual\/index.php?rest_route=\/wp\/v2\/pages\/2485","targetHints":{"allow":["GET"]}}],"collection":[{"href":"https:\/\/uniremunicipios.com.ar\/manual\/index.php?rest_route=\/wp\/v2\/pages"}],"about":[{"href":"https:\/\/uniremunicipios.com.ar\/manual\/index.php?rest_route=\/wp\/v2\/types\/page"}],"author":[{"embeddable":true,"href":"https:\/\/uniremunicipios.com.ar\/manual\/index.php?rest_route=\/wp\/v2\/users\/2"}],"replies":[{"embeddable":true,"href":"https:\/\/uniremunicipios.com.ar\/manual\/index.php?rest_route=%2Fwp%2Fv2%2Fcomments&post=2485"}],"version-history":[{"count":2,"href":"https:\/\/uniremunicipios.com.ar\/manual\/index.php?rest_route=\/wp\/v2\/pages\/2485\/revisions"}],"predecessor-version":[{"id":2489,"href":"https:\/\/uniremunicipios.com.ar\/manual\/index.php?rest_route=\/wp\/v2\/pages\/2485\/revisions\/2489"}],"up":[{"embeddable":true,"href":"https:\/\/uniremunicipios.com.ar\/manual\/index.php?rest_route=\/wp\/v2\/pages\/1703"}],"wp:attachment":[{"href":"https:\/\/uniremunicipios.com.ar\/manual\/index.php?rest_route=%2Fwp%2Fv2%2Fmedia&parent=2485"}],"curies":[{"name":"wp","href":"https:\/\/api.w.org\/{rel}","templated":true}]}}