{"id":2972,"date":"2021-08-23T15:06:33","date_gmt":"2021-08-23T18:06:33","guid":{"rendered":"http:\/\/uniremunicipios.com.ar\/manual\/?page_id=2972"},"modified":"2025-06-10T12:30:33","modified_gmt":"2025-06-10T15:30:33","slug":"carga-en-obra-social","status":"publish","type":"page","link":"https:\/\/uniremunicipios.com.ar\/manual\/?page_id=2972","title":{"rendered":"RRHH: carga % obra social empleados"},"content":{"rendered":"<p><img loading=\"lazy\" decoding=\"async\" width=\"389\" height=\"154\" class=\"alignnone wp-image-2973 size-full\" src=\"http:\/\/uniremunicipios.com.ar\/manual\/wp-content\/uploads\/2021\/08\/Pasted-into-carga-en-obra-social-y-sindicato.png\" srcset=\"https:\/\/uniremunicipios.com.ar\/manual\/wp-content\/uploads\/2021\/08\/Pasted-into-carga-en-obra-social-y-sindicato.png 389w, https:\/\/uniremunicipios.com.ar\/manual\/wp-content\/uploads\/2021\/08\/Pasted-into-carga-en-obra-social-y-sindicato-300x119.png 300w\" sizes=\"auto, (max-width: 389px) 100vw, 389px\" \/><\/p>\n<p>en la solapa de RRHH de empleados cargamos el porcentaje que corresponda a la obra social, este porcentaje queda grabado en cada empleado con la variable 92 (\u00a0 VA[92] ) y es utilizado para definir la f\u00f3rmula del concepto de la obra social<\/p>\n<p><img loading=\"lazy\" decoding=\"async\" width=\"375\" height=\"456\" class=\"alignnone wp-image-2974 size-full\" src=\"http:\/\/uniremunicipios.com.ar\/manual\/wp-content\/uploads\/2021\/08\/Pasted-into-carga-en-obra-social-y-sindicato-1.png\" srcset=\"https:\/\/uniremunicipios.com.ar\/manual\/wp-content\/uploads\/2021\/08\/Pasted-into-carga-en-obra-social-y-sindicato-1.png 375w, https:\/\/uniremunicipios.com.ar\/manual\/wp-content\/uploads\/2021\/08\/Pasted-into-carga-en-obra-social-y-sindicato-1-247x300.png 247w\" sizes=\"auto, (max-width: 375px) 100vw, 375px\" \/><\/p>\n<p>All\u00ed se cambiar\u00e1, el porcentaje seg\u00fan informe la obra social.<\/p>\n<p>&nbsp;<\/p>\n","protected":false},"excerpt":{"rendered":"<p>en la solapa de RRHH de empleados cargamos el porcentaje que corresponda a la obra social, este porcentaje queda grabado en cada empleado con la variable 92 (\u00a0 VA[92] ) y es utilizado para definir la f\u00f3rmula del concepto de la obra social All\u00ed se cambiar\u00e1, el porcentaje seg\u00fan informe la obra social. &nbsp;<\/p>\n","protected":false},"author":3,"featured_media":0,"parent":28,"menu_order":0,"comment_status":"closed","ping_status":"closed","template":"","meta":{"footnotes":""},"class_list":["post-2972","page","type-page","status-publish","hentry"],"_links":{"self":[{"href":"https:\/\/uniremunicipios.com.ar\/manual\/index.php?rest_route=\/wp\/v2\/pages\/2972","targetHints":{"allow":["GET"]}}],"collection":[{"href":"https:\/\/uniremunicipios.com.ar\/manual\/index.php?rest_route=\/wp\/v2\/pages"}],"about":[{"href":"https:\/\/uniremunicipios.com.ar\/manual\/index.php?rest_route=\/wp\/v2\/types\/page"}],"author":[{"embeddable":true,"href":"https:\/\/uniremunicipios.com.ar\/manual\/index.php?rest_route=\/wp\/v2\/users\/3"}],"replies":[{"embeddable":true,"href":"https:\/\/uniremunicipios.com.ar\/manual\/index.php?rest_route=%2Fwp%2Fv2%2Fcomments&post=2972"}],"version-history":[{"count":3,"href":"https:\/\/uniremunicipios.com.ar\/manual\/index.php?rest_route=\/wp\/v2\/pages\/2972\/revisions"}],"predecessor-version":[{"id":6051,"href":"https:\/\/uniremunicipios.com.ar\/manual\/index.php?rest_route=\/wp\/v2\/pages\/2972\/revisions\/6051"}],"up":[{"embeddable":true,"href":"https:\/\/uniremunicipios.com.ar\/manual\/index.php?rest_route=\/wp\/v2\/pages\/28"}],"wp:attachment":[{"href":"https:\/\/uniremunicipios.com.ar\/manual\/index.php?rest_route=%2Fwp%2Fv2%2Fmedia&parent=2972"}],"curies":[{"name":"wp","href":"https:\/\/api.w.org\/{rel}","templated":true}]}}

<p><img loading="lazy" decoding="async" width="389" height="154" class="alignnone wp-image-2973 size-full" src="http://uniremunicipios.com.ar/manual/wp-content/uploads/2021/08/Pasted-into-carga-en-obra-social-y-sindicato.png" srcset="https://uniremunicipios.com.ar/manual/wp-content/uploads/2021/08/Pasted-into-carga-en-obra-social-y-sindicato.png 389w, https://uniremunicipios.com.ar/manual/wp-content/uploads/2021/08/Pasted-into-carga-en-obra-social-y-sindicato-300x119.png 300w" sizes="auto, (max-width: 389px) 100vw, 389px" /></p>
<p>en la solapa de RRHH de empleados cargamos el porcentaje que corresponda a la obra social, este porcentaje queda grabado en cada empleado con la variable 92 (  VA[92] ) y es utilizado para definir la fórmula del concepto de la obra social</p>
<p><img loading="lazy" decoding="async" width="375" height="456" class="alignnone wp-image-2974 size-full" src="http://uniremunicipios.com.ar/manual/wp-content/uploads/2021/08/Pasted-into-carga-en-obra-social-y-sindicato-1.png" srcset="https://uniremunicipios.com.ar/manual/wp-content/uploads/2021/08/Pasted-into-carga-en-obra-social-y-sindicato-1.png 375w, https://uniremunicipios.com.ar/manual/wp-content/uploads/2021/08/Pasted-into-carga-en-obra-social-y-sindicato-1-247x300.png 247w" sizes="auto, (max-width: 375px) 100vw, 375px" /></p>
<p>Allí se cambiará, el porcentaje según informe la obra social.</p>
<p>&nbsp;</p>

<p>en la solapa de RRHH de empleados cargamos el porcentaje que corresponda a la obra social, este porcentaje queda grabado en cada empleado con la variable 92 (  VA[92] ) y es utilizado para definir la fórmula del concepto de la obra social Allí se cambiará, el porcentaje según informe la obra social. &nbsp;</p>
