{"id":322,"date":"2019-06-06T17:53:45","date_gmt":"2019-06-06T20:53:45","guid":{"rendered":"http:\/\/uniremunicipios.com.ar\/manual\/?page_id=322"},"modified":"2025-10-16T14:17:04","modified_gmt":"2025-10-16T17:17:04","slug":"api-comercios","status":"publish","type":"page","link":"https:\/\/uniremunicipios.com.ar\/manual\/?page_id=322","title":{"rendered":"API Comercios"},"content":{"rendered":"<p class=\"MsoNormal\" style=\"text-align: justify; line-height: 150%;\"><span style=\"font-size: 12.0pt;\">Para controlar y cruzar informaci\u00f3n con el API, y verificar lo que los contribuyentes han declarado en el DReI, se debe bajar la informaci\u00f3n que la provincia pone a disposici\u00f3n de los municipios y comunas, y guardarla en una carpeta espec\u00edfica.<\/span><\/p>\n<p class=\"MsoNormal\" style=\"text-align: justify; line-height: 150%;\"><span style=\"font-size: 12.0pt;\">(Es necesario controlar que sea un archivo txt y que no tenga una marca de fin de archivo)<\/span><\/p>\n<p class=\"MsoNormal\" style=\"text-align: justify; line-height: 150%;\"><span style=\"font-size: 12.0pt;\">Como recordatorio, el per\u00edodo a importar debe estar registrado en UNIRE.<\/span><\/p>\n<p class=\"MsoNormal\" style=\"text-align: justify; line-height: 150%;\"><span lang=\"ES-AR\" style=\"font-size: 12.0pt;\"><img loading=\"lazy\" decoding=\"async\" class=\"wp-image-4444 size-medium aligncenter\" src=\"http:\/\/uniremunicipios.com.ar\/manual\/wp-content\/uploads\/2024\/08\/image-21.png\" alt=\"\" width=\"169\" height=\"102\" \/><\/span><\/p>\n<p class=\"MsoNormal\" style=\"text-align: justify; line-height: 150%;\"><span lang=\"ES-AR\" style=\"font-size: 12.0pt;\">Se presiona importaci\u00f3n DJ-API y el sistema registrar\u00e1 en el CALENDARIO de la siguiente manera:<\/span><\/p>\n<p class=\"MsoNormal\" style=\"line-height: 150%;\"><img loading=\"lazy\" decoding=\"async\" class=\"wp-image-4446 aligncenter size-medium\" src=\"http:\/\/uniremunicipios.com.ar\/manual\/wp-content\/uploads\/2024\/08\/image-22.png\" alt=\"\" width=\"300\" height=\"29\" srcset=\"https:\/\/uniremunicipios.com.ar\/manual\/wp-content\/uploads\/2024\/08\/image-22.png 466w, https:\/\/uniremunicipios.com.ar\/manual\/wp-content\/uploads\/2024\/08\/image-22-300x29.png 300w\" sizes=\"auto, (max-width: 300px) 100vw, 300px\" \/><\/p>\n<p class=\"MsoNormal\" style=\"line-height: 150%;\"><!-- [if gte vml 1]><v:shapetype id=\"_x0000_t32\" coordsize=\"21600,21600\" o:spt=\"32\" o:oned=\"t\" path=\"m,l21600,21600e\" filled=\"f\">\n<v:path arrowok=\"t\" fillok=\"f\" o:connecttype=\"none\"\/>\n<o:lock v:ext=\"edit\" shapetype=\"t\"\/>\n<\/v:shapetype><v:shape id=\"_x0037__x0020_Conector_x0020_recto_x0020_de_x0020_flecha\" o:spid=\"_x0000_s1026\" type=\"#_x0000_t32\" style='position:absolute; margin-left:83.7pt;margin-top:9.9pt;width:47.25pt;height:3.6pt;flip:x; z-index:251646976;visibility:visible;mso-wrap-style:square; mso-width-percent:0;mso-height-percent:0;mso-wrap-distance-left:9pt; mso-wrap-distance-top:0;mso-wrap-distance-right:9pt; mso-wrap-distance-bottom:0;mso-position-horizontal:absolute; mso-position-horizontal-relative:text;mso-position-vertical:absolute; mso-position-vertical-relative:text;mso-width-percent:0;mso-height-percent:0; mso-width-relative:margin;mso-height-relative:margin' o:gfxdata=\"UEsDBBQABgAIAAAAIQC75UiUBQEAAB4CAAATAAAAW0NvbnRlbnRfVHlwZXNdLnhtbKSRvU7DMBSF dyTewfKKEqcMCKEmHfgZgaE8wMW+SSwc27JvS\/v23KTJgkoXFsu+P+c7Ol5vDoMTe0zZBl\/LVVlJ gV4HY31Xy4\/tS3EvRSbwBlzwWMsjZrlprq\/W22PELHjb51r2RPFBqax7HCCXIaLnThvSAMTP1KkI +gs6VLdVdad08ISeCho1ZLN+whZ2jsTzgcsnJwldluLxNDiyagkxOquB2Knae\/OLUsyEkjenmdzb mG\/YhlRnCWPnb8C898bRJGtQvEOiVxjYhtLOxs8AySiT4JuDystlVV4WPeM6tK3VaILeDZxIOSsu ti\/jidNGNZ3\/J08yC1dNv9v8AAAA\/\/8DAFBLAwQUAAYACAAAACEArTA\/8cEAAAAyAQAACwAAAF9y ZWxzLy5yZWxzhI\/NCsIwEITvgu8Q9m7TehCRpr2I4FX0AdZk2wbbJGTj39ubi6AgeJtl2G9m6vYx jeJGka13CqqiBEFOe2Ndr+B03C3WIDihMzh6RwqexNA281l9oBFTfuLBBhaZ4ljBkFLYSMl6oAm5 8IFcdjofJ0z5jL0MqC\/Yk1yW5UrGTwY0X0yxNwri3lQgjs+Qk\/+zfddZTVuvrxO59CNCmoj3vCwj MfaUFOjRhrPHaN4Wv0VV5OYgm1p+LW1eAAAA\/\/8DAFBLAwQUAAYACAAAACEAS63cYdwBAACJBAAA HwAAAGNsaXBib2FyZC9kcmF3aW5ncy9kcmF3aW5nMS54bWykVE1v3CAQvVfqf0DcG7PWftWKN4dt mh6qNmraHzDCYKNisIA63n\/fYWG9q1WVSM3FgGfem\/fGg2\/vpl6TUTivrKnp4oZRIgy3jTJtTX\/9 \/PxhS4kPYBrQ1oiaHoSnd7v3726hah0MneIEGYyvoKZdCENVFJ53ogd\/YwdhMCat6yHg0bVF4+AZ mXtdlIytix6Uobsz1ScIQP449R9U2vLfotmDGcEjpebV5ZusUfO3M0Nlxgc3PA2PLirn38ZHR1RT U+ycgR5bRIscyGl4LK5Q7Zlgkq6P+VZKMtW0XCzL5UfkOtR0tS63jK0Sn5gC4ZiwZoxtVpRwTFiu 2DaHeff9FQLe3b9EgRKTFNxcyOOTeRqiPjPu4\/ba9ebkekP2OCA8WEdcXEgjiNSCdzD3IxOc+nHB 5zNvVIAoNXzBWTxOxpvaMnuCanA+PAjbk7ipqQ8OVNsF1JxEp2owfvUh6TsBondt4jOA0vemIeEw 4FcG5+xztIZFYhyXkwsfDlok3A8hcTjidz26OV4NsdeOjKCRg3NhQjmzYHaESaX1DGSvA3N+hAop sfkzOLl6seqMOFa25gzulbHuX9XDtMiSZcpP7pNr7EOemeLqEh6z8k8j3vTL8+4vAAAA\/\/8DAFBL AwQUAAYACAAAACEAnE5eIeIGAAA6HAAAGgAAAGNsaXBib2FyZC90aGVtZS90aGVtZTEueG1s7FlP bxtFFL8j8R1Ge2\/j\/42jOlXs2A20aaPYLepxvB7vTjO7s5oZJ\/UNtUckJERBHKjEjQMCKrUSl\/Jp AkVQpH4F3szsrnfiNUnbCCpoDvHu29+8\/+\/Nm93LV+5FDB0SISmPO171YsVDJPb5hMZBx7s1GlxY 95BUOJ5gxmPS8eZEelc233\/vMt7wGU3GHIvJKCQRQcAolhu444VKJRtra9IHMpYXeUJieDblIsIK bkWwNhH4CAREbK1WqbTWIkxjbxM4Ks2oz+BfrKQm+EwMNRuCYhyB9JvTKfWJwU4Oqhoh57LHBDrE rOMBzwk\/GpF7ykMMSwUPOl7F\/Hlrm5fX8Ea6iKkVawvrBuYvXZcumBzUjEwRjHOh1UGjfWk7528A TC3j+v1+r1\/N+RkA9n2w1OpS5NkYrFe7Gc8CyF4u8+5VmpWGiy\/wry\/p3O52u812qotlakD2srGE X6+0Gls1B29AFt9cwje6W71ey8EbkMW3lvCDS+1Ww8UbUMhofLCE1gEdDFLuOWTK2U4pfB3g65UU vkBBNuTZpUVMeaxW5VqE73IxAIAGMqxojNQ8IVPsQ072cDQWFGsBeIPgwhNL8uUSSctC0hc0UR3v wwTHXgHy8tn3L589Qcf3nx7f\/+n4wYPj+z9aRs6qHRwHxVUvvv3sz0cfoz+efPPi4RfleFnE\/\/rD J7\/8\/Hk5EMpnYd7zLx\/\/9vTx868+\/f27hyXwLYHHRfiIRkSiG+QI7fMIDDNecTUnY\/FqK0YhpsUV W3EgcYy1lBL+fRU66BtzzNLoOHp0ievB2wLaRxnw6uyuo\/AwFDNFSyRfCyMHuMs563JR6oVrWlbB zaNZHJQLF7Mibh\/jwzLZPRw78e3PEuibWVo6hvdC4qi5x3CscEBiopB+xg8IKbHuDqWOX3epL7jk U4XuUNTFtNQlIzp2smmxaIdGEJd5mc0Qb8c3u7dRl7Myq7fJoYuEqsCsRPkRYY4br+KZwlEZyxGO WNHh17EKy5QczoVfxPWlgkgHhHHUnxApy9bcFGBvIejXMHSs0rDvsnnkIoWiB2U8r2POi8htftAL cZSUYYc0DovYD+QBpChGe1yVwXe5WyH6HuKA45Xhvk2JE+7Tu8EtGjgqLRJEP5mJklheJdzJ3+Gc TTExrQaautOrIxr\/XeNmFDq3lXB+jRta5fOvH5Xo\/ba27C3YvcpqZudEo16FO9mee1xM6Nvfnbfx LN4jUBDLW9S75vyuOXv\/+ea8qp7PvyUvujA0aD2L2EHbjN3Ryql7Shkbqjkj16UZvCXsPZMBEPU6 c7ok+SksCeFSVzIIcHCBwGYNElx9RFU4DHECQ3vV00wCmbIOJEq4hMOiIZfy1ngY\/JU9ajb1IcR2 DonVLp9Ycl2Ts7NGzsZoFZgDbSaorhmcVVj9UsoUbHsdYVWt1JmlVY1qpik60nKTtYvNoRxcnpsG xNybMNQgGIXAyy0432vRcNjBjEy0322MsrCYKJxniGSIJySNkbZ7OUZVE6QsV5YM0XbYZNAHx1O8 VpDW1mzfQNpZglQU11ghLovem0Qpy+BFlIDbyXJkcbE4WYyOOl67WWt6yMdJx5vCORkuowSiLvUc iVkAb5h8JWzan1rMpsoX0WxnhrlFUIVXH9bvSwY7fSARUm1jGdrUMI\/SFGCxlmT1rzXBredlQEk3 OpsW9XVIhn9NC\/CjG1oynRJfFYNdoGjf2du0lfKZImIYTo7QmM3EPobw61QFeyZUwusO0xH0Dbyb 0942j9zmnBZd8Y2YwVk6ZkmI03arSzSrZAs3DSnXwdwV1APbSnU3xr26Kabkz8mUYhr\/z0zR+wm8 fahPdAR8eNErMNKV0vG4UCGHLpSE1B8IGBxM74Bsgfe78BiSCt5Km19BDvWvrTnLw5Q1HCLVPg2Q oLAfqVAQsgdtyWTfKcyq6d5lWbKUkcmogroysWqPySFhI90DW3pv91AIqW66SdoGDO5k\/rn3aQWN Az3kFOvN6WT53mtr4J+efGwxg1FuHzYDTeb\/XMV8PFjsqna9WZ7tvUVD9IPFmNXIqgKEFbaCdlr2 r6nCK261tmMtWVxrZspBFJctBmI+ECXwDgnpf7D\/UeEz+wVDb6gjvg+9FcHHC80M0gay+oIdPJBu kJY4hsHJEm0yaVbWtenopL2WbdbnPOnmck84W2t2lni\/orPz4cwV59TieTo79bDja0tb6WqI7MkS BdI0O8iYwJR9ydrFCRoH1Y4HX5Mg0PfgCr5HeUCraVpN0+AKPjLBsGS\/DHW89CKjwHNLyTH1jFLP MI2M0sgozYwCw1n6DSajtKBT6c8m8NlO\/3go+0ICE1z6RSVrqs7nvs2\/AAAA\/\/8DAFBLAwQUAAYA CAAAACEAnGZGQbsAAAAkAQAAKgAAAGNsaXBib2FyZC9kcmF3aW5ncy9fcmVscy9kcmF3aW5nMS54 bWwucmVsc4SPzQrCMBCE74LvEPZu0noQkSa9iNCr1AcIyTYtNj8kUezbG+hFQfCyMLPsN7NN+7Iz eWJMk3ccaloBQae8npzhcOsvuyOQlKXTcvYOOSyYoBXbTXPFWeZylMYpJFIoLnEYcw4nxpIa0cpE fUBXNoOPVuYio2FBqrs0yPZVdWDxkwHii0k6zSF2ugbSL6Ek\/2f7YZgUnr16WHT5RwTLpRcWoIwG MwdKV2edNS1dgYmGff0m3gAAAP\/\/AwBQSwECLQAUAAYACAAAACEAu+VIlAUBAAAeAgAAEwAAAAAA AAAAAAAAAAAAAAAAW0NvbnRlbnRfVHlwZXNdLnhtbFBLAQItABQABgAIAAAAIQCtMD\/xwQAAADIB AAALAAAAAAAAAAAAAAAAADYBAABfcmVscy8ucmVsc1BLAQItABQABgAIAAAAIQBLrdxh3AEAAIkE AAAfAAAAAAAAAAAAAAAAACACAABjbGlwYm9hcmQvZHJhd2luZ3MvZHJhd2luZzEueG1sUEsBAi0A FAAGAAgAAAAhAJxOXiHiBgAAOhwAABoAAAAAAAAAAAAAAAAAOQQAAGNsaXBib2FyZC90aGVtZS90 aGVtZTEueG1sUEsBAi0AFAAGAAgAAAAhAJxmRkG7AAAAJAEAACoAAAAAAAAAAAAAAAAAUwsAAGNs aXBib2FyZC9kcmF3aW5ncy9fcmVscy9kcmF3aW5nMS54bWwucmVsc1BLBQYAAAAABQAFAGcBAABW DAAAAAA= \" strokecolor=\"#c0504d [3205]\" strokeweight=\"2pt\">\n<v:stroke endarrow=\"open\"\/>\n<v:shadow on=\"t\" color=\"black\" opacity=\"24903f\" origin=\",.5\" offset=\"0,.55556mm\"\/>\n<\/v:shape><![endif]--><!-- [if !vml]--><span style=\"mso-ignore: vglayout; position: absolute; z-index: 251646976; margin-left: 108px; margin-top: 9px; width: 68px; height: 20px;\"><br \/>\n<\/span><!--[endif]--><span lang=\"ES-AR\" style=\"font-size: 12.0pt;\">Si se presiona <img loading=\"lazy\" decoding=\"async\" class=\"wp-image-4447 size-medium alignnone\" src=\"http:\/\/uniremunicipios.com.ar\/manual\/wp-content\/uploads\/2024\/08\/image-23.png\" alt=\"\" width=\"47\" height=\"47\" \/>,<\/span><span lang=\"ES-AR\" style=\"font-size: 12.0pt;\">\u00a0\u00a0<\/span>el sistema mostrar\u00e1 los datos propios y exclusivos del API.<\/p>\n<p class=\"MsoNormal\" style=\"line-height: 150%;\"><span lang=\"ES-AR\" style=\"font-size: 12.0pt;\">Si se presiona <img loading=\"lazy\" decoding=\"async\" class=\"wp-image-4448 size-medium alignnone\" src=\"http:\/\/uniremunicipios.com.ar\/manual\/wp-content\/uploads\/2024\/08\/image-24.png\" alt=\"\" width=\"48\" height=\"50\" \/><\/span><span lang=\"ES-AR\" style=\"font-size: 12.0pt;\"><span style=\"mso-spacerun: yes;\"> , <\/span>el sistema mostrar\u00e1 los datos de UNIRE.<\/span><\/p>\n<p class=\"MsoNormal\" style=\"line-height: 150%;\"><span style=\"font-size: 12.0pt;\">El sistema arma una planilla (tipo excel) donde est\u00e1n todos los datos del API y luego todos los datos de UNIRE. <\/span><\/p>\n<p class=\"MsoNormal\" style=\"line-height: 150%;\"><span style=\"font-size: 12.0pt;\">Al final muestra una columna donde se hallan las diferencias.<\/span><\/p>\n<p class=\"MsoNormal\" style=\"line-height: 150%;\"><span style=\"font-size: 12.0pt;\">Pueden aparecer en los primeros registros l\u00edneas en blanco con importes, esto se debe a:<\/span><\/p>\n<p class=\"MsoNormal\" style=\"line-height: 150%;\"><span style=\"font-size: 12.0pt;\">1- Puede no estar inscripto en el municipio, dato valioso para fiscalizar e inscribirlo.<\/span><\/p>\n<p class=\"MsoNormal\" style=\"line-height: 150%;\"><span style=\"font-size: 12.0pt;\">2- Puede que en UNIRE est\u00e9 mas de una vez.<\/span><\/p>\n<p><iframe loading=\"lazy\" title=\"ING BRUTOS VS DREI\" width=\"500\" height=\"281\" src=\"https:\/\/www.youtube.com\/embed\/bhHVfBcullQ?feature=oembed\" frameborder=\"0\" allow=\"accelerometer; autoplay; clipboard-write; encrypted-media; gyroscope; picture-in-picture; web-share\" referrerpolicy=\"strict-origin-when-cross-origin\" allowfullscreen><\/iframe><\/p>\n<p>&nbsp;<\/p>\n","protected":false},"excerpt":{"rendered":"<p>Para controlar y cruzar informaci\u00f3n con el API, y verificar lo que los contribuyentes han declarado en el DReI, se debe bajar la informaci\u00f3n que la provincia pone a disposici\u00f3n de los municipios y comunas, y guardarla en una carpeta espec\u00edfica. (Es necesario controlar que sea un archivo txt y que no tenga una marca [&hellip;]<\/p>\n","protected":false},"author":5,"featured_media":0,"parent":315,"menu_order":1,"comment_status":"closed","ping_status":"closed","template":"","meta":{"footnotes":""},"class_list":["post-322","page","type-page","status-publish","hentry"],"_links":{"self":[{"href":"https:\/\/uniremunicipios.com.ar\/manual\/index.php?rest_route=\/wp\/v2\/pages\/322","targetHints":{"allow":["GET"]}}],"collection":[{"href":"https:\/\/uniremunicipios.com.ar\/manual\/index.php?rest_route=\/wp\/v2\/pages"}],"about":[{"href":"https:\/\/uniremunicipios.com.ar\/manual\/index.php?rest_route=\/wp\/v2\/types\/page"}],"author":[{"embeddable":true,"href":"https:\/\/uniremunicipios.com.ar\/manual\/index.php?rest_route=\/wp\/v2\/users\/5"}],"replies":[{"embeddable":true,"href":"https:\/\/uniremunicipios.com.ar\/manual\/index.php?rest_route=%2Fwp%2Fv2%2Fcomments&post=322"}],"version-history":[{"count":14,"href":"https:\/\/uniremunicipios.com.ar\/manual\/index.php?rest_route=\/wp\/v2\/pages\/322\/revisions"}],"predecessor-version":[{"id":6170,"href":"https:\/\/uniremunicipios.com.ar\/manual\/index.php?rest_route=\/wp\/v2\/pages\/322\/revisions\/6170"}],"up":[{"embeddable":true,"href":"https:\/\/uniremunicipios.com.ar\/manual\/index.php?rest_route=\/wp\/v2\/pages\/315"}],"wp:attachment":[{"href":"https:\/\/uniremunicipios.com.ar\/manual\/index.php?rest_route=%2Fwp%2Fv2%2Fmedia&parent=322"}],"curies":[{"name":"wp","href":"https:\/\/api.w.org\/{rel}","templated":true}]}}