{"id":3405,"date":"2021-11-09T09:36:21","date_gmt":"2021-11-09T12:36:21","guid":{"rendered":"http:\/\/uniremunicipios.com.ar\/manual\/?page_id=3405"},"modified":"2024-11-14T12:36:29","modified_gmt":"2024-11-14T15:36:29","slug":"control-de-archivos-de-link-pagos","status":"publish","type":"page","link":"https:\/\/uniremunicipios.com.ar\/manual\/?page_id=3405","title":{"rendered":"Control de archivos de LINK PAGOS"},"content":{"rendered":"<p>Cuando se env\u00eda un archivo a LINK PAGOS con la facturaci\u00f3n correspondiente, LINK nos devuelve archivos para confirmar que sali\u00f3 todo bien o para avisarnos que se encontraron errores en el procesamiento de la informaci\u00f3n.<\/p>\n<ul>\n<li>archivo.log<\/li>\n<li>archivo.rch (archivo con los registros rechazados)<\/li>\n<\/ul>\n<p>Hay que revisar en el archivo .log la siguiente informaci\u00f3n:<\/p>\n<p><img loading=\"lazy\" decoding=\"async\" width=\"1261\" height=\"866\" class=\"alignnone wp-image-3407 size-full\" src=\"http:\/\/uniremunicipios.com.ar\/manual\/wp-content\/uploads\/2021\/11\/Pasted-into-Control-de-archivos-de-LINK-PAGOS-1.png\" srcset=\"https:\/\/uniremunicipios.com.ar\/manual\/wp-content\/uploads\/2021\/11\/Pasted-into-Control-de-archivos-de-LINK-PAGOS-1.png 1261w, https:\/\/uniremunicipios.com.ar\/manual\/wp-content\/uploads\/2021\/11\/Pasted-into-Control-de-archivos-de-LINK-PAGOS-1-300x206.png 300w, https:\/\/uniremunicipios.com.ar\/manual\/wp-content\/uploads\/2021\/11\/Pasted-into-Control-de-archivos-de-LINK-PAGOS-1-1024x703.png 1024w, https:\/\/uniremunicipios.com.ar\/manual\/wp-content\/uploads\/2021\/11\/Pasted-into-Control-de-archivos-de-LINK-PAGOS-1-768x527.png 768w\" sizes=\"auto, (max-width: 1261px) 100vw, 1261px\" \/><\/p>\n<p>Informados y aceptados deber\u00edan coincidir.<\/p>\n<p>Si no coinciden los n\u00fameros hay que buscar la raz\u00f3n, que la encontraremos en el archivo .rch en la posici\u00f3n 41-44. All\u00ed est\u00e1 el c\u00f3digo de error, que utilizaremos para consultar en la Tabla de c\u00f3digo de error que se encuentra en el archivo .log<\/p>\n<p><img loading=\"lazy\" decoding=\"async\" width=\"1066\" height=\"206\" class=\"alignnone wp-image-3408 size-full\" src=\"http:\/\/uniremunicipios.com.ar\/manual\/wp-content\/uploads\/2021\/11\/Pasted-into-Control-de-archivos-de-LINK-PAGOS-2.png\" srcset=\"https:\/\/uniremunicipios.com.ar\/manual\/wp-content\/uploads\/2021\/11\/Pasted-into-Control-de-archivos-de-LINK-PAGOS-2.png 1066w, https:\/\/uniremunicipios.com.ar\/manual\/wp-content\/uploads\/2021\/11\/Pasted-into-Control-de-archivos-de-LINK-PAGOS-2-300x58.png 300w, https:\/\/uniremunicipios.com.ar\/manual\/wp-content\/uploads\/2021\/11\/Pasted-into-Control-de-archivos-de-LINK-PAGOS-2-1024x198.png 1024w, https:\/\/uniremunicipios.com.ar\/manual\/wp-content\/uploads\/2021\/11\/Pasted-into-Control-de-archivos-de-LINK-PAGOS-2-768x148.png 768w\" sizes=\"auto, (max-width: 1066px) 100vw, 1066px\" \/><\/p>\n<p>En el ejemplo anterior encontramos el c\u00f3digo 1019 en la posici\u00f3n 41.<\/p>\n<p><img loading=\"lazy\" decoding=\"async\" width=\"1254\" height=\"653\" class=\"alignnone wp-image-3409 size-full\" src=\"http:\/\/uniremunicipios.com.ar\/manual\/wp-content\/uploads\/2021\/11\/Pasted-into-Control-de-archivos-de-LINK-PAGOS-3.png\" srcset=\"https:\/\/uniremunicipios.com.ar\/manual\/wp-content\/uploads\/2021\/11\/Pasted-into-Control-de-archivos-de-LINK-PAGOS-3.png 1254w, https:\/\/uniremunicipios.com.ar\/manual\/wp-content\/uploads\/2021\/11\/Pasted-into-Control-de-archivos-de-LINK-PAGOS-3-300x156.png 300w, https:\/\/uniremunicipios.com.ar\/manual\/wp-content\/uploads\/2021\/11\/Pasted-into-Control-de-archivos-de-LINK-PAGOS-3-1024x533.png 1024w, https:\/\/uniremunicipios.com.ar\/manual\/wp-content\/uploads\/2021\/11\/Pasted-into-Control-de-archivos-de-LINK-PAGOS-3-768x400.png 768w\" sizes=\"auto, (max-width: 1254px) 100vw, 1254px\" \/><\/p>\n<p>Si no saben como resolverlo consultar con la parte t\u00e9cnica de UNIRE, informando qu\u00e9 errores encontraron en el archivo.<\/p>\n","protected":false},"excerpt":{"rendered":"<p>Cuando se env\u00eda un archivo a LINK PAGOS con la facturaci\u00f3n correspondiente, LINK nos devuelve archivos para confirmar que sali\u00f3 todo bien o para avisarnos que se encontraron errores en el procesamiento de la informaci\u00f3n. archivo.log archivo.rch (archivo con los registros rechazados) Hay que revisar en el archivo .log la siguiente informaci\u00f3n: Informados y aceptados [&hellip;]<\/p>\n","protected":false},"author":2,"featured_media":0,"parent":194,"menu_order":0,"comment_status":"closed","ping_status":"closed","template":"","meta":{"footnotes":""},"class_list":["post-3405","page","type-page","status-publish","hentry"],"_links":{"self":[{"href":"https:\/\/uniremunicipios.com.ar\/manual\/index.php?rest_route=\/wp\/v2\/pages\/3405","targetHints":{"allow":["GET"]}}],"collection":[{"href":"https:\/\/uniremunicipios.com.ar\/manual\/index.php?rest_route=\/wp\/v2\/pages"}],"about":[{"href":"https:\/\/uniremunicipios.com.ar\/manual\/index.php?rest_route=\/wp\/v2\/types\/page"}],"author":[{"embeddable":true,"href":"https:\/\/uniremunicipios.com.ar\/manual\/index.php?rest_route=\/wp\/v2\/users\/2"}],"replies":[{"embeddable":true,"href":"https:\/\/uniremunicipios.com.ar\/manual\/index.php?rest_route=%2Fwp%2Fv2%2Fcomments&post=3405"}],"version-history":[{"count":3,"href":"https:\/\/uniremunicipios.com.ar\/manual\/index.php?rest_route=\/wp\/v2\/pages\/3405\/revisions"}],"predecessor-version":[{"id":5444,"href":"https:\/\/uniremunicipios.com.ar\/manual\/index.php?rest_route=\/wp\/v2\/pages\/3405\/revisions\/5444"}],"up":[{"embeddable":true,"href":"https:\/\/uniremunicipios.com.ar\/manual\/index.php?rest_route=\/wp\/v2\/pages\/194"}],"wp:attachment":[{"href":"https:\/\/uniremunicipios.com.ar\/manual\/index.php?rest_route=%2Fwp%2Fv2%2Fmedia&parent=3405"}],"curies":[{"name":"wp","href":"https:\/\/api.w.org\/{rel}","templated":true}]}}