{"id":3560,"date":"2021-11-23T15:52:17","date_gmt":"2021-11-23T18:52:17","guid":{"rendered":"http:\/\/uniremunicipios.com.ar\/manual\/?page_id=3560"},"modified":"2021-11-23T15:53:03","modified_gmt":"2021-11-23T18:53:03","slug":"neto-minimo-exceso-de-descuentos-sueldos-negativos","status":"publish","type":"page","link":"https:\/\/uniremunicipios.com.ar\/manual\/?page_id=3560","title":{"rendered":"Neto Minimo &#8211; exceso de descuentos (sueldos negativos)"},"content":{"rendered":"<p>En caso de suceder por descuentos excesivos que el neto o l\u00edquido quede en\u00a0 cero o sea negativo, podemos crear un programa externo que contemple este tema, y de existir una ordenanza que lo permita, sacarle a los empleados proporcionalmente o como diga lo normado, una parte de ese o esos descuentos para que el saldo quede mayor a cero.<\/p>\n<p>&nbsp;<\/p>\n<p>En los casos que conocemos dejan como neto, un monto peque\u00f1o $ 100.- m\u00e1s el salario familiar.<\/p>\n<p>Existen reportes para notificar a las entidades que pasaron los montos a descontar que, en algunos empleados\u00a0 se realiz\u00f3 un descuento menor, o no se realiz\u00f3 descuento y en caso de descuento parcial que monto qued\u00f3 pendiente de descuento.<\/p>\n<p>&nbsp;<\/p>\n<p>Ejemplo de programa:<\/p>\n<p>&nbsp;<\/p>\n<p>FUNCTION NETOMINI<\/p>\n<p>LOCAL NetoSinDsto , Coeficiente , DtosMutual , DREC<\/p>\n<p>LOCAL nSalFam := t[230]+t[240]+t[245]+t[247]+t[248]+t[249]+t[250]+t[252]+t[253]+t[254]+t[260]+t[263]+t[265]+t[267]+t[270]+t[271]+t[273]+t[274]+t[275]<\/p>\n<p>if val(VA[78]) # 1242<\/p>\n<p>DtosMutual := T[640] + T[641] + T[642] + T[643]+ T[644]<\/p>\n<p>NetoSinDsto := ( VA[300] + VA[301] &#8211; VA[302] ) + DtosMutual<\/p>\n<p>Coeficiente := ( NetoSinDsto &#8211; ( nSalFam + 50.00) ) \/ DtosMutual<\/p>\n<p>VA[302] := VA[302] &#8211; ( T[640] + T[641] + T[642] + T[643]+ T[644] )<\/p>\n<p>DREC:=abro2( &#8216;DRECSUEL&#8217; )<\/p>\n<p>T[640]:=AjustoConcepto ( DREC , &#8216;640&#8217; , Coeficiente )<\/p>\n<p>T[641]:=AjustoConcepto ( DREC , &#8216;641&#8217; , Coeficiente )<\/p>\n<p>T[642]:=AjustoConcepto ( DREC , &#8216;642&#8217; , Coeficiente )<\/p>\n<p>T[643]:=AjustoConcepto ( DREC , &#8216;643&#8217; , Coeficiente )<\/p>\n<p>T[644]:=AjustoConcepto ( DREC , &#8216;644&#8217; , Coeficiente )<\/p>\n<p>(DREC)-&gt;( dbclosearea() )<\/p>\n<p>VA[302] := VA[302] + ( T[640] + T[641] + T[642] + T[643]+ T[644] )<\/p>\n<p>endif<\/p>\n<p>Return( nil )<\/p>\n<p>function AjustoConcepto ( DREC , cIDConcepto , Coeficiente )<br \/>\n*======================<br \/>\nlocal nVlrRet := 0<\/p>\n<p>if (DREC)-&gt;( DbSeek( (VA[501])-&gt;idc_con + (VA[501])-&gt;idc_delq + cIDConcepto ) ) .and. (DREC)-&gt;( DbRlock() )<\/p>\n<p>if Coeficiente &lt; 0<\/p>\n<p>BorraRegistro ( DREC )<\/p>\n<p>else<\/p>\n<p>nVlrRet := (DREC)-&gt;precio := ROUND( (DREC)-&gt;precio * Coeficiente , 2 )<\/p>\n<p>(DREC)-&gt;totform := (DREC)-&gt;precio<\/p>\n<p>endif<\/p>\n<p>endif<\/p>\n<p>Return( nVlrRet)<\/p>\n","protected":false},"excerpt":{"rendered":"<p>En caso de suceder por descuentos excesivos que el neto o l\u00edquido quede en\u00a0 cero o sea negativo, podemos crear un programa externo que contemple este tema, y de existir una ordenanza que lo permita, sacarle a los empleados proporcionalmente o como diga lo normado, una parte de ese o esos descuentos para que el [&hellip;]<\/p>\n","protected":false},"author":3,"featured_media":0,"parent":28,"menu_order":0,"comment_status":"closed","ping_status":"closed","template":"","meta":{"footnotes":""},"class_list":["post-3560","page","type-page","status-publish","hentry"],"_links":{"self":[{"href":"https:\/\/uniremunicipios.com.ar\/manual\/index.php?rest_route=\/wp\/v2\/pages\/3560","targetHints":{"allow":["GET"]}}],"collection":[{"href":"https:\/\/uniremunicipios.com.ar\/manual\/index.php?rest_route=\/wp\/v2\/pages"}],"about":[{"href":"https:\/\/uniremunicipios.com.ar\/manual\/index.php?rest_route=\/wp\/v2\/types\/page"}],"author":[{"embeddable":true,"href":"https:\/\/uniremunicipios.com.ar\/manual\/index.php?rest_route=\/wp\/v2\/users\/3"}],"replies":[{"embeddable":true,"href":"https:\/\/uniremunicipios.com.ar\/manual\/index.php?rest_route=%2Fwp%2Fv2%2Fcomments&post=3560"}],"version-history":[{"count":1,"href":"https:\/\/uniremunicipios.com.ar\/manual\/index.php?rest_route=\/wp\/v2\/pages\/3560\/revisions"}],"predecessor-version":[{"id":3561,"href":"https:\/\/uniremunicipios.com.ar\/manual\/index.php?rest_route=\/wp\/v2\/pages\/3560\/revisions\/3561"}],"up":[{"embeddable":true,"href":"https:\/\/uniremunicipios.com.ar\/manual\/index.php?rest_route=\/wp\/v2\/pages\/28"}],"wp:attachment":[{"href":"https:\/\/uniremunicipios.com.ar\/manual\/index.php?rest_route=%2Fwp%2Fv2%2Fmedia&parent=3560"}],"curies":[{"name":"wp","href":"https:\/\/api.w.org\/{rel}","templated":true}]}}