{"id":3563,"date":"2021-11-26T08:34:49","date_gmt":"2021-11-26T11:34:49","guid":{"rendered":"http:\/\/uniremunicipios.com.ar\/manual\/?page_id=3563"},"modified":"2021-11-26T08:34:49","modified_gmt":"2021-11-26T11:34:49","slug":"titulos-de-columnas-no-corresponden-al-contenido","status":"publish","type":"page","link":"https:\/\/uniremunicipios.com.ar\/manual\/?page_id=3563","title":{"rendered":"Titulos de columnas no corresponden al contenido"},"content":{"rendered":"<p>Puede pasar que luego de una actualizaci\u00f3n del sistema no se vean correctamente los t\u00edtulos con la informaci\u00f3n que muestra el sistema.<\/p>\n<p><img loading=\"lazy\" decoding=\"async\" width=\"959\" height=\"205\" class=\"alignnone wp-image-3564 size-full\" src=\"http:\/\/uniremunicipios.com.ar\/manual\/wp-content\/uploads\/2021\/11\/Pasted-into-Titulos-de-columnas-no-corresponden-al-contenido.png\" srcset=\"https:\/\/uniremunicipios.com.ar\/manual\/wp-content\/uploads\/2021\/11\/Pasted-into-Titulos-de-columnas-no-corresponden-al-contenido.png 959w, https:\/\/uniremunicipios.com.ar\/manual\/wp-content\/uploads\/2021\/11\/Pasted-into-Titulos-de-columnas-no-corresponden-al-contenido-300x64.png 300w, https:\/\/uniremunicipios.com.ar\/manual\/wp-content\/uploads\/2021\/11\/Pasted-into-Titulos-de-columnas-no-corresponden-al-contenido-768x164.png 768w\" sizes=\"auto, (max-width: 959px) 100vw, 959px\" \/><\/p>\n<p>Para solucionar esto, el administrador o encargado de c\u00f3mputos debe hacer lo siguiente:<\/p>\n<p>RECUPERO VISTA ORIGINAL<\/p>\n<p><img loading=\"lazy\" decoding=\"async\" width=\"313\" height=\"273\" class=\"alignnone wp-image-3565 size-full\" src=\"http:\/\/uniremunicipios.com.ar\/manual\/wp-content\/uploads\/2021\/11\/Pasted-into-Titulos-de-columnas-no-corresponden-al-contenido-1.png\" srcset=\"https:\/\/uniremunicipios.com.ar\/manual\/wp-content\/uploads\/2021\/11\/Pasted-into-Titulos-de-columnas-no-corresponden-al-contenido-1.png 313w, https:\/\/uniremunicipios.com.ar\/manual\/wp-content\/uploads\/2021\/11\/Pasted-into-Titulos-de-columnas-no-corresponden-al-contenido-1-300x262.png 300w\" sizes=\"auto, (max-width: 313px) 100vw, 313px\" \/><\/p>\n<p>Luego salga de esa ventana y entre nuevamente y lo ver\u00e1 correctamente.<\/p>\n<p>&nbsp;<\/p>\n","protected":false},"excerpt":{"rendered":"<p>Puede pasar que luego de una actualizaci\u00f3n del sistema no se vean correctamente los t\u00edtulos con la informaci\u00f3n que muestra el sistema. Para solucionar esto, el administrador o encargado de c\u00f3mputos debe hacer lo siguiente: RECUPERO VISTA ORIGINAL Luego salga de esa ventana y entre nuevamente y lo ver\u00e1 correctamente. &nbsp;<\/p>\n","protected":false},"author":2,"featured_media":0,"parent":1703,"menu_order":0,"comment_status":"closed","ping_status":"closed","template":"","meta":{"footnotes":""},"class_list":["post-3563","page","type-page","status-publish","hentry"],"_links":{"self":[{"href":"https:\/\/uniremunicipios.com.ar\/manual\/index.php?rest_route=\/wp\/v2\/pages\/3563","targetHints":{"allow":["GET"]}}],"collection":[{"href":"https:\/\/uniremunicipios.com.ar\/manual\/index.php?rest_route=\/wp\/v2\/pages"}],"about":[{"href":"https:\/\/uniremunicipios.com.ar\/manual\/index.php?rest_route=\/wp\/v2\/types\/page"}],"author":[{"embeddable":true,"href":"https:\/\/uniremunicipios.com.ar\/manual\/index.php?rest_route=\/wp\/v2\/users\/2"}],"replies":[{"embeddable":true,"href":"https:\/\/uniremunicipios.com.ar\/manual\/index.php?rest_route=%2Fwp%2Fv2%2Fcomments&post=3563"}],"version-history":[{"count":1,"href":"https:\/\/uniremunicipios.com.ar\/manual\/index.php?rest_route=\/wp\/v2\/pages\/3563\/revisions"}],"predecessor-version":[{"id":3566,"href":"https:\/\/uniremunicipios.com.ar\/manual\/index.php?rest_route=\/wp\/v2\/pages\/3563\/revisions\/3566"}],"up":[{"embeddable":true,"href":"https:\/\/uniremunicipios.com.ar\/manual\/index.php?rest_route=\/wp\/v2\/pages\/1703"}],"wp:attachment":[{"href":"https:\/\/uniremunicipios.com.ar\/manual\/index.php?rest_route=%2Fwp%2Fv2%2Fmedia&parent=3563"}],"curies":[{"name":"wp","href":"https:\/\/api.w.org\/{rel}","templated":true}]}}