{"id":3580,"date":"2022-02-25T10:38:47","date_gmt":"2022-02-25T13:38:47","guid":{"rendered":"http:\/\/uniremunicipios.com.ar\/manual\/?page_id=3580"},"modified":"2023-07-06T15:17:22","modified_gmt":"2023-07-06T18:17:22","slug":"ganancias-deducciones-incrementadas","status":"publish","type":"page","link":"https:\/\/uniremunicipios.com.ar\/manual\/?page_id=3580","title":{"rendered":"Ganancias- Deducciones Incrementadas"},"content":{"rendered":"<p>La Afip ha establecido para el calculo de ganancia, que se debe tener en cuenta el sueldo bruto de los empleados. El promedio de los sueldos brutos comparados con el sueldo bruto actual, el que resulte menor y de ah\u00ed, se procede.<\/p>\n<p>Si el menor bruto resulta menor al m\u00ednimo que pone Afip, se crea una deducci\u00f3n especial incrementada primera parte que iguala las deducciones con la ganancia neta y entonces la retenci\u00f3n de ganancias da cero (0)<\/p>\n<p>Si el menor bruto se encuentra dentro de la tabla que publica Afip, de tal monto a tal monto con distintos valores de deducci\u00f3n incrementada segunda parte, esta se agrega al interpolar con esa tabla ( si la tabla dice que a un sueldo bruto de 230000 le corresponden 44000 de deducci\u00f3n, es esta deducci\u00f3n la que se agrega)<\/p>\n<p>Si el menor bruto supera el m\u00e1ximo de la tabla que publica Afip, no se le agrega ninguna deducci\u00f3n incrementada, es decir que los c\u00e1lculos quedan como eran antes de estas nuevas disposiciones.<\/p>\n<p>Debemos considerar para iniciar el c\u00e1lculo de ganancias<\/p>\n<p>Que existan los conceptos de retenci\u00f3n y devoluci\u00f3n de ganancias, que tengan <span style=\"color: #3366ff;\"><strong><em>uno<\/em><\/strong><\/span> en cantidad y en precio la P[&#8230;] con el n\u00famero de concepto.<\/p>\n<p><img loading=\"lazy\" decoding=\"async\" width=\"317\" height=\"443\" class=\"alignnone wp-image-3584 size-full\" src=\"http:\/\/uniremunicipios.com.ar\/manual\/wp-content\/uploads\/2022\/02\/Pasted-into-Ganancias-Deducciones-Incrementadas-3.png\" srcset=\"https:\/\/uniremunicipios.com.ar\/manual\/wp-content\/uploads\/2022\/02\/Pasted-into-Ganancias-Deducciones-Incrementadas-3.png 317w, https:\/\/uniremunicipios.com.ar\/manual\/wp-content\/uploads\/2022\/02\/Pasted-into-Ganancias-Deducciones-Incrementadas-3-215x300.png 215w\" sizes=\"auto, (max-width: 317px) 100vw, 317px\" \/><\/p>\n<p>Que se hallan colocado en las liquidaciones que intervienen en ganancias, el sueldo bruto, las horas extras, los montos que entran en ganancia, y la provisi\u00f3n para el SAC<\/p>\n<p><img loading=\"lazy\" decoding=\"async\" width=\"649\" height=\"306\" class=\"alignnone wp-image-3581 size-full\" src=\"http:\/\/uniremunicipios.com.ar\/manual\/wp-content\/uploads\/2022\/02\/Pasted-into-Ganancias-Deducciones-Incrementadas.png\" srcset=\"https:\/\/uniremunicipios.com.ar\/manual\/wp-content\/uploads\/2022\/02\/Pasted-into-Ganancias-Deducciones-Incrementadas.png 649w, https:\/\/uniremunicipios.com.ar\/manual\/wp-content\/uploads\/2022\/02\/Pasted-into-Ganancias-Deducciones-Incrementadas-300x141.png 300w\" sizes=\"auto, (max-width: 649px) 100vw, 649px\" \/><\/p>\n<p>EN EL SAC<\/p>\n<p><img loading=\"lazy\" decoding=\"async\" width=\"636\" height=\"338\" class=\"alignnone wp-image-3583 size-full\" src=\"http:\/\/uniremunicipios.com.ar\/manual\/wp-content\/uploads\/2022\/02\/Pasted-into-Ganancias-Deducciones-Incrementadas-2.png\" srcset=\"https:\/\/uniremunicipios.com.ar\/manual\/wp-content\/uploads\/2022\/02\/Pasted-into-Ganancias-Deducciones-Incrementadas-2.png 636w, https:\/\/uniremunicipios.com.ar\/manual\/wp-content\/uploads\/2022\/02\/Pasted-into-Ganancias-Deducciones-Incrementadas-2-300x159.png 300w\" sizes=\"auto, (max-width: 636px) 100vw, 636px\" \/><\/p>\n<p>En tablas se debe cargar<\/p>\n<p>&nbsp;<\/p>\n<p><img loading=\"lazy\" decoding=\"async\" width=\"477\" height=\"429\" class=\"alignnone wp-image-3585 size-full\" src=\"http:\/\/uniremunicipios.com.ar\/manual\/wp-content\/uploads\/2022\/02\/Pasted-into-Ganancias-Deducciones-Incrementadas-4.png\" srcset=\"https:\/\/uniremunicipios.com.ar\/manual\/wp-content\/uploads\/2022\/02\/Pasted-into-Ganancias-Deducciones-Incrementadas-4.png 477w, https:\/\/uniremunicipios.com.ar\/manual\/wp-content\/uploads\/2022\/02\/Pasted-into-Ganancias-Deducciones-Incrementadas-4-300x270.png 300w\" sizes=\"auto, (max-width: 477px) 100vw, 477px\" \/><\/p>\n<p>% Retenci\u00f3n Ganancias<\/p>\n<p><img loading=\"lazy\" decoding=\"async\" width=\"287\" height=\"332\" class=\"alignnone wp-image-3586 size-full\" src=\"http:\/\/uniremunicipios.com.ar\/manual\/wp-content\/uploads\/2022\/02\/Pasted-into-Ganancias-Deducciones-Incrementadas-5.png\" srcset=\"https:\/\/uniremunicipios.com.ar\/manual\/wp-content\/uploads\/2022\/02\/Pasted-into-Ganancias-Deducciones-Incrementadas-5.png 287w, https:\/\/uniremunicipios.com.ar\/manual\/wp-content\/uploads\/2022\/02\/Pasted-into-Ganancias-Deducciones-Incrementadas-5-259x300.png 259w\" sizes=\"auto, (max-width: 287px) 100vw, 287px\" \/><\/p>\n<p>deducciones que informa afip, se carga el monto mensual y el anual, para los casos de M\u00ednimo No Imponible, Deducci\u00f3n Especial, C\u00f3nyuge. Hijo e hijo incapacitado para el trabajo, cargar solo el valor mensual<\/p>\n<p><img loading=\"lazy\" decoding=\"async\" width=\"539\" height=\"307\" class=\"alignnone wp-image-4203 size-full\" src=\"http:\/\/uniremunicipios.com.ar\/manual\/wp-content\/uploads\/2023\/07\/Pasted-into-Ganancias-Deducciones-Incrementadas.png\" srcset=\"https:\/\/uniremunicipios.com.ar\/manual\/wp-content\/uploads\/2023\/07\/Pasted-into-Ganancias-Deducciones-Incrementadas.png 539w, https:\/\/uniremunicipios.com.ar\/manual\/wp-content\/uploads\/2023\/07\/Pasted-into-Ganancias-Deducciones-Incrementadas-300x171.png 300w\" sizes=\"auto, (max-width: 539px) 100vw, 539px\" \/><\/p>\n<p>&nbsp;<\/p>\n<p>tablas de deducciones incrementadas que publica el AFIP<\/p>\n<p><img loading=\"lazy\" decoding=\"async\" width=\"242\" height=\"438\" class=\"alignnone wp-image-3588 size-full\" src=\"http:\/\/uniremunicipios.com.ar\/manual\/wp-content\/uploads\/2022\/02\/Pasted-into-Ganancias-Deducciones-Incrementadas-7.png\" srcset=\"https:\/\/uniremunicipios.com.ar\/manual\/wp-content\/uploads\/2022\/02\/Pasted-into-Ganancias-Deducciones-Incrementadas-7.png 242w, https:\/\/uniremunicipios.com.ar\/manual\/wp-content\/uploads\/2022\/02\/Pasted-into-Ganancias-Deducciones-Incrementadas-7-166x300.png 166w\" sizes=\"auto, (max-width: 242px) 100vw, 242px\" \/><\/p>\n<p>En los empleados, la gente de c\u00f3mputos o de Unire debe cargar las deducciones M\u00ednimo No Imponible y Deducci\u00f3n Especial, a trav\u00e9s de una llave que se lo agrega a todos al empezar enero con los nuevos valores que publica AFIP<\/p>\n<p>En el grupo familiar podemos marcar los hijos que se deducen de ganancias, para tambi\u00e9n al comenzar el a\u00f1o, hacer una carga masiva de los mismos.<\/p>\n<p>&nbsp;<\/p>\n<p><img loading=\"lazy\" decoding=\"async\" width=\"415\" height=\"197\" class=\"alignnone wp-image-3589 size-full\" src=\"http:\/\/uniremunicipios.com.ar\/manual\/wp-content\/uploads\/2022\/02\/Pasted-into-Ganancias-Deducciones-Incrementadas-8.png\" srcset=\"https:\/\/uniremunicipios.com.ar\/manual\/wp-content\/uploads\/2022\/02\/Pasted-into-Ganancias-Deducciones-Incrementadas-8.png 415w, https:\/\/uniremunicipios.com.ar\/manual\/wp-content\/uploads\/2022\/02\/Pasted-into-Ganancias-Deducciones-Incrementadas-8-300x142.png 300w\" sizes=\"auto, (max-width: 415px) 100vw, 415px\" \/><\/p>\n<p>En la liquidaci\u00f3n de sueldos tener en cuenta que debemos liquidar como siempre con Procesa Uno o Procesa Todos, despu\u00e9s liquidar Ganancias Uno o Todos, y luego volver a liquidar con Procesa Uno o Todos<\/p>\n<p>&nbsp;<\/p>\n<p><img loading=\"lazy\" decoding=\"async\" width=\"399\" height=\"182\" class=\"alignnone wp-image-3590 size-full\" src=\"http:\/\/uniremunicipios.com.ar\/manual\/wp-content\/uploads\/2022\/02\/Pasted-into-Ganancias-Deducciones-Incrementadas-9.png\" srcset=\"https:\/\/uniremunicipios.com.ar\/manual\/wp-content\/uploads\/2022\/02\/Pasted-into-Ganancias-Deducciones-Incrementadas-9.png 399w, https:\/\/uniremunicipios.com.ar\/manual\/wp-content\/uploads\/2022\/02\/Pasted-into-Ganancias-Deducciones-Incrementadas-9-300x137.png 300w\" sizes=\"auto, (max-width: 399px) 100vw, 399px\" \/><\/p>\n<p>&nbsp;<\/p>\n<p>El Sistema crea si corresponde la Deducci\u00f3n Especial Incrementada Primera Parte, o Deduc. Esp. Inc. Segunda Parte.<\/p>\n","protected":false},"excerpt":{"rendered":"<p>La Afip ha establecido para el calculo de ganancia, que se debe tener en cuenta el sueldo bruto de los empleados. El promedio de los sueldos brutos comparados con el sueldo bruto actual, el que resulte menor y de ah\u00ed, se procede. Si el menor bruto resulta menor al m\u00ednimo que pone Afip, se crea [&hellip;]<\/p>\n","protected":false},"author":3,"featured_media":0,"parent":28,"menu_order":0,"comment_status":"closed","ping_status":"closed","template":"","meta":{"footnotes":""},"class_list":["post-3580","page","type-page","status-publish","hentry"],"_links":{"self":[{"href":"https:\/\/uniremunicipios.com.ar\/manual\/index.php?rest_route=\/wp\/v2\/pages\/3580","targetHints":{"allow":["GET"]}}],"collection":[{"href":"https:\/\/uniremunicipios.com.ar\/manual\/index.php?rest_route=\/wp\/v2\/pages"}],"about":[{"href":"https:\/\/uniremunicipios.com.ar\/manual\/index.php?rest_route=\/wp\/v2\/types\/page"}],"author":[{"embeddable":true,"href":"https:\/\/uniremunicipios.com.ar\/manual\/index.php?rest_route=\/wp\/v2\/users\/3"}],"replies":[{"embeddable":true,"href":"https:\/\/uniremunicipios.com.ar\/manual\/index.php?rest_route=%2Fwp%2Fv2%2Fcomments&post=3580"}],"version-history":[{"count":3,"href":"https:\/\/uniremunicipios.com.ar\/manual\/index.php?rest_route=\/wp\/v2\/pages\/3580\/revisions"}],"predecessor-version":[{"id":4204,"href":"https:\/\/uniremunicipios.com.ar\/manual\/index.php?rest_route=\/wp\/v2\/pages\/3580\/revisions\/4204"}],"up":[{"embeddable":true,"href":"https:\/\/uniremunicipios.com.ar\/manual\/index.php?rest_route=\/wp\/v2\/pages\/28"}],"wp:attachment":[{"href":"https:\/\/uniremunicipios.com.ar\/manual\/index.php?rest_route=%2Fwp%2Fv2%2Fmedia&parent=3580"}],"curies":[{"name":"wp","href":"https:\/\/api.w.org\/{rel}","templated":true}]}}