{"id":3633,"date":"2022-04-01T15:19:06","date_gmt":"2022-04-01T18:19:06","guid":{"rendered":"http:\/\/uniremunicipios.com.ar\/manual\/?page_id=3633"},"modified":"2022-04-01T15:23:02","modified_gmt":"2022-04-01T18:23:02","slug":"ano-2021-novedades-para-liquidar-ganancias-al-personal","status":"publish","type":"page","link":"https:\/\/uniremunicipios.com.ar\/manual\/?page_id=3633","title":{"rendered":"Desde 2021 Novedades para liquidar ganancias al personal"},"content":{"rendered":"<p><strong>A tener en cuenta para liquidar ganancias al personal<\/strong><\/p>\n<p>&nbsp;<\/p>\n<p>A partir del a\u00f1o 2021 para saber si sobre un empleado recae el impuesto a las ganancias, debemos analizar el sueldo bruto.<\/p>\n<p>La AFIP publica una tabla y determinada hasta que monto de sueldo bruto no corresponde retener, en el caso que sea menor a la tabla, debe crearse una <strong><u>deducci\u00f3n especial incrementada parte 1<\/u><\/strong>, que equiparar\u00e1 la ganancia neta con el total de deducciones, por lo que la retenci\u00f3n da <strong>cero (0)<\/strong><\/p>\n<p>En el caso que el bruto del empleado (se considera el bruto del mes y se compara con el promedio del bruto de todos los meses, el que resulte menor) se encuentre dentro del rango de la tabla publicada, la AFIP en dicha tabla determina un monto que se carga como <strong><u>deducci\u00f3n especial incrementada parte 2<\/u><\/strong>, por que lo que la retenci\u00f3n de ganancias sufre una disminuci\u00f3n al sumar dicha deducci\u00f3n.<\/p>\n<p>Si el bruto (el que resulte menor) supera el tope de la tabla, no se le agrega al empleado ninguna deducci\u00f3n, por lo que mantiene el c\u00e1lculo tal como se hac\u00eda antes de los cambios de AFIP.<\/p>\n<p>Para el caso que llegado junio el promedio del bruto sea menor a la tabla, no se incorporar\u00e1 a ganancias lo que gane el empleado como SAC, de igual forma en diciembre.<\/p>\n<p>Cabe aclarar que, si el empleado ven\u00eda sin descuentos, pero en junio o diciembre supera con el promedio del bruto el importe m\u00ednimo o base (tabla) para el c\u00e1lculo de ganancias, se toma para ganancias el SAC completo.<\/p>\n","protected":false},"excerpt":{"rendered":"<p>A tener en cuenta para liquidar ganancias al personal &nbsp; A partir del a\u00f1o 2021 para saber si sobre un empleado recae el impuesto a las ganancias, debemos analizar el sueldo bruto. La AFIP publica una tabla y determinada hasta que monto de sueldo bruto no corresponde retener, en el caso que sea menor a [&hellip;]<\/p>\n","protected":false},"author":3,"featured_media":0,"parent":28,"menu_order":0,"comment_status":"closed","ping_status":"closed","template":"","meta":{"footnotes":""},"class_list":["post-3633","page","type-page","status-publish","hentry"],"_links":{"self":[{"href":"https:\/\/uniremunicipios.com.ar\/manual\/index.php?rest_route=\/wp\/v2\/pages\/3633","targetHints":{"allow":["GET"]}}],"collection":[{"href":"https:\/\/uniremunicipios.com.ar\/manual\/index.php?rest_route=\/wp\/v2\/pages"}],"about":[{"href":"https:\/\/uniremunicipios.com.ar\/manual\/index.php?rest_route=\/wp\/v2\/types\/page"}],"author":[{"embeddable":true,"href":"https:\/\/uniremunicipios.com.ar\/manual\/index.php?rest_route=\/wp\/v2\/users\/3"}],"replies":[{"embeddable":true,"href":"https:\/\/uniremunicipios.com.ar\/manual\/index.php?rest_route=%2Fwp%2Fv2%2Fcomments&post=3633"}],"version-history":[{"count":5,"href":"https:\/\/uniremunicipios.com.ar\/manual\/index.php?rest_route=\/wp\/v2\/pages\/3633\/revisions"}],"predecessor-version":[{"id":3638,"href":"https:\/\/uniremunicipios.com.ar\/manual\/index.php?rest_route=\/wp\/v2\/pages\/3633\/revisions\/3638"}],"up":[{"embeddable":true,"href":"https:\/\/uniremunicipios.com.ar\/manual\/index.php?rest_route=\/wp\/v2\/pages\/28"}],"wp:attachment":[{"href":"https:\/\/uniremunicipios.com.ar\/manual\/index.php?rest_route=%2Fwp%2Fv2%2Fmedia&parent=3633"}],"curies":[{"name":"wp","href":"https:\/\/api.w.org\/{rel}","templated":true}]}}