{"id":3714,"date":"2022-06-10T12:12:16","date_gmt":"2022-06-10T15:12:16","guid":{"rendered":"http:\/\/uniremunicipios.com.ar\/manual\/?page_id=3714"},"modified":"2025-06-10T12:17:28","modified_gmt":"2025-06-10T15:17:28","slug":"conceptos-calculo-sac","status":"publish","type":"page","link":"https:\/\/uniremunicipios.com.ar\/manual\/?page_id=3714","title":{"rendered":"Conceptos Calculo SAC"},"content":{"rendered":"<p>Consideraciones generales a tener en cuenta<\/p>\n<p>&nbsp;<\/p>\n<p>Debemos verificar antes de comenzar que ning\u00fan empleado tenga montos fijos (datos fijos), que act\u00faen sin tener en cuenta la f\u00f3rmula y que se cargaron oportunamente al liquidar el SAC anterior.<\/p>\n<p>En caso de que alguien tenga un importe, desactivarlo, para que haga el c\u00e1lculo autom\u00e1ticamente.<\/p>\n<p>Todos los meses deben tener bien cargado el per\u00edodo que corresponda, si hay per\u00edodos repetidos, el sistema no calcula correctamente. (ej.: Mayo 2022 y Abril 2022, tienen colocado ambos <strong>2022 04<\/strong>).<\/p>\n<p><strong>Si una persona ingresa con posterioridad al inicio del semestre, por ej: 10 de febrero \u00f3 15 de setiembre, el sistema hace un c\u00e1lculo proporcional, tomando los d\u00edas del semestre, con los d\u00edas trabajados.<\/strong><\/p>\n<p>&nbsp;<\/p>\n<p>Para el caso de que un empleado termine sus tareas, y deba pagarse un sac proporcional, lo ideal es hacerlo al momento de realizar la liquidaci\u00f3n final, para que no quede nada pendiente, en ese caso se usa un concepto de novedad sac proporcional y se carga manual.<\/p>\n<p>&nbsp;<\/p>\n<p>Si el empleado se toma una licencia extraordinaria, tambi\u00e9n conviene liquidarle el sac proporcional, ya que por el per\u00edodo que se toma la licencia no aparecer\u00e1 para liquidarle importe alguno.<\/p>\n<p>&nbsp;<\/p>\n<p><strong>En los tipos de liquidaci\u00f3n que corresponda, tenemos una solapa donde cargar los conceptos que acumular\u00e1 el sistema para hacer el SAC, casi en todos los municipios hablamos de montos remunerativos, pueden descontarse conceptos que se hayan pagado un mes y corresponden a un ajuste de meses anteriores.<\/strong><\/p>\n<p>&nbsp;<\/p>\n<p>Cuando el liquidador constata que hay que corregir un monto guardado del SAC, por un concepto que debemos descontar o sumar, podemos intervenir ese mes y corregir ese monto guardado, para que al momento de hacer el SAC considere el monto correcto.<br \/>\nSe va al per\u00edodo liquidado, a la liquidaci\u00f3n correspondiente, al empleado en cuesti\u00f3n y tenemos un icono que nos permite poner el acumulado de sac que realmente corresponde (casos excepcionales)<\/p>\n<p><img loading=\"lazy\" decoding=\"async\" class=\"wp-image-3715 aligncenter\" src=\"http:\/\/uniremunicipios.com.ar\/manual\/wp-content\/uploads\/2022\/06\/Pasted-into-Conceptos-Calculo-SAC.png\" width=\"427\" height=\"269\" srcset=\"https:\/\/uniremunicipios.com.ar\/manual\/wp-content\/uploads\/2022\/06\/Pasted-into-Conceptos-Calculo-SAC.png 692w, https:\/\/uniremunicipios.com.ar\/manual\/wp-content\/uploads\/2022\/06\/Pasted-into-Conceptos-Calculo-SAC-300x189.png 300w\" sizes=\"auto, (max-width: 427px) 100vw, 427px\" \/><\/p>\n<p>Debemos colocar a la liquidaci\u00f3n mensual, o permanente, contratado o como la llamen, la misma fecha de liquidaci\u00f3n que al sac, aunque lo liquidemos con anticipaci\u00f3n para que el<\/p>\n<p>sistema tome para el c\u00e1lculo hasta el \u00faltimo d\u00eda de junio o de diciembre seg\u00fan corresponda<\/p>\n<p><strong>Es decir 30\/06 o 31\/12. Liquidar primero el mensual y luego el sac.<\/strong><\/p>\n<p>L\u00f3gico que puede suceder que a posteriori se agregu\u00e9 alg\u00fan adicional que modifique el sueldo mayor y por ende el sac. En ese caso en el mensual se puede agregar el concepto reajuste sac<\/p>\n<p>incorporando el valor en que pueda haber aumentado el sac, o reajuste sac con monto en negativo, para el caso de alguien a quien por error le pagamos un sac mayor al que corresponde, por haber corregido la liquidaci\u00f3n (adicional err\u00f3neo u otro)<\/p>\n<p>&nbsp;<\/p>\n","protected":false},"excerpt":{"rendered":"<p>Consideraciones generales a tener en cuenta &nbsp; Debemos verificar antes de comenzar que ning\u00fan empleado tenga montos fijos (datos fijos), que act\u00faen sin tener en cuenta la f\u00f3rmula y que se cargaron oportunamente al liquidar el SAC anterior. En caso de que alguien tenga un importe, desactivarlo, para que haga el c\u00e1lculo autom\u00e1ticamente. Todos los [&hellip;]<\/p>\n","protected":false},"author":4,"featured_media":0,"parent":28,"menu_order":0,"comment_status":"closed","ping_status":"closed","template":"","meta":{"footnotes":""},"class_list":["post-3714","page","type-page","status-publish","hentry"],"_links":{"self":[{"href":"https:\/\/uniremunicipios.com.ar\/manual\/index.php?rest_route=\/wp\/v2\/pages\/3714","targetHints":{"allow":["GET"]}}],"collection":[{"href":"https:\/\/uniremunicipios.com.ar\/manual\/index.php?rest_route=\/wp\/v2\/pages"}],"about":[{"href":"https:\/\/uniremunicipios.com.ar\/manual\/index.php?rest_route=\/wp\/v2\/types\/page"}],"author":[{"embeddable":true,"href":"https:\/\/uniremunicipios.com.ar\/manual\/index.php?rest_route=\/wp\/v2\/users\/4"}],"replies":[{"embeddable":true,"href":"https:\/\/uniremunicipios.com.ar\/manual\/index.php?rest_route=%2Fwp%2Fv2%2Fcomments&post=3714"}],"version-history":[{"count":4,"href":"https:\/\/uniremunicipios.com.ar\/manual\/index.php?rest_route=\/wp\/v2\/pages\/3714\/revisions"}],"predecessor-version":[{"id":6028,"href":"https:\/\/uniremunicipios.com.ar\/manual\/index.php?rest_route=\/wp\/v2\/pages\/3714\/revisions\/6028"}],"up":[{"embeddable":true,"href":"https:\/\/uniremunicipios.com.ar\/manual\/index.php?rest_route=\/wp\/v2\/pages\/28"}],"wp:attachment":[{"href":"https:\/\/uniremunicipios.com.ar\/manual\/index.php?rest_route=%2Fwp%2Fv2%2Fmedia&parent=3714"}],"curies":[{"name":"wp","href":"https:\/\/api.w.org\/{rel}","templated":true}]}}