{"id":392,"date":"2019-06-07T10:54:57","date_gmt":"2019-06-07T13:54:57","guid":{"rendered":"http:\/\/uniremunicipios.com.ar\/manual\/?page_id=392"},"modified":"2024-10-07T11:50:18","modified_gmt":"2024-10-07T14:50:18","slug":"parte-diario","status":"publish","type":"page","link":"https:\/\/uniremunicipios.com.ar\/manual\/?page_id=392","title":{"rendered":"Parte diario"},"content":{"rendered":"<p class=\"rvps5\"><span class=\"rvts58\">Recursos Humanos necesita para poder informar a personal, para liquidar los sueldos, informaci\u00f3n de las distintas \u00e1reas del municipio, en tiempo y forma. Diariamente tiene que confeccionarse el parte diario que permitir\u00e1 controlar peri\u00f3dicamente el trabajo, los horarios, las funciones, las ausencias de todo el personal.<\/span><\/p>\n<p class=\"rvps5\"><span class=\"rvts58\">SE DEBE<\/span><\/p>\n<p class=\"rvps5\"><span class=\"rvts58\">. Definir los operadores en el lugar de trabajo\u2026<\/span><\/p>\n<p class=\"rvps5\"><span class=\"rvts58\">. Definir la variable 444 ingresando los conceptos de los adicionales (encargado de c\u00f3mputos)<\/span><\/p>\n<p class=\"rvps5\"><span class=\"rvts58\">. Cada Lugar de trabajo ingresa el parte diario desde la barra de botones del men\u00fa principal.<img loading=\"lazy\" decoding=\"async\" width=\"405\" height=\"150\" class=\"alignnone wp-image-2801 size-full\" src=\"http:\/\/uniremunicipios.com.ar\/manual\/wp-content\/uploads\/2021\/08\/Pasted-into-Parte-diario.png\" srcset=\"https:\/\/uniremunicipios.com.ar\/manual\/wp-content\/uploads\/2021\/08\/Pasted-into-Parte-diario.png 405w, https:\/\/uniremunicipios.com.ar\/manual\/wp-content\/uploads\/2021\/08\/Pasted-into-Parte-diario-300x111.png 300w\" sizes=\"auto, (max-width: 405px) 100vw, 405px\" \/><\/span><\/p>\n<p class=\"rvps5\"><span class=\"rvts58\">. Mientras este activo el parte lo podr\u00e1 modificar.<\/span><\/p>\n<p class=\"rvps5\"><span class=\"rvts58\">. Cuando se da de alta un parte diario nuevo, se cargan autom\u00e1ticamente los empleados que actualmente recursos humanos lo tienen asignado a ese lugar de trabajo y completa los datos con los del \u00faltimo parte diario.<\/span><\/p>\n<p class=\"rvps5\"><span class=\"rvts58\">\u00a0<\/span><img loading=\"lazy\" decoding=\"async\" src=\"http:\/\/uniremunicipios.com.ar\/manual-anterior\/lib\/PARTE%20DIARIO_archivosimage012.jpg\" alt=\"\" width=\"590\" height=\"492\" \/><\/p>\n<p class=\"rvps5\"><span class=\"rvts58\">\u00a0<\/span><\/p>\n<p class=\"rvps2\"><span class=\"rvts48\">Colocando modifica, ingreso en el empleado cuyos datos tengo que cambiar<\/span><\/p>\n<p class=\"rvps5\"><img loading=\"lazy\" decoding=\"async\" src=\"http:\/\/uniremunicipios.com.ar\/manual-anterior\/lib\/PARTE%20DIARIO_archivosimage013.jpg\" alt=\"\" width=\"447\" height=\"280\" \/><span class=\"rvts58\">\u00a0<\/span><\/p>\n<p class=\"rvps2\"><span class=\"rvts48\">Se puede cargar:- las faltas, pide el motivo &#8211; los adicionales pide cuales (ch\u00f3fer, cajero, tareas peligrosas, inspecci\u00f3n, etc). -puede asign\u00e1rsele\u00a0 una obra, colocar una observaci\u00f3n.<\/span><\/p>\n<p class=\"rvps5\"><span class=\"rvts58\">. Si hay un Empleado que no se desempe\u00f1a m\u00e1s en ese lugar de trabajo se lo tiene que comunicar a recursos humanos para que se lo reasigne al nuevo lugar.<\/span><\/p>\n<p class=\"rvps5\"><span class=\"rvts58\">\u00a0 De la planilla que se est\u00e1 ingresando se lo quita pulsando el bot\u00f3n BORRA.<\/span><\/p>\n<p><img loading=\"lazy\" decoding=\"async\" width=\"213\" height=\"134\" class=\"alignnone wp-image-2954 size-full\" src=\"http:\/\/uniremunicipios.com.ar\/manual\/wp-content\/uploads\/2021\/08\/Pasted-into-Parte-diario-1.png\" \/><\/p>\n<p><img loading=\"lazy\" decoding=\"async\" width=\"165\" height=\"91\" class=\"alignnone wp-image-2955 size-full\" src=\"http:\/\/uniremunicipios.com.ar\/manual\/wp-content\/uploads\/2021\/08\/Pasted-into-Parte-diario-2.png\" \/> se pueden cargar los datos de prendas de vestir y la entrega de las mismas<\/p>\n<p><img loading=\"lazy\" decoding=\"async\" width=\"388\" height=\"200\" class=\"alignnone wp-image-2956 size-full\" src=\"http:\/\/uniremunicipios.com.ar\/manual\/wp-content\/uploads\/2021\/08\/Pasted-into-Parte-diario-3.png\" srcset=\"https:\/\/uniremunicipios.com.ar\/manual\/wp-content\/uploads\/2021\/08\/Pasted-into-Parte-diario-3.png 388w, https:\/\/uniremunicipios.com.ar\/manual\/wp-content\/uploads\/2021\/08\/Pasted-into-Parte-diario-3-300x155.png 300w\" sizes=\"auto, (max-width: 388px) 100vw, 388px\" \/><\/p>\n<p>&nbsp;<\/p>\n<p>Se puede cargar: solicitud de horas extras, inasistencias, certificados m\u00e9dicos, permisos de salidas y se puede ver el saldo de licencias ordinarias del empleado en que estemos posicionado.<\/p>\n<p>Inasistencia por planilla permite cargar los d\u00edas, desde\/hasta y el motivo de inasistencia, quedando activo, hasta que RRHH previo an\u00e1lisis y confirmaci\u00f3n le da el estado terminado, generando en ese momento las inasistencias que toma autom\u00e1ticamente la liquidaci\u00f3n de sueldos<\/p>\n<p><img loading=\"lazy\" decoding=\"async\" width=\"616\" height=\"346\" class=\"alignnone wp-image-2959 size-full\" src=\"http:\/\/uniremunicipios.com.ar\/manual\/wp-content\/uploads\/2021\/08\/Pasted-into-Parte-diario-6.png\" srcset=\"https:\/\/uniremunicipios.com.ar\/manual\/wp-content\/uploads\/2021\/08\/Pasted-into-Parte-diario-6.png 616w, https:\/\/uniremunicipios.com.ar\/manual\/wp-content\/uploads\/2021\/08\/Pasted-into-Parte-diario-6-300x169.png 300w\" sizes=\"auto, (max-width: 616px) 100vw, 616px\" \/><\/p>\n<p><img loading=\"lazy\" decoding=\"async\" width=\"712\" height=\"130\" class=\"alignnone wp-image-2958 size-full\" src=\"http:\/\/uniremunicipios.com.ar\/manual\/wp-content\/uploads\/2021\/08\/Pasted-into-Parte-diario-5.png\" srcset=\"https:\/\/uniremunicipios.com.ar\/manual\/wp-content\/uploads\/2021\/08\/Pasted-into-Parte-diario-5.png 712w, https:\/\/uniremunicipios.com.ar\/manual\/wp-content\/uploads\/2021\/08\/Pasted-into-Parte-diario-5-300x55.png 300w\" sizes=\"auto, (max-width: 712px) 100vw, 712px\" \/><\/p>\n<p class=\"rvps5\"><span class=\"rvts58\">. Personal ( Recursos humanos ) debe cambiarle el estado de estos partes cuando los controla, pas\u00e1ndolos a CHEQUEADOS \u2013 TERMINADOS. Esto lo hace desde un reporte : TODOS LOS PARTES DIARIOS.<\/span><\/p>\n<p class=\"rvps5\"><span class=\"rvts58\">\u00a0 Este reporte se encuentra en el tema PERSONAL- PARTES DIARIOS. De esta manera no se puede modificar m\u00e1s ese parte.<\/span><\/p>\n<p class=\"rvps5\"><img loading=\"lazy\" decoding=\"async\" src=\"http:\/\/uniremunicipios.com.ar\/manual-anterior\/lib\/PARTE%20DIARIO_archivosimage014.jpg\" alt=\"\" width=\"332\" height=\"286\" \/><\/p>\n<p class=\"rvps5\"><span class=\"rvts58\">\u00a0<\/span><\/p>\n<p class=\"rvps5\"><span class=\"rvts58\">. Para volver a modificarlo se\u00a0 debe pedir a recursos humanos para que lo vuelva a activar.<\/span><\/p>\n<p class=\"rvps5\"><span class=\"rvts58\">Hay otros 3 reportes :<\/span><\/p>\n<p class=\"rvps5\"><span class=\"rvts58\">.\u00a0\u00a0 \u00a0<\/span><img loading=\"lazy\" decoding=\"async\" src=\"http:\/\/uniremunicipios.com.ar\/manual-anterior\/lib\/PARTE%20DIARIO_archivosimage015.jpg\" alt=\"\" width=\"425\" height=\"366\" \/><\/p>\n<p class=\"rvps5\"><span class=\"rvts58\">\u00a0 &#8211; Empleados que no est\u00e1n incluidos en ning\u00fan parte diario un d\u00eda determinado. (Para asignarlo a un lugar de trabajo )<\/span><\/p>\n<p class=\"rvps5\"><span class=\"rvts58\">\u00a0 &#8211; Empleados que faltaron en un d\u00eda determinado, seg\u00fan partes diarios. (Para el ingreso de la inasistencia )<\/span><\/p>\n<p class=\"rvps5\"><span class=\"rvts58\">\u00a0 &#8211; Todos los detalles de los partes diarios. (Para obtener estad\u00edsticas )<\/span><\/p>\n<p class=\"rvps5\"><span class=\"rvts58\">\u00a0<\/span><\/p>\n<p class=\"rvps5\"><span class=\"rvts58\">. Desde la ventana de empleados pueden consultar todos los partes diarios de un empleado. (Submen\u00fa inasistencia )<\/span><\/p>\n<p class=\"rvps5\"><span class=\"rvts58\">. En cada ventana, el parte diario como el del detalle del parte diario pueden cortarse por fecha de confecci\u00f3n<\/span><\/p>\n<p class=\"rvps5\"><span class=\"rvts58\">. En cada ventana, el parte diario como el del detalle del parte diario tienen montados distintos filtros\u2026<\/span><\/p>\n<p>En <img loading=\"lazy\" decoding=\"async\" width=\"50\" height=\"44\" class=\"alignnone wp-image-2962 size-full\" src=\"http:\/\/uniremunicipios.com.ar\/manual\/wp-content\/uploads\/2021\/08\/Pasted-into-Parte-diario-9.png\" \/> \u00a0 <img loading=\"lazy\" decoding=\"async\" width=\"403\" height=\"56\" class=\"alignnone wp-image-2961 size-full\" src=\"http:\/\/uniremunicipios.com.ar\/manual\/wp-content\/uploads\/2021\/08\/Pasted-into-Parte-diario-8.png\" srcset=\"https:\/\/uniremunicipios.com.ar\/manual\/wp-content\/uploads\/2021\/08\/Pasted-into-Parte-diario-8.png 403w, https:\/\/uniremunicipios.com.ar\/manual\/wp-content\/uploads\/2021\/08\/Pasted-into-Parte-diario-8-300x42.png 300w\" sizes=\"auto, (max-width: 403px) 100vw, 403px\" \/><\/p>\n<p><img loading=\"lazy\" decoding=\"async\" width=\"734\" height=\"141\" class=\"alignnone wp-image-2963 size-full\" src=\"http:\/\/uniremunicipios.com.ar\/manual\/wp-content\/uploads\/2021\/08\/Pasted-into-Parte-diario-10.png\" srcset=\"https:\/\/uniremunicipios.com.ar\/manual\/wp-content\/uploads\/2021\/08\/Pasted-into-Parte-diario-10.png 734w, https:\/\/uniremunicipios.com.ar\/manual\/wp-content\/uploads\/2021\/08\/Pasted-into-Parte-diario-10-300x58.png 300w\" sizes=\"auto, (max-width: 734px) 100vw, 734px\" \/><\/p>\n<p>Desde aqu\u00ed el personal de RRHH puede cambiarle el estado a todas las inasistencia por planilla, o ingresando a cada uno de los empleados<\/p>\n","protected":false},"excerpt":{"rendered":"<p>Recursos Humanos necesita para poder informar a personal, para liquidar los sueldos, informaci\u00f3n de las distintas \u00e1reas del municipio, en tiempo y forma. Diariamente tiene que confeccionarse el parte diario que permitir\u00e1 controlar peri\u00f3dicamente el trabajo, los horarios, las funciones, las ausencias de todo el personal. SE DEBE . Definir los operadores en el lugar [&hellip;]<\/p>\n","protected":false},"author":4,"featured_media":0,"parent":28,"menu_order":740,"comment_status":"closed","ping_status":"closed","template":"","meta":{"footnotes":""},"class_list":["post-392","page","type-page","status-publish","hentry"],"_links":{"self":[{"href":"https:\/\/uniremunicipios.com.ar\/manual\/index.php?rest_route=\/wp\/v2\/pages\/392","targetHints":{"allow":["GET"]}}],"collection":[{"href":"https:\/\/uniremunicipios.com.ar\/manual\/index.php?rest_route=\/wp\/v2\/pages"}],"about":[{"href":"https:\/\/uniremunicipios.com.ar\/manual\/index.php?rest_route=\/wp\/v2\/types\/page"}],"author":[{"embeddable":true,"href":"https:\/\/uniremunicipios.com.ar\/manual\/index.php?rest_route=\/wp\/v2\/users\/4"}],"replies":[{"embeddable":true,"href":"https:\/\/uniremunicipios.com.ar\/manual\/index.php?rest_route=%2Fwp%2Fv2%2Fcomments&post=392"}],"version-history":[{"count":7,"href":"https:\/\/uniremunicipios.com.ar\/manual\/index.php?rest_route=\/wp\/v2\/pages\/392\/revisions"}],"predecessor-version":[{"id":4880,"href":"https:\/\/uniremunicipios.com.ar\/manual\/index.php?rest_route=\/wp\/v2\/pages\/392\/revisions\/4880"}],"up":[{"embeddable":true,"href":"https:\/\/uniremunicipios.com.ar\/manual\/index.php?rest_route=\/wp\/v2\/pages\/28"}],"wp:attachment":[{"href":"https:\/\/uniremunicipios.com.ar\/manual\/index.php?rest_route=%2Fwp%2Fv2%2Fmedia&parent=392"}],"curies":[{"name":"wp","href":"https:\/\/api.w.org\/{rel}","templated":true}]}}