{"id":3983,"date":"2022-10-28T12:57:20","date_gmt":"2022-10-28T15:57:20","guid":{"rendered":"http:\/\/uniremunicipios.com.ar\/manual\/?page_id=3983"},"modified":"2024-11-14T15:11:37","modified_gmt":"2024-11-14T18:11:37","slug":"personas-fisicas-y-juridicas","status":"publish","type":"page","link":"https:\/\/uniremunicipios.com.ar\/manual\/?page_id=3983","title":{"rendered":"Personas F\u00edsicas y Jur\u00eddicas"},"content":{"rendered":"<h5><span style=\"color: #0000ff;\">PERSONAS FISICAS<\/span><\/h5>\n<p>En UNIRE, existe la especializaci\u00f3n de personas, tanto f\u00edsicas como jur\u00eddicas.<\/p>\n<p>Para ello en necesario ingresar al m\u00f3dulo GRAL, donde se puede observar la siguiente pantalla:<\/p>\n<p><img loading=\"lazy\" decoding=\"async\" width=\"785\" height=\"223\" class=\"alignnone wp-image-3989 size-full\" src=\"http:\/\/uniremunicipios.com.ar\/manual\/wp-content\/uploads\/2022\/10\/Pasted-into-Personas-Fisicas-y-Juridicas.png\" srcset=\"https:\/\/uniremunicipios.com.ar\/manual\/wp-content\/uploads\/2022\/10\/Pasted-into-Personas-Fisicas-y-Juridicas.png 785w, https:\/\/uniremunicipios.com.ar\/manual\/wp-content\/uploads\/2022\/10\/Pasted-into-Personas-Fisicas-y-Juridicas-300x85.png 300w, https:\/\/uniremunicipios.com.ar\/manual\/wp-content\/uploads\/2022\/10\/Pasted-into-Personas-Fisicas-y-Juridicas-768x218.png 768w\" sizes=\"auto, (max-width: 785px) 100vw, 785px\" \/><\/p>\n<p>En <img loading=\"lazy\" decoding=\"async\" width=\"226\" height=\"27\" class=\"alignnone wp-image-3990 size-full\" src=\"http:\/\/uniremunicipios.com.ar\/manual\/wp-content\/uploads\/2022\/10\/Pasted-into-Personas-Fisicas-y-Juridicas-1.png\" \/> se encuentran todas las personas, empresas, entidades, que est\u00e1n dadas de alta en el sistema. O sea, que est\u00e1n ABSOLUTAMENTE todas las personas.<\/p>\n<p>En <img loading=\"lazy\" decoding=\"async\" width=\"131\" height=\"27\" class=\"alignnone wp-image-3992 size-full\" src=\"http:\/\/uniremunicipios.com.ar\/manual\/wp-content\/uploads\/2022\/10\/Pasted-into-Personas-Fisicas-y-Juridicas-3.png\" \/> solo se encuentran\u00a0 el listado de personas f\u00edsicas dadas de alta en el sistema y se puede dar de alta una persona f\u00edsica y tambi\u00e9n en el bot\u00f3n r\u00e1pido que se encuentra en la barra principal <img loading=\"lazy\" decoding=\"async\" width=\"146\" height=\"69\" class=\"alignnone wp-image-3993 size-full\" src=\"http:\/\/uniremunicipios.com.ar\/manual\/wp-content\/uploads\/2022\/10\/Pasted-into-Personas-Fisicas-y-Juridicas-4.png\" \/>.<\/p>\n<p>Para un alta de persona f\u00edsica se debe poner tipo de documento 1, y el nro. DNI.<\/p>\n<p>En especializaciones de igual manera 1-DNI, pero se clasifica seg\u00fan la caracter\u00edstica.<\/p>\n<p>Todas estas especializaciones son tomadas en distintas \u00e1reas del municipio, como ser INSPECTORES\/TRIBUNAL DE FALTAS, ESCRIBANOS\/INMUEBLES, AGRIMENSORES\/MENSURAS, ABOGADOS\/TITULOS EJECUTORIOS-JUICIOS, etc.<\/p>\n<h5><span style=\"color: #0000ff;\">PERSONAS JURIDICAS<\/span><\/h5>\n<p>Men\u00fa: <strong>Personas\/Grupales jur\u00eddicas\/Asociaciones-Grupos<\/strong><\/p>\n<p><img loading=\"lazy\" decoding=\"async\" width=\"761\" height=\"160\" class=\"alignnone wp-image-3430 size-full\" src=\"http:\/\/uniremunicipios.com.ar\/manual\/wp-content\/uploads\/2021\/11\/Pasted-into-Crear-Asociaciones-y-Grupos-1.png\" srcset=\"https:\/\/uniremunicipios.com.ar\/manual\/wp-content\/uploads\/2021\/11\/Pasted-into-Crear-Asociaciones-y-Grupos-1.png 761w, https:\/\/uniremunicipios.com.ar\/manual\/wp-content\/uploads\/2021\/11\/Pasted-into-Crear-Asociaciones-y-Grupos-1-300x63.png 300w\" sizes=\"auto, (max-width: 761px) 100vw, 761px\" \/><\/p>\n<p>Con el bot\u00f3n <img loading=\"lazy\" decoding=\"async\" width=\"47\" height=\"49\" class=\"alignnone wp-image-3432 size-full\" src=\"http:\/\/uniremunicipios.com.ar\/manual\/wp-content\/uploads\/2021\/11\/Pasted-into-Crear-Asociaciones-y-Grupos-3.png\" \/>\u00a0adicionamos un grupo o asociaci\u00f3n.<\/p>\n<p>El sistema asigna un N\u00ba autom\u00e1ticamente con un tipo de documento: 6<\/p>\n<p><img loading=\"lazy\" decoding=\"async\" width=\"337\" height=\"190\" class=\"alignnone wp-image-3434 size-full\" src=\"http:\/\/uniremunicipios.com.ar\/manual\/wp-content\/uploads\/2021\/11\/Pasted-into-Crear-Asociaciones-y-Grupos-5.png\" srcset=\"https:\/\/uniremunicipios.com.ar\/manual\/wp-content\/uploads\/2021\/11\/Pasted-into-Crear-Asociaciones-y-Grupos-5.png 337w, https:\/\/uniremunicipios.com.ar\/manual\/wp-content\/uploads\/2021\/11\/Pasted-into-Crear-Asociaciones-y-Grupos-5-300x169.png 300w\" sizes=\"auto, (max-width: 337px) 100vw, 337px\" \/><\/p>\n<p>En raz\u00f3n social debemos colocar el nombre del GRUPO o\u00a0 ASOCIACION.<\/p>\n<p>Completar todos los datos que podamos.<\/p>\n<p>Luego en la pesta\u00f1a INTEGRANTES\/PROPIETARIOS debemos ingresar todos las personas que componen este grupo.<\/p>\n<p>&nbsp;<\/p>\n<p><img loading=\"lazy\" decoding=\"async\" width=\"481\" height=\"247\" class=\"alignnone wp-image-3435 size-full\" src=\"http:\/\/uniremunicipios.com.ar\/manual\/wp-content\/uploads\/2021\/11\/Pasted-into-Crear-Asociaciones-y-Grupos-6.png\" srcset=\"https:\/\/uniremunicipios.com.ar\/manual\/wp-content\/uploads\/2021\/11\/Pasted-into-Crear-Asociaciones-y-Grupos-6.png 481w, https:\/\/uniremunicipios.com.ar\/manual\/wp-content\/uploads\/2021\/11\/Pasted-into-Crear-Asociaciones-y-Grupos-6-300x154.png 300w\" sizes=\"auto, (max-width: 481px) 100vw, 481px\" \/><\/p>\n<p>si queremos saber si una persona integra un grupo, clickeando en la lupita en la persona, nos abre esta pantalla y en Persona nos indica que es integrante de un grupo<\/p>\n<p>&nbsp;<\/p>\n<p>En:<\/p>\n<p><img loading=\"lazy\" decoding=\"async\" width=\"604\" height=\"190\" class=\"alignnone wp-image-3998 size-full\" src=\"http:\/\/uniremunicipios.com.ar\/manual\/wp-content\/uploads\/2022\/10\/Pasted-into-Personas-Fisicas-y-Juridicas-9.png\" srcset=\"https:\/\/uniremunicipios.com.ar\/manual\/wp-content\/uploads\/2022\/10\/Pasted-into-Personas-Fisicas-y-Juridicas-9.png 604w, https:\/\/uniremunicipios.com.ar\/manual\/wp-content\/uploads\/2022\/10\/Pasted-into-Personas-Fisicas-y-Juridicas-9-300x94.png 300w\" sizes=\"auto, (max-width: 604px) 100vw, 604px\" \/><\/p>\n<p>podemos clasificar seg\u00fan la caracter\u00edstica del grupo.<\/p>\n<p>Estas clasificaciones son utilizadas por ejemplo ESTUDIOS CONTABLES en COMERCIO para las DDJJ, ENTIDADES DE APORTES Y RETENCIONES SUELDOS para el pago de sueldos y sus anexos, etc.<\/p>\n<p>En la clasificaci\u00f3n de empresas se encuentra: <img loading=\"lazy\" decoding=\"async\" width=\"188\" height=\"55\" class=\"alignnone wp-image-3999 size-full\" src=\"http:\/\/uniremunicipios.com.ar\/manual\/wp-content\/uploads\/2022\/10\/Pasted-into-Personas-Fisicas-y-Juridicas-10.png\" \/>.<\/p>\n<p>Cabe recalcar que todos los comercios son empresas, todos los proveedores son empresas, pero NO todas las empresas son comercios y\/o proveedores.<\/p>\n<p>Si un comercio se encuentra dado de alta y hay que agregarlo al listado de proveedores, es necesario darlo de alta en el m\u00f3dulo de PROVEEDORES, donde va a tener registrarlo. Cuando se pone el CUIT autom\u00e1ticamente trae todos los datos que posee el comercio, pero a partir de esto va a ser comercio y proveedor.<\/p>\n<p>Es igual si es la situaci\u00f3n inversa, o desde empresa.<\/p>\n<hr \/>\n<p>Es muy importante siempre ver la clasificaci\u00f3n de la persona, y se puede observar presionando la <img loading=\"lazy\" decoding=\"async\" class=\"wp-image-5473 alignnone size-medium\" src=\"http:\/\/uniremunicipios.com.ar\/manual\/wp-content\/uploads\/2024\/11\/image-83.png\" alt=\"\" width=\"23\" height=\"22\" \/><\/p>\n<p>que se encuentra a la derecha del nombre, donde aparece :\u00a0 <img loading=\"lazy\" decoding=\"async\" class=\"wp-image-5472 alignnone size-medium\" src=\"http:\/\/uniremunicipios.com.ar\/manual\/wp-content\/uploads\/2024\/11\/image-82.png\" alt=\"\" width=\"154\" height=\"53\" srcset=\"https:\/\/uniremunicipios.com.ar\/manual\/wp-content\/uploads\/2024\/11\/image-82.png 154w, https:\/\/uniremunicipios.com.ar\/manual\/wp-content\/uploads\/2024\/11\/image-82-150x53.png 150w\" sizes=\"auto, (max-width: 154px) 100vw, 154px\" \/><\/p>\n<p>en QUE ES?, UNIRE les responder\u00e1 las relaciones que existen en el sistema.<\/p>\n<hr \/>\n<p>&nbsp;<\/p>\n","protected":false},"excerpt":{"rendered":"<p>PERSONAS FISICAS En UNIRE, existe la especializaci\u00f3n de personas, tanto f\u00edsicas como jur\u00eddicas. Para ello en necesario ingresar al m\u00f3dulo GRAL, donde se puede observar la siguiente pantalla: En se encuentran todas las personas, empresas, entidades, que est\u00e1n dadas de alta en el sistema. O sea, que est\u00e1n ABSOLUTAMENTE todas las personas. En solo se [&hellip;]<\/p>\n","protected":false},"author":8,"featured_media":0,"parent":600,"menu_order":0,"comment_status":"closed","ping_status":"closed","template":"","meta":{"footnotes":""},"class_list":["post-3983","page","type-page","status-publish","hentry"],"_links":{"self":[{"href":"https:\/\/uniremunicipios.com.ar\/manual\/index.php?rest_route=\/wp\/v2\/pages\/3983","targetHints":{"allow":["GET"]}}],"collection":[{"href":"https:\/\/uniremunicipios.com.ar\/manual\/index.php?rest_route=\/wp\/v2\/pages"}],"about":[{"href":"https:\/\/uniremunicipios.com.ar\/manual\/index.php?rest_route=\/wp\/v2\/types\/page"}],"author":[{"embeddable":true,"href":"https:\/\/uniremunicipios.com.ar\/manual\/index.php?rest_route=\/wp\/v2\/users\/8"}],"replies":[{"embeddable":true,"href":"https:\/\/uniremunicipios.com.ar\/manual\/index.php?rest_route=%2Fwp%2Fv2%2Fcomments&post=3983"}],"version-history":[{"count":8,"href":"https:\/\/uniremunicipios.com.ar\/manual\/index.php?rest_route=\/wp\/v2\/pages\/3983\/revisions"}],"predecessor-version":[{"id":5477,"href":"https:\/\/uniremunicipios.com.ar\/manual\/index.php?rest_route=\/wp\/v2\/pages\/3983\/revisions\/5477"}],"up":[{"embeddable":true,"href":"https:\/\/uniremunicipios.com.ar\/manual\/index.php?rest_route=\/wp\/v2\/pages\/600"}],"wp:attachment":[{"href":"https:\/\/uniremunicipios.com.ar\/manual\/index.php?rest_route=%2Fwp%2Fv2%2Fmedia&parent=3983"}],"curies":[{"name":"wp","href":"https:\/\/api.w.org\/{rel}","templated":true}]}}