{"id":4015,"date":"2022-11-07T16:03:37","date_gmt":"2022-11-07T19:03:37","guid":{"rendered":"http:\/\/uniremunicipios.com.ar\/manual\/?page_id=4015"},"modified":"2023-10-10T15:02:23","modified_gmt":"2023-10-10T18:02:23","slug":"licencias-ordinarias-variable-necesaria-par-empezar-a-cargar","status":"publish","type":"page","link":"https:\/\/uniremunicipios.com.ar\/manual\/?page_id=4015","title":{"rendered":"LICENCIAS ORDINARIAS-VARIABLE NECESARIA PAR EMPEZAR A CARGAR"},"content":{"rendered":"<p>Cuando iniciamos en un Municipio, debemos colocar las licencias pendientes, para llevar los saldos a trav\u00e9s de UNIRE,\u00a0 ver de que a\u00f1o hay vacaciones pendientes, y de ah\u00ed para atr\u00e1s pedirle al personal de UNIRE que borre esas licencias que ya est\u00e1n tomadas o vencidas.<\/p>\n<p>El personal de UNIRE deber\u00e1 ejecutar un proceso,\u00a0 con una variable, descripta en el COSMOS en INSTALACI\u00d3N, lo que refiere a RRHH<\/p>\n<p>considerar que se debe colocar el a\u00f1o hasta el que se borran las vacaciones.<\/p>\n<p>Ej: se borran o se tomaron hasta el a\u00f1o 2019, colocar en la variable el 2019, al otro d\u00eda el robot de UNIRE ejecuta la tarea<\/p>\n<p>&nbsp;<\/p>\n","protected":false},"excerpt":{"rendered":"<p>Cuando iniciamos en un Municipio, debemos colocar las licencias pendientes, para llevar los saldos a trav\u00e9s de UNIRE,\u00a0 ver de que a\u00f1o hay vacaciones pendientes, y de ah\u00ed para atr\u00e1s pedirle al personal de UNIRE que borre esas licencias que ya est\u00e1n tomadas o vencidas. El personal de UNIRE deber\u00e1 ejecutar un proceso,\u00a0 con una [&hellip;]<\/p>\n","protected":false},"author":3,"featured_media":0,"parent":28,"menu_order":0,"comment_status":"closed","ping_status":"closed","template":"","meta":{"footnotes":""},"class_list":["post-4015","page","type-page","status-publish","hentry"],"_links":{"self":[{"href":"https:\/\/uniremunicipios.com.ar\/manual\/index.php?rest_route=\/wp\/v2\/pages\/4015","targetHints":{"allow":["GET"]}}],"collection":[{"href":"https:\/\/uniremunicipios.com.ar\/manual\/index.php?rest_route=\/wp\/v2\/pages"}],"about":[{"href":"https:\/\/uniremunicipios.com.ar\/manual\/index.php?rest_route=\/wp\/v2\/types\/page"}],"author":[{"embeddable":true,"href":"https:\/\/uniremunicipios.com.ar\/manual\/index.php?rest_route=\/wp\/v2\/users\/3"}],"replies":[{"embeddable":true,"href":"https:\/\/uniremunicipios.com.ar\/manual\/index.php?rest_route=%2Fwp%2Fv2%2Fcomments&post=4015"}],"version-history":[{"count":3,"href":"https:\/\/uniremunicipios.com.ar\/manual\/index.php?rest_route=\/wp\/v2\/pages\/4015\/revisions"}],"predecessor-version":[{"id":4245,"href":"https:\/\/uniremunicipios.com.ar\/manual\/index.php?rest_route=\/wp\/v2\/pages\/4015\/revisions\/4245"}],"up":[{"embeddable":true,"href":"https:\/\/uniremunicipios.com.ar\/manual\/index.php?rest_route=\/wp\/v2\/pages\/28"}],"wp:attachment":[{"href":"https:\/\/uniremunicipios.com.ar\/manual\/index.php?rest_route=%2Fwp%2Fv2%2Fmedia&parent=4015"}],"curies":[{"name":"wp","href":"https:\/\/api.w.org\/{rel}","templated":true}]}}