{"id":4125,"date":"2023-05-16T14:54:00","date_gmt":"2023-05-16T17:54:00","guid":{"rendered":"http:\/\/uniremunicipios.com.ar\/manual\/?page_id=4125"},"modified":"2023-05-16T14:54:00","modified_gmt":"2023-05-16T17:54:00","slug":"quienes-deben-y-que-cantidad-de-cuotas-de-una-obra","status":"publish","type":"page","link":"https:\/\/uniremunicipios.com.ar\/manual\/?page_id=4125","title":{"rendered":"Quienes deben y qu\u00e9 cantidad de cuotas de una obra"},"content":{"rendered":"<ul>\n<li>M\u00f3dulo: UNIRE IMPUESTO GENERAL<\/li>\n<li>Men\u00fa: Tributos\/Tributos inmuebles urbanos<\/li>\n<li>Me paro sobre el tributo a analizar, en este caso OBRA ALUMBRADO LED<\/li>\n<li>Clic en RECIBOS (Esto me muestra una pantalla con todos los recibos de la obra)<\/li>\n<li>Con FX TODOS\/Filtro sobre archivo \u00edndice , desde : 01\/01\/80 hasta 25\/04\/23 ( con esto vamos a filtrar todos los recibos hasta el d\u00eda de hoy)<\/li>\n<li>Con FX TODOS\/Coloca filtros prestablecidos\/Recibos activos (porque queremos saber qui\u00e9nes tienen recibos no pagados hasta el d\u00eda de hoy)<\/li>\n<li>Bot\u00f3n An\u00e1lisis\/Analiza el conjunto de recibos por BIEN IMPONIBLE<\/li>\n<li>Y all\u00ed tendr\u00e1s quienes deben y qu\u00e9 cantidad de cuotas<\/li>\n<li>Eso lo pod\u00e9s exportar a un Excel con FX TODOS<\/li>\n<\/ul>\n","protected":false},"excerpt":{"rendered":"<p>M\u00f3dulo: UNIRE IMPUESTO GENERAL Men\u00fa: Tributos\/Tributos inmuebles urbanos Me paro sobre el tributo a analizar, en este caso OBRA ALUMBRADO LED Clic en RECIBOS (Esto me muestra una pantalla con todos los recibos de la obra) Con FX TODOS\/Filtro sobre archivo \u00edndice , desde : 01\/01\/80 hasta 25\/04\/23 ( con esto vamos a filtrar todos [&hellip;]<\/p>\n","protected":false},"author":4,"featured_media":0,"parent":787,"menu_order":0,"comment_status":"closed","ping_status":"closed","template":"","meta":{"footnotes":""},"class_list":["post-4125","page","type-page","status-publish","hentry"],"_links":{"self":[{"href":"https:\/\/uniremunicipios.com.ar\/manual\/index.php?rest_route=\/wp\/v2\/pages\/4125","targetHints":{"allow":["GET"]}}],"collection":[{"href":"https:\/\/uniremunicipios.com.ar\/manual\/index.php?rest_route=\/wp\/v2\/pages"}],"about":[{"href":"https:\/\/uniremunicipios.com.ar\/manual\/index.php?rest_route=\/wp\/v2\/types\/page"}],"author":[{"embeddable":true,"href":"https:\/\/uniremunicipios.com.ar\/manual\/index.php?rest_route=\/wp\/v2\/users\/4"}],"replies":[{"embeddable":true,"href":"https:\/\/uniremunicipios.com.ar\/manual\/index.php?rest_route=%2Fwp%2Fv2%2Fcomments&post=4125"}],"version-history":[{"count":1,"href":"https:\/\/uniremunicipios.com.ar\/manual\/index.php?rest_route=\/wp\/v2\/pages\/4125\/revisions"}],"predecessor-version":[{"id":4126,"href":"https:\/\/uniremunicipios.com.ar\/manual\/index.php?rest_route=\/wp\/v2\/pages\/4125\/revisions\/4126"}],"up":[{"embeddable":true,"href":"https:\/\/uniremunicipios.com.ar\/manual\/index.php?rest_route=\/wp\/v2\/pages\/787"}],"wp:attachment":[{"href":"https:\/\/uniremunicipios.com.ar\/manual\/index.php?rest_route=%2Fwp%2Fv2%2Fmedia&parent=4125"}],"curies":[{"name":"wp","href":"https:\/\/api.w.org\/{rel}","templated":true}]}}