{"id":4209,"date":"2023-07-06T15:40:37","date_gmt":"2023-07-06T18:40:37","guid":{"rendered":"http:\/\/uniremunicipios.com.ar\/manual\/?page_id=4209"},"modified":"2023-07-06T15:40:37","modified_gmt":"2023-07-06T18:40:37","slug":"empleado-con-discapacidad-td","status":"publish","type":"page","link":"https:\/\/uniremunicipios.com.ar\/manual\/?page_id=4209","title":{"rendered":"EMPLEADO CON DISCAPACIDAD (TD)"},"content":{"rendered":"<p>Se puede cargar aquel empleado que tenga certificado de discapacidad<\/p>\n<p><img loading=\"lazy\" decoding=\"async\" class=\"alignnone wp-image-4210 \" src=\"http:\/\/uniremunicipios.com.ar\/manual\/wp-content\/uploads\/2023\/07\/Pasted-into-EMPLEADO-CON-DISCAPACIDAD-TD.png\" width=\"257\" height=\"382\" srcset=\"https:\/\/uniremunicipios.com.ar\/manual\/wp-content\/uploads\/2023\/07\/Pasted-into-EMPLEADO-CON-DISCAPACIDAD-TD.png 343w, https:\/\/uniremunicipios.com.ar\/manual\/wp-content\/uploads\/2023\/07\/Pasted-into-EMPLEADO-CON-DISCAPACIDAD-TD-202x300.png 202w\" sizes=\"auto, (max-width: 257px) 100vw, 257px\" \/><\/p>\n<p><img loading=\"lazy\" decoding=\"async\" class=\"alignnone wp-image-4211 \" src=\"http:\/\/uniremunicipios.com.ar\/manual\/wp-content\/uploads\/2023\/07\/Pasted-into-EMPLEADO-CON-DISCAPACIDAD-TD-1.png\" width=\"393\" height=\"202\" srcset=\"https:\/\/uniremunicipios.com.ar\/manual\/wp-content\/uploads\/2023\/07\/Pasted-into-EMPLEADO-CON-DISCAPACIDAD-TD-1.png 617w, https:\/\/uniremunicipios.com.ar\/manual\/wp-content\/uploads\/2023\/07\/Pasted-into-EMPLEADO-CON-DISCAPACIDAD-TD-1-300x155.png 300w\" sizes=\"auto, (max-width: 393px) 100vw, 393px\" \/><\/p>\n<p><img loading=\"lazy\" decoding=\"async\" class=\"alignnone wp-image-4212 \" src=\"http:\/\/uniremunicipios.com.ar\/manual\/wp-content\/uploads\/2023\/07\/Pasted-into-EMPLEADO-CON-DISCAPACIDAD-TD-2.png\" width=\"376\" height=\"233\" srcset=\"https:\/\/uniremunicipios.com.ar\/manual\/wp-content\/uploads\/2023\/07\/Pasted-into-EMPLEADO-CON-DISCAPACIDAD-TD-2.png 591w, https:\/\/uniremunicipios.com.ar\/manual\/wp-content\/uploads\/2023\/07\/Pasted-into-EMPLEADO-CON-DISCAPACIDAD-TD-2-300x186.png 300w\" sizes=\"auto, (max-width: 376px) 100vw, 376px\" \/><\/p>\n<p>&nbsp;<\/p>\n<p>Por el momento reviste \u00fanicamente car\u00e1cter informativo, no interviene en la liquidaci\u00f3n de sueldos.<\/p>\n<p>&nbsp;<\/p>\n","protected":false},"excerpt":{"rendered":"<p>Se puede cargar aquel empleado que tenga certificado de discapacidad &nbsp; Por el momento reviste \u00fanicamente car\u00e1cter informativo, no interviene en la liquidaci\u00f3n de sueldos. &nbsp;<\/p>\n","protected":false},"author":3,"featured_media":0,"parent":28,"menu_order":0,"comment_status":"closed","ping_status":"closed","template":"","meta":{"footnotes":""},"class_list":["post-4209","page","type-page","status-publish","hentry"],"_links":{"self":[{"href":"https:\/\/uniremunicipios.com.ar\/manual\/index.php?rest_route=\/wp\/v2\/pages\/4209","targetHints":{"allow":["GET"]}}],"collection":[{"href":"https:\/\/uniremunicipios.com.ar\/manual\/index.php?rest_route=\/wp\/v2\/pages"}],"about":[{"href":"https:\/\/uniremunicipios.com.ar\/manual\/index.php?rest_route=\/wp\/v2\/types\/page"}],"author":[{"embeddable":true,"href":"https:\/\/uniremunicipios.com.ar\/manual\/index.php?rest_route=\/wp\/v2\/users\/3"}],"replies":[{"embeddable":true,"href":"https:\/\/uniremunicipios.com.ar\/manual\/index.php?rest_route=%2Fwp%2Fv2%2Fcomments&post=4209"}],"version-history":[{"count":1,"href":"https:\/\/uniremunicipios.com.ar\/manual\/index.php?rest_route=\/wp\/v2\/pages\/4209\/revisions"}],"predecessor-version":[{"id":4213,"href":"https:\/\/uniremunicipios.com.ar\/manual\/index.php?rest_route=\/wp\/v2\/pages\/4209\/revisions\/4213"}],"up":[{"embeddable":true,"href":"https:\/\/uniremunicipios.com.ar\/manual\/index.php?rest_route=\/wp\/v2\/pages\/28"}],"wp:attachment":[{"href":"https:\/\/uniremunicipios.com.ar\/manual\/index.php?rest_route=%2Fwp%2Fv2%2Fmedia&parent=4209"}],"curies":[{"name":"wp","href":"https:\/\/api.w.org\/{rel}","templated":true}]}}

<p>Se puede cargar aquel empleado que tenga certificado de discapacidad</p>
<p><img loading="lazy" decoding="async" class="alignnone wp-image-4210 " src="http://uniremunicipios.com.ar/manual/wp-content/uploads/2023/07/Pasted-into-EMPLEADO-CON-DISCAPACIDAD-TD.png" width="257" height="382" srcset="https://uniremunicipios.com.ar/manual/wp-content/uploads/2023/07/Pasted-into-EMPLEADO-CON-DISCAPACIDAD-TD.png 343w, https://uniremunicipios.com.ar/manual/wp-content/uploads/2023/07/Pasted-into-EMPLEADO-CON-DISCAPACIDAD-TD-202x300.png 202w" sizes="auto, (max-width: 257px) 100vw, 257px" /></p>
<p><img loading="lazy" decoding="async" class="alignnone wp-image-4211 " src="http://uniremunicipios.com.ar/manual/wp-content/uploads/2023/07/Pasted-into-EMPLEADO-CON-DISCAPACIDAD-TD-1.png" width="393" height="202" srcset="https://uniremunicipios.com.ar/manual/wp-content/uploads/2023/07/Pasted-into-EMPLEADO-CON-DISCAPACIDAD-TD-1.png 617w, https://uniremunicipios.com.ar/manual/wp-content/uploads/2023/07/Pasted-into-EMPLEADO-CON-DISCAPACIDAD-TD-1-300x155.png 300w" sizes="auto, (max-width: 393px) 100vw, 393px" /></p>
<p><img loading="lazy" decoding="async" class="alignnone wp-image-4212 " src="http://uniremunicipios.com.ar/manual/wp-content/uploads/2023/07/Pasted-into-EMPLEADO-CON-DISCAPACIDAD-TD-2.png" width="376" height="233" srcset="https://uniremunicipios.com.ar/manual/wp-content/uploads/2023/07/Pasted-into-EMPLEADO-CON-DISCAPACIDAD-TD-2.png 591w, https://uniremunicipios.com.ar/manual/wp-content/uploads/2023/07/Pasted-into-EMPLEADO-CON-DISCAPACIDAD-TD-2-300x186.png 300w" sizes="auto, (max-width: 376px) 100vw, 376px" /></p>
<p>&nbsp;</p>
<p>Por el momento reviste únicamente carácter informativo, no interviene en la liquidación de sueldos.</p>
<p>&nbsp;</p>

<p>Se puede cargar aquel empleado que tenga certificado de discapacidad &nbsp; Por el momento reviste únicamente carácter informativo, no interviene en la liquidación de sueldos. &nbsp;</p>
