{"id":427,"date":"2019-06-10T17:03:13","date_gmt":"2019-06-10T20:03:13","guid":{"rendered":"http:\/\/uniremunicipios.com.ar\/manual\/?page_id=427"},"modified":"2021-08-09T16:49:07","modified_gmt":"2021-08-09T19:49:07","slug":"cargar-calles-y-manzanas","status":"publish","type":"page","link":"https:\/\/uniremunicipios.com.ar\/manual\/?page_id=427","title":{"rendered":"Cargar calles y manzanas"},"content":{"rendered":"<p class=\"rvps4\"><span class=\"rvts11\">CARGA DE CALLES, MANZANAS Y PROPIEDADES CEMENTERIO<\/span><\/p>\n<p class=\"rvps5\"><span class=\"rvts12\">Al igual que para una ciudad, debemos observar un mapa del cementerio y definir calles y manzanas, para despu\u00e9s cargarlos en el sistema<\/span><\/p>\n<p class=\"rvps5\"><span class=\"rvts12\">En la opci\u00f3n de men\u00fa: Inmuebles\/Tablas\/Calles \u00a0<\/span><\/p>\n<p class=\"rvps5\"><img loading=\"lazy\" decoding=\"async\" src=\"http:\/\/uniremunicipios.com.ar\/manual-anterior\/lib\/NewItem147.png\" alt=\"\" width=\"602\" height=\"374\" \/><\/p>\n<p class=\"rvps5\"><span class=\"rvts12\">en este ejemplo cargo la calle con el n\u00famero C1, abre la siguiente ventana pidiendo el NOMBRE y el PUNTO CARDINAL en el que nace la calle.<\/span><\/p>\n<p class=\"rvps5\"><img loading=\"lazy\" decoding=\"async\" src=\"http:\/\/uniremunicipios.com.ar\/manual-anterior\/lib\/NewItem148.png\" alt=\"\" width=\"617\" height=\"393\" \/><\/p>\n<p class=\"rvps5\"><span class=\"rvts12\">En este ejemplo, el nombre es SUR y el punto cardinal donde nace: E (Este).<\/span><\/p>\n<p class=\"rvps5\"><span class=\"rvts12\">El bot\u00f3n\u00a0<\/span><img decoding=\"async\" src=\"http:\/\/uniremunicipios.com.ar\/manual-anterior\/lib\/NewItem149.png\" alt=\"\" \/><span class=\"rvts12\">\u00a0(Tramos)<\/span><\/p>\n<p class=\"rvps5\"><img loading=\"lazy\" decoding=\"async\" src=\"http:\/\/uniremunicipios.com.ar\/manual-anterior\/lib\/NewItem150.png\" alt=\"\" width=\"620\" height=\"398\" \/><\/p>\n<p class=\"rvps5\"><span class=\"rvts12\">Rango de tramos (autom\u00e1ticamente de 100 en 100) puedo colocar en el caso de que sean 2 cuadras del 1 al 200<\/span><\/p>\n<p class=\"rvps5\"><img loading=\"lazy\" decoding=\"async\" src=\"http:\/\/uniremunicipios.com.ar\/manual-anterior\/lib\/NewItem151.png\" alt=\"\" width=\"618\" height=\"392\" \/><\/p>\n<p class=\"rvps5\"><img loading=\"lazy\" decoding=\"async\" src=\"http:\/\/uniremunicipios.com.ar\/manual-anterior\/lib\/NewItem152.png\" alt=\"\" width=\"617\" height=\"403\" \/><\/p>\n<p class=\"rvps5\"><span class=\"rvts12\">Debo colocarles los lados (Ld) a las manzanas (ideal tener un plano o confeccionarlo para ver las calles, los lados pares o impares de las mismas.<\/span><\/p>\n<p class=\"rvps5\"><span class=\"rvts12\">En el mapa observamos las manzanas, las calles y el lado par o impar de una de las veredas, lo que nos permite conformar las manzanas teniendo en cuenta las cuatro calles que la conforman:<\/span><\/p>\n<p class=\"rvps5\"><span class=\"rvts12\">Ejemplo:<\/span><\/p>\n<p class=\"rvps5\"><span class=\"rvts12\">Manzana 1 (M1): calle Sur 1-50 Impar, calle Principal 1-50 Par, calle Media 1-50 Par, calle Este 1-50 Impar<\/span><\/p>\n<p class=\"rvps5\"><span class=\"rvts12\">Manzana 2 (M2): calle Sur 51-100 Impar, calle Principal 1-50 Impar, calle Media 51-100 Par, calle Oeste 1-50 Par<\/span><\/p>\n<p class=\"rvps5\"><img decoding=\"async\" src=\"http:\/\/uniremunicipios.com.ar\/manual-anterior\/lib\/NewItem153.png\" alt=\"\" \/><\/p>\n<p class=\"rvps5\"><span class=\"rvts12\">Manzana 3 (M3): calle Media 1-50 Impar, calle Principal 51-100 Par, calle Norte 1-50 Par y calle Este 51-100 Impar<\/span><\/p>\n<p class=\"rvps5\"><span class=\"rvts12\">Manzana 4 (M4): calle Media 51-100 Impar, calle Principal 51-100 Impar, Calle Norte 51-100 Par y calle Oeste 51-100 Par<\/span><\/p>\n<p class=\"rvps5\"><img loading=\"lazy\" decoding=\"async\" src=\"http:\/\/uniremunicipios.com.ar\/manual-anterior\/lib\/NewItem154.png\" alt=\"\" width=\"648\" height=\"380\" \/><\/p>\n<p class=\"rvps5\"><img loading=\"lazy\" decoding=\"async\" src=\"http:\/\/uniremunicipios.com.ar\/manual-anterior\/lib\/NewItem155.png\" alt=\"\" width=\"648\" height=\"380\" \/><\/p>\n<p class=\"rvps5\"><span class=\"rvts12\">EN MANZANA<\/span><\/p>\n<p class=\"rvps5\"><img loading=\"lazy\" decoding=\"async\" src=\"http:\/\/uniremunicipios.com.ar\/manual-anterior\/lib\/NewItem156.png\" alt=\"\" width=\"652\" height=\"382\" \/><span class=\"rvts12\">\u00a0\u00a0\u00a0<\/span><img loading=\"lazy\" decoding=\"async\" src=\"http:\/\/uniremunicipios.com.ar\/manual-anterior\/lib\/NewItem157.png\" alt=\"\" width=\"652\" height=\"382\" \/><\/p>\n<p class=\"rvps5\"><span class=\"rvts12\">LA SUPERFICIE PUEDE SER REGULAR O IRREGULAR DEBEMOS REALIZAR LA MEDICI\u00d3N DE LOS LADOS DE LA MANZANA.<\/span><\/p>\n<p class=\"rvps5\"><span class=\"rvts47\">Inmuebles\/Tablas\/Usos de Cementerio<\/span><span class=\"rvts12\">\u00a0\u00a0 \u00a0 \u00a0 \u00a0 \u00a0 \u00a0 \u00a0 \u00a0<\/span><\/p>\n<p class=\"rvps5\"><span class=\"rvts12\">Inicialmente debo cargar el tipo de sepultura de acuerdo a su construcci\u00f3n: B\u00f3veda, Nicho, Sepultada, Edificaci\u00f3n horizontal, Otras<\/span><\/p>\n<p class=\"rvps5\"><span class=\"rvts12\">Luego de cargarlas puedo incorporar los inmuebles<\/span><\/p>\n<p class=\"rvps5\"><img loading=\"lazy\" decoding=\"async\" src=\"http:\/\/uniremunicipios.com.ar\/manual-anterior\/lib\/NewItem158.png\" alt=\"\" width=\"621\" height=\"302\" \/><\/p>\n<p class=\"rvps5\"><img loading=\"lazy\" decoding=\"async\" src=\"http:\/\/uniremunicipios.com.ar\/manual-anterior\/lib\/NewItem159.png\" alt=\"\" width=\"625\" height=\"366\" \/><\/p>\n<p class=\"rvps5\"><img loading=\"lazy\" decoding=\"async\" src=\"http:\/\/uniremunicipios.com.ar\/manual-anterior\/lib\/NewItem160.png\" alt=\"\" width=\"626\" height=\"367\" \/><\/p>\n<p class=\"rvps5\"><img loading=\"lazy\" decoding=\"async\" src=\"http:\/\/uniremunicipios.com.ar\/manual-anterior\/lib\/NewItem161.png\" alt=\"\" width=\"624\" height=\"366\" \/><\/p>\n<p class=\"rvps5\"><span class=\"rvts12\">Luego le asigno el propietario de igual forma que en inmuebles urbanos.<\/span><\/p>\n","protected":false},"excerpt":{"rendered":"<p>CARGA DE CALLES, MANZANAS Y PROPIEDADES CEMENTERIO Al igual que para una ciudad, debemos observar un mapa del cementerio y definir calles y manzanas, para despu\u00e9s cargarlos en el sistema En la opci\u00f3n de men\u00fa: Inmuebles\/Tablas\/Calles \u00a0 en este ejemplo cargo la calle con el n\u00famero C1, abre la siguiente ventana pidiendo el NOMBRE y [&hellip;]<\/p>\n","protected":false},"author":4,"featured_media":0,"parent":423,"menu_order":1,"comment_status":"closed","ping_status":"closed","template":"","meta":{"footnotes":""},"class_list":["post-427","page","type-page","status-publish","hentry"],"_links":{"self":[{"href":"https:\/\/uniremunicipios.com.ar\/manual\/index.php?rest_route=\/wp\/v2\/pages\/427","targetHints":{"allow":["GET"]}}],"collection":[{"href":"https:\/\/uniremunicipios.com.ar\/manual\/index.php?rest_route=\/wp\/v2\/pages"}],"about":[{"href":"https:\/\/uniremunicipios.com.ar\/manual\/index.php?rest_route=\/wp\/v2\/types\/page"}],"author":[{"embeddable":true,"href":"https:\/\/uniremunicipios.com.ar\/manual\/index.php?rest_route=\/wp\/v2\/users\/4"}],"replies":[{"embeddable":true,"href":"https:\/\/uniremunicipios.com.ar\/manual\/index.php?rest_route=%2Fwp%2Fv2%2Fcomments&post=427"}],"version-history":[{"count":3,"href":"https:\/\/uniremunicipios.com.ar\/manual\/index.php?rest_route=\/wp\/v2\/pages\/427\/revisions"}],"predecessor-version":[{"id":2645,"href":"https:\/\/uniremunicipios.com.ar\/manual\/index.php?rest_route=\/wp\/v2\/pages\/427\/revisions\/2645"}],"up":[{"embeddable":true,"href":"https:\/\/uniremunicipios.com.ar\/manual\/index.php?rest_route=\/wp\/v2\/pages\/423"}],"wp:attachment":[{"href":"https:\/\/uniremunicipios.com.ar\/manual\/index.php?rest_route=%2Fwp%2Fv2%2Fmedia&parent=427"}],"curies":[{"name":"wp","href":"https:\/\/api.w.org\/{rel}","templated":true}]}}