{"id":429,"date":"2019-06-10T17:03:48","date_gmt":"2019-06-10T20:03:48","guid":{"rendered":"http:\/\/uniremunicipios.com.ar\/manual\/?page_id=429"},"modified":"2024-09-17T12:21:24","modified_gmt":"2024-09-17T15:21:24","slug":"cargar-fallecidos","status":"publish","type":"page","link":"https:\/\/uniremunicipios.com.ar\/manual\/?page_id=429","title":{"rendered":"Cargar fallecidos"},"content":{"rendered":"<hr \/>\n<p><iframe loading=\"lazy\" title=\"Cementerio - Carga Fallecido\" width=\"500\" height=\"281\" src=\"https:\/\/www.youtube.com\/embed\/nu30EeylhKo?feature=oembed\" frameborder=\"0\" allow=\"accelerometer; autoplay; clipboard-write; encrypted-media; gyroscope; picture-in-picture; web-share\" referrerpolicy=\"strict-origin-when-cross-origin\" allowfullscreen><\/iframe><\/p>\n<p>M\u00f3dulo: Unire CEMENTERIO<\/p>\n<p>Men\u00fa: Cementerio\/Fallecidos<span class=\"rvts12\">\u00a0\u00a0 \u00a0 \u00a0 \u00a0 \u00a0 \u00a0 \u00a0 \u00a0 \u00a0 \u00a0 \u00a0 \u00a0 \u00a0 \u00a0 \u00a0 \u00a0 \u00a0 \u00a0 \u00a0 \u00a0 \u00a0 \u00a0 \u00a0 \u00a0 \u00a0 \u00a0 \u00a0<\/span><\/p>\n<p class=\"rvps5\"><span class=\"rvts12\">El fallecido se asocia con la persona f\u00edsica que es anulada, por lo que no podr\u00e1n realizarse nuevos procesos con esta persona f\u00edsica. Los tributos que haya generado estando vivo se siguen emitiendo hasta que se terminen (cuota multas, convenios, otros) o hasta que los sucesores cambien la titularidad de los bienes (inmuebles, rodados, comercios).<\/span><\/p>\n<p class=\"rvps5\">Para cargar un nuevo fallecido clic en AGREGAR<\/p>\n<p><img loading=\"lazy\" decoding=\"async\" width=\"617\" height=\"352\" class=\"alignnone wp-image-1805 size-full\" src=\"http:\/\/uniremunicipios.com.ar\/manual\/wp-content\/uploads\/2020\/06\/Pasted-into-Cargar-fallecidos.png\" srcset=\"https:\/\/uniremunicipios.com.ar\/manual\/wp-content\/uploads\/2020\/06\/Pasted-into-Cargar-fallecidos.png 617w, https:\/\/uniremunicipios.com.ar\/manual\/wp-content\/uploads\/2020\/06\/Pasted-into-Cargar-fallecidos-300x171.png 300w\" sizes=\"auto, (max-width: 617px) 100vw, 617px\" \/><\/p>\n<p>Podemos incorporar directamente ingresando el N\u00ba 1-Numero de DNI, si est\u00e1 cargado en la base de datos nos mostrar\u00e1 el apellido y nombre.<\/p>\n<p>Si no tenemos el N\u00ba de documento podemos buscar entre las personas f\u00edsicas cargadas en el sistema haciendo clic en el bot\u00f3n.<\/p>\n<p>Si no est\u00e1 registrado podemos escribir el Apellido y nombres en la casilla correspondiente.<\/p>\n<p>Falleci\u00f3: Fecha de fallecimiento<\/p>\n<p>Edad: Primero va una letra y luego un n\u00famero.<\/p>\n<ul>\n<li>A = A\u00f1os; A-80 = 80 a\u00f1os<\/li>\n<li>M = Meses;\u00a0 M-3 =\u00a0 3 meses<\/li>\n<li>D = D\u00edas; D-7 = 7 d\u00edas<\/li>\n<li>H = Horas; H-48 = ser\u00edan 48 horas<\/li>\n<\/ul>\n<p>Causa: Seleccionar la que aconteci\u00f3. En el men\u00fa Cementerio\/Causas de muerte se pueden agregar m\u00e1s.<\/p>\n<p>Observaci\u00f3n: dispone de un campo de observaciones para cualquier anotaci\u00f3n relacionada al difunto.<\/p>\n<h2>Ubicaci\u00f3n del difunto<\/h2>\n<p>Al hacer clic en el bot\u00f3n OK lo llevar\u00e1 a la siguiente pantalla<\/p>\n<p><img loading=\"lazy\" decoding=\"async\" width=\"631\" height=\"289\" class=\"alignnone wp-image-1806 size-full\" src=\"http:\/\/uniremunicipios.com.ar\/manual\/wp-content\/uploads\/2020\/06\/Pasted-into-Cargar-fallecidos-1.png\" srcset=\"https:\/\/uniremunicipios.com.ar\/manual\/wp-content\/uploads\/2020\/06\/Pasted-into-Cargar-fallecidos-1.png 631w, https:\/\/uniremunicipios.com.ar\/manual\/wp-content\/uploads\/2020\/06\/Pasted-into-Cargar-fallecidos-1-300x137.png 300w\" sizes=\"auto, (max-width: 631px) 100vw, 631px\" \/><\/p>\n<p>Donde podr\u00e1 registrar el tipo de movimiento.<\/p>\n<p>Efectu\u00f3: la fecha en que se efectu\u00f3 el movimiento.<\/p>\n<p>Destino:<\/p>\n<ul>\n<li>Cementerio Municipal: nos permite buscar con el bot\u00f3n Inmueble, que en la imagen anterior dice Sin asignar, el inmueble de cementerio donde estar\u00e1n depositados los restos del difunto.<\/li>\n<li>Otro: Al elegir esta opci\u00f3n nos permitir\u00e1 ingresar un texto que describa a donde fue trasladado.<\/li>\n<\/ul>\n<p>&nbsp;<\/p>\n","protected":false},"excerpt":{"rendered":"<p>M\u00f3dulo: Unire CEMENTERIO Men\u00fa: Cementerio\/Fallecidos\u00a0\u00a0 \u00a0 \u00a0 \u00a0 \u00a0 \u00a0 \u00a0 \u00a0 \u00a0 \u00a0 \u00a0 \u00a0 \u00a0 \u00a0 \u00a0 \u00a0 \u00a0 \u00a0 \u00a0 \u00a0 \u00a0 \u00a0 \u00a0 \u00a0 \u00a0 \u00a0 \u00a0 El fallecido se asocia con la persona f\u00edsica que es anulada, por lo que no podr\u00e1n realizarse nuevos procesos con esta persona f\u00edsica. Los [&hellip;]<\/p>\n","protected":false},"author":4,"featured_media":0,"parent":423,"menu_order":2,"comment_status":"closed","ping_status":"closed","template":"","meta":{"footnotes":""},"class_list":["post-429","page","type-page","status-publish","hentry"],"_links":{"self":[{"href":"https:\/\/uniremunicipios.com.ar\/manual\/index.php?rest_route=\/wp\/v2\/pages\/429","targetHints":{"allow":["GET"]}}],"collection":[{"href":"https:\/\/uniremunicipios.com.ar\/manual\/index.php?rest_route=\/wp\/v2\/pages"}],"about":[{"href":"https:\/\/uniremunicipios.com.ar\/manual\/index.php?rest_route=\/wp\/v2\/types\/page"}],"author":[{"embeddable":true,"href":"https:\/\/uniremunicipios.com.ar\/manual\/index.php?rest_route=\/wp\/v2\/users\/4"}],"replies":[{"embeddable":true,"href":"https:\/\/uniremunicipios.com.ar\/manual\/index.php?rest_route=%2Fwp%2Fv2%2Fcomments&post=429"}],"version-history":[{"count":7,"href":"https:\/\/uniremunicipios.com.ar\/manual\/index.php?rest_route=\/wp\/v2\/pages\/429\/revisions"}],"predecessor-version":[{"id":4565,"href":"https:\/\/uniremunicipios.com.ar\/manual\/index.php?rest_route=\/wp\/v2\/pages\/429\/revisions\/4565"}],"up":[{"embeddable":true,"href":"https:\/\/uniremunicipios.com.ar\/manual\/index.php?rest_route=\/wp\/v2\/pages\/423"}],"wp:attachment":[{"href":"https:\/\/uniremunicipios.com.ar\/manual\/index.php?rest_route=%2Fwp%2Fv2%2Fmedia&parent=429"}],"curies":[{"name":"wp","href":"https:\/\/api.w.org\/{rel}","templated":true}]}}

<hr />
<p><iframe loading="lazy" title="Cementerio - Carga Fallecido" width="500" height="281" src="https://www.youtube.com/embed/nu30EeylhKo?feature=oembed" frameborder="0" allow="accelerometer; autoplay; clipboard-write; encrypted-media; gyroscope; picture-in-picture; web-share" referrerpolicy="strict-origin-when-cross-origin" allowfullscreen></iframe></p>
<p>Módulo: Unire CEMENTERIO</p>
<p>Menú: Cementerio/Fallecidos<span class="rvts12">                                                      </span></p>
<p class="rvps5"><span class="rvts12">El fallecido se asocia con la persona física que es anulada, por lo que no podrán realizarse nuevos procesos con esta persona física. Los tributos que haya generado estando vivo se siguen emitiendo hasta que se terminen (cuota multas, convenios, otros) o hasta que los sucesores cambien la titularidad de los bienes (inmuebles, rodados, comercios).</span></p>
<p class="rvps5">Para cargar un nuevo fallecido clic en AGREGAR</p>
<p><img loading="lazy" decoding="async" width="617" height="352" class="alignnone wp-image-1805 size-full" src="http://uniremunicipios.com.ar/manual/wp-content/uploads/2020/06/Pasted-into-Cargar-fallecidos.png" srcset="https://uniremunicipios.com.ar/manual/wp-content/uploads/2020/06/Pasted-into-Cargar-fallecidos.png 617w, https://uniremunicipios.com.ar/manual/wp-content/uploads/2020/06/Pasted-into-Cargar-fallecidos-300x171.png 300w" sizes="auto, (max-width: 617px) 100vw, 617px" /></p>
<p>Podemos incorporar directamente ingresando el Nº 1-Numero de DNI, si está cargado en la base de datos nos mostrará el apellido y nombre.</p>
<p>Si no tenemos el Nº de documento podemos buscar entre las personas físicas cargadas en el sistema haciendo clic en el botón.</p>
<p>Si no está registrado podemos escribir el Apellido y nombres en la casilla correspondiente.</p>
<p>Falleció: Fecha de fallecimiento</p>
<p>Edad: Primero va una letra y luego un número.</p>
<ul>
<li>A = Años; A-80 = 80 años</li>
<li>M = Meses;  M-3 =  3 meses</li>
<li>D = Días; D-7 = 7 días</li>
<li>H = Horas; H-48 = serían 48 horas</li>
</ul>
<p>Causa: Seleccionar la que aconteció. En el menú Cementerio/Causas de muerte se pueden agregar más.</p>
<p>Observación: dispone de un campo de observaciones para cualquier anotación relacionada al difunto.</p>
<h2>Ubicación del difunto</h2>
<p>Al hacer clic en el botón OK lo llevará a la siguiente pantalla</p>
<p><img loading="lazy" decoding="async" width="631" height="289" class="alignnone wp-image-1806 size-full" src="http://uniremunicipios.com.ar/manual/wp-content/uploads/2020/06/Pasted-into-Cargar-fallecidos-1.png" srcset="https://uniremunicipios.com.ar/manual/wp-content/uploads/2020/06/Pasted-into-Cargar-fallecidos-1.png 631w, https://uniremunicipios.com.ar/manual/wp-content/uploads/2020/06/Pasted-into-Cargar-fallecidos-1-300x137.png 300w" sizes="auto, (max-width: 631px) 100vw, 631px" /></p>
<p>Donde podrá registrar el tipo de movimiento.</p>
<p>Efectuó: la fecha en que se efectuó el movimiento.</p>
<p>Destino:</p>
<ul>
<li>Cementerio Municipal: nos permite buscar con el botón Inmueble, que en la imagen anterior dice Sin asignar, el inmueble de cementerio donde estarán depositados los restos del difunto.</li>
<li>Otro: Al elegir esta opción nos permitirá ingresar un texto que describa a donde fue trasladado.</li>
</ul>
<p>&nbsp;</p>

<p>Módulo: Unire CEMENTERIO Menú: Cementerio/Fallecidos                                                       El fallecido se asocia con la persona física que es anulada, por lo que no podrán realizarse nuevos procesos con esta persona física. Los [&hellip;]</p>
