{"id":457,"date":"2019-06-10T17:57:23","date_gmt":"2019-06-10T20:57:23","guid":{"rendered":"http:\/\/uniremunicipios.com.ar\/manual\/?page_id=457"},"modified":"2025-08-13T15:03:20","modified_gmt":"2025-08-13T18:03:20","slug":"balances-de-tesoreria","status":"publish","type":"page","link":"https:\/\/uniremunicipios.com.ar\/manual\/?page_id=457","title":{"rendered":"Balances de Tesoreria"},"content":{"rendered":"<p class=\"rvps5\"><span class=\"rvts59\">Son similares a los Balances Inteligentes, s\u00f3lo que en vez de numerar por grupo se especifica si se trata de disponibilidades, ingreso o egreso.<\/span><\/p>\n<p class=\"rvps5\"><span class=\"rvts59\">Se debe colocar el t\u00edtulo (ejemplo : disponibilidades), y dentro ingresar las cuentas que van a sumar para ese t\u00edtulo.<\/span><\/p>\n<p class=\"rvps5\"><span class=\"rvts59\">Ejemplo:<\/span><img loading=\"lazy\" decoding=\"async\" class=\"wp-image-6121 aligncenter\" src=\"http:\/\/uniremunicipios.com.ar\/manual\/wp-content\/uploads\/2025\/08\/image-4.png\" alt=\"\" width=\"467\" height=\"367\" srcset=\"https:\/\/uniremunicipios.com.ar\/manual\/wp-content\/uploads\/2025\/08\/image-4.png 659w, https:\/\/uniremunicipios.com.ar\/manual\/wp-content\/uploads\/2025\/08\/image-4-300x236.png 300w\" sizes=\"auto, (max-width: 467px) 100vw, 467px\" \/><\/p>\n<p class=\"rvps5\"><span class=\"rvts59\">Se debe tener m\u00e1xima precauci\u00f3n cuando se configuran las cuentas, dado que si se ingresa una cuenta de gasto o de ingreso tambi\u00e9n se debe ingresar en disponibilidades la contrapartida que se registr\u00f3 en los asientos. Por ejemplo si se registr\u00f3:<\/span><\/p>\n<p class=\"rvps5\"><span class=\"rvts59\">1.01.01\u2026\u2026.. Recaudaci\u00f3n diaria por caja 1\u00a0 \u00a0 \u00a0 \u00a0 100<\/span><\/p>\n<p class=\"rvps5\"><span class=\"rvts59\">\u00a0 \u00a0 \u00a0 7.01\u2026\u2026\u2026\u2026\u2026.Tasa excepcional ejemplo \u00a0 \u00a0 \u00a0 \u00a0 \u00a0 \u00a0 \u00a0 \u00a0100<\/span><\/p>\n<p class=\"rvps5\"><span class=\"rvts59\">Cuando se ingresa en (B) Ingresos,<em><strong> Tasa excepcional ejemplo<\/strong><\/em>, sin duda en (A) Disponibilidades se debe ingresar <em><strong>Recaudaci\u00f3n diaria caja 1<\/strong><\/em>. Igual si se realiza a la inversa, todo aquello que se ingresa en Disponibilidades debe tambi\u00e9n registrar sus contrapartidas de asientos.<\/span><\/p>\n","protected":false},"excerpt":{"rendered":"<p>Son similares a los Balances Inteligentes, s\u00f3lo que en vez de numerar por grupo se especifica si se trata de disponibilidades, ingreso o egreso. Se debe colocar el t\u00edtulo (ejemplo : disponibilidades), y dentro ingresar las cuentas que van a sumar para ese t\u00edtulo. Ejemplo: Se debe tener m\u00e1xima precauci\u00f3n cuando se configuran las cuentas, [&hellip;]<\/p>\n","protected":false},"author":4,"featured_media":0,"parent":19,"menu_order":2,"comment_status":"closed","ping_status":"closed","template":"","meta":{"footnotes":""},"class_list":["post-457","page","type-page","status-publish","hentry"],"_links":{"self":[{"href":"https:\/\/uniremunicipios.com.ar\/manual\/index.php?rest_route=\/wp\/v2\/pages\/457","targetHints":{"allow":["GET"]}}],"collection":[{"href":"https:\/\/uniremunicipios.com.ar\/manual\/index.php?rest_route=\/wp\/v2\/pages"}],"about":[{"href":"https:\/\/uniremunicipios.com.ar\/manual\/index.php?rest_route=\/wp\/v2\/types\/page"}],"author":[{"embeddable":true,"href":"https:\/\/uniremunicipios.com.ar\/manual\/index.php?rest_route=\/wp\/v2\/users\/4"}],"replies":[{"embeddable":true,"href":"https:\/\/uniremunicipios.com.ar\/manual\/index.php?rest_route=%2Fwp%2Fv2%2Fcomments&post=457"}],"version-history":[{"count":5,"href":"https:\/\/uniremunicipios.com.ar\/manual\/index.php?rest_route=\/wp\/v2\/pages\/457\/revisions"}],"predecessor-version":[{"id":6122,"href":"https:\/\/uniremunicipios.com.ar\/manual\/index.php?rest_route=\/wp\/v2\/pages\/457\/revisions\/6122"}],"up":[{"embeddable":true,"href":"https:\/\/uniremunicipios.com.ar\/manual\/index.php?rest_route=\/wp\/v2\/pages\/19"}],"wp:attachment":[{"href":"https:\/\/uniremunicipios.com.ar\/manual\/index.php?rest_route=%2Fwp%2Fv2%2Fmedia&parent=457"}],"curies":[{"name":"wp","href":"https:\/\/api.w.org\/{rel}","templated":true}]}}