{"id":525,"date":"2019-07-02T10:35:42","date_gmt":"2019-07-02T13:35:42","guid":{"rendered":"http:\/\/uniremunicipios.com.ar\/manual\/?page_id=525"},"modified":"2024-09-23T12:56:55","modified_gmt":"2024-09-23T15:56:55","slug":"obras-impuestos","status":"publish","type":"page","link":"https:\/\/uniremunicipios.com.ar\/manual\/?page_id=525","title":{"rendered":"Obras Impuestos"},"content":{"rendered":"<p class=\"rvps12\"><span class=\"rvts139\">Cuando el municipio necesita crear en UNIRE una obra o un tributo, es necesario darlo de alta\u00a0 definiendo los datos necesarios como lo presenta la pantalla.<\/span><\/p>\n<p class=\"rvps12\"><span class=\"rvts178\">\u00a0<\/span><\/p>\n<p><img loading=\"lazy\" decoding=\"async\" class=\"wp-image-4802 alignnone \" src=\"http:\/\/uniremunicipios.com.ar\/manual\/wp-content\/uploads\/2024\/09\/image-150.png\" alt=\"\" width=\"462\" height=\"420\" srcset=\"https:\/\/uniremunicipios.com.ar\/manual\/wp-content\/uploads\/2024\/09\/image-150.png 648w, https:\/\/uniremunicipios.com.ar\/manual\/wp-content\/uploads\/2024\/09\/image-150-300x273.png 300w\" sizes=\"auto, (max-width: 462px) 100vw, 462px\" \/><\/p>\n<p class=\"rvps2\"><span class=\"rvts139\">Se coloca el nombre, la abreviatura para una b\u00fasqueda simple, si es contribuci\u00f3n de mejora, tasa, etc., el bien imponible que vamos a afectar, formato de impresi\u00f3n, si utiliza intereses RESARCITORIOS para el c\u00e1lculo que aplicar\u00e1 para el pago fuera de t\u00e9rmino. Para este caso es necesario tener dado de alta la tabla de inter\u00e9s a utilizar en<\/span><\/p>\n<p><img loading=\"lazy\" decoding=\"async\" class=\"wp-image-4813 alignnone \" src=\"http:\/\/uniremunicipios.com.ar\/manual\/wp-content\/uploads\/2024\/09\/image-152.png\" alt=\"\" width=\"361\" height=\"190\" srcset=\"https:\/\/uniremunicipios.com.ar\/manual\/wp-content\/uploads\/2024\/09\/image-152.png 539w, https:\/\/uniremunicipios.com.ar\/manual\/wp-content\/uploads\/2024\/09\/image-152-300x158.png 300w\" sizes=\"auto, (max-width: 361px) 100vw, 361px\" \/><\/p>\n<p class=\"rvps2\"><span class=\"rvts139\">.<\/span><\/p>\n<p class=\"rvps12\"><span class=\"rvts139\">Luego se completa si genera la boletas en forma autom\u00e1tica o manual y si se toma en cuenta para los libres de deuda\u00a0 y deuda. Recordar de completar la clasificaci\u00f3n del c\u00f3digo SAM , definir los operadores del tributo en cuesti\u00f3n.<\/span><\/p>\n<p class=\"rvps12\"><span class=\"rvts139\">Luego se debe abrir la otra pesta\u00f1a, de IMPRESI\u00d3N, donde se debe completar los datos solicitados.<\/span><\/p>\n<p class=\"rvps12\"><span class=\"rvts139\">Continuando con las tareas se debe especificar los cargos que se utilizar\u00e1n, las f\u00f3rmulas y el formato de impresi\u00f3n de los recibos.<\/span><\/p>\n<p>&nbsp;<\/p>\n<p><img loading=\"lazy\" decoding=\"async\" class=\"wp-image-4815 alignnone size-medium\" src=\"http:\/\/uniremunicipios.com.ar\/manual\/wp-content\/uploads\/2024\/09\/image-154.png\" alt=\"\" width=\"66\" height=\"51\" \/><\/p>\n<p><img loading=\"lazy\" decoding=\"async\" class=\"wp-image-4816 alignnone size-medium\" src=\"http:\/\/uniremunicipios.com.ar\/manual\/wp-content\/uploads\/2024\/09\/image-155.png\" alt=\"\" width=\"272\" height=\"91\" \/><\/p>\n<p class=\"rvps12\"><span class=\"rvts139\">c<\/span><span class=\"rvts139\">uando se den de alta los cargos se debe tomar nota del nro. o c\u00f3digo (que ser\u00e1 el que se deba agregar luego en la configuraci\u00f3n de caja). Para el caso de los tributos manuales, si se conocen los valores a cobrar se puede poner el importe; aportando as\u00ed seguridad para la emisi\u00f3n del recibo, que no dejar\u00e1 modificar dicho importe.<\/span><\/p>\n<p class=\"rvps2\"><span class=\"rvts139\">cargos\u00a0 \u00a0 \u00a0 \u00a0 \u00a0 \u00a0 \u00a0<\/span><\/p>\n<p><img loading=\"lazy\" decoding=\"async\" class=\"wp-image-4817 alignnone \" src=\"http:\/\/uniremunicipios.com.ar\/manual\/wp-content\/uploads\/2024\/09\/image-156.png\" alt=\"\" width=\"459\" height=\"338\" srcset=\"https:\/\/uniremunicipios.com.ar\/manual\/wp-content\/uploads\/2024\/09\/image-156.png 638w, https:\/\/uniremunicipios.com.ar\/manual\/wp-content\/uploads\/2024\/09\/image-156-300x221.png 300w\" sizes=\"auto, (max-width: 459px) 100vw, 459px\" \/><\/p>\n<p class=\"rvps12\"><span class=\"rvts139\">Luego es necesario generar las f\u00f3rmulas correspondientes (s\u00f3lo para tributos autom\u00e1ticos).<\/span><\/p>\n<p class=\"rvps12\"><span class=\"rvts139\">Cuando se comienzan a registrar las f\u00f3rmulas la referencia es el orden a utilizar en los cargos para el c\u00e1lculo o impresi\u00f3n de los recibos. O sea, que si necesito que primero se imprima el cargo \u201cprueba 2\u201d\u00a0 se debe poner la referencia \u201c1\u201d para este cargo. Al igual si los cargos sucesivos son en base a una f\u00f3rmula.<\/span><\/p>\n<p class=\"rvps12\"><span class=\"rvts139\">Por \u00faltimo es necesario registrar el formato de impresi\u00f3n que se tome para la emisi\u00f3n de los recibos. Se puede migrar de otro formato ya establecido y que sea correspondido.<\/span><\/p>\n<p class=\"rvps12\"><span class=\"rvts139\">\u00a0<\/span><\/p>\n<p class=\"rvps12\"><span class=\"rvts180\">OBRAS<\/span><\/p>\n<p class=\"rvps12\"><span class=\"rvts139\">Por \u00faltimo se ingresa a <img loading=\"lazy\" decoding=\"async\" class=\"wp-image-4805 alignnone size-medium\" src=\"http:\/\/uniremunicipios.com.ar\/manual\/wp-content\/uploads\/2024\/09\/Pasted-27.png\" alt=\"\" width=\"35\" height=\"35\" \/><\/span><span class=\"rvts139\">\u00a0y se comienza a definir el \u201ccalendario de obra\u201d.<\/span><\/p>\n<p class=\"rvps12\"><img loading=\"lazy\" decoding=\"async\" src=\"http:\/\/www.uniremunicipios.com.ar\/lib\/DEFINIR%20OBRAS-IMPUESTOS_archivosimage045.jpg\" alt=\"\" width=\"319\" height=\"116\" \/><span class=\"rvts139\">\u00a0 se registran los datos solicitados, pudiendo seleccionar la obra en cuesti\u00f3n (para ello, es necesario tener dada de alta la obra en el m\u00f3dulo OBRAS)<\/span><\/p>\n<p class=\"rvps12\"><span class=\"rvts139\">Se contin\u00faa con el tipo de inter\u00e9s con el que se calcular\u00e1, la cantidad de cuotas y la tabla de inter\u00e9s por cuotas.<\/span><\/p>\n<p class=\"rvps12\"><img loading=\"lazy\" decoding=\"async\" src=\"http:\/\/www.uniremunicipios.com.ar\/lib\/DEFINIR%20OBRAS-IMPUESTOS_archivosimage046.jpg\" alt=\"\" width=\"383\" height=\"175\" \/><span class=\"rvts139\">\u00a0Las cuotas por defecto son para el caso de las personas que no optaron por un plan espec\u00edfico y que por ordenanza o decreto se fijan como general.<\/span><\/p>\n<p class=\"rvps12\"><span class=\"rvts139\"> <img loading=\"lazy\" decoding=\"async\" class=\"wp-image-4806 alignnone size-medium\" src=\"http:\/\/uniremunicipios.com.ar\/manual\/wp-content\/uploads\/2024\/09\/Pasted-28.png\" alt=\"\" width=\"177\" height=\"33\" \/><\/span><\/p>\n<p class=\"rvps12\"><span class=\"rvts139\">Con el primer bot\u00f3n, se deben ingresar los inmuebles que se encontrar\u00e1n afectados a la obra, o los migrar\u00e1 del m\u00f3dulo obras si se hallan ingresados all\u00ed.<\/span><\/p>\n<p class=\"rvps12\"><span class=\"rvts139\">Con el cuarto bot\u00f3n se define el criterio de vencimiento de las cuotas, siendo el est\u00e1ndar\u00a0 .T.<\/span><\/p>\n<p class=\"rvps12\"><span class=\"rvts139\">El bot\u00f3n<img loading=\"lazy\" decoding=\"async\" class=\"wp-image-4807 alignnone size-medium\" src=\"http:\/\/uniremunicipios.com.ar\/manual\/wp-content\/uploads\/2024\/09\/Pasted-29.png\" alt=\"\" width=\"37\" height=\"34\" \/> <\/span><span class=\"rvts139\">\u00a0se utiliza para fijar las fechas de vencimientos.<\/span><\/p>\n<p class=\"rvps12\"><span class=\"rvts139\">Una vez realizada toda esta tarea, se presiona el bot\u00f3n<img loading=\"lazy\" decoding=\"async\" class=\"wp-image-4808 alignnone size-medium\" src=\"http:\/\/uniremunicipios.com.ar\/manual\/wp-content\/uploads\/2024\/09\/Pasted-30.png\" alt=\"\" width=\"30\" height=\"29\" \/> <\/span><span class=\"rvts139\">, y el sistema trae todos los inmuebles que se encuentran listos para realizar el c\u00e1lculo correspondiente.<\/span><\/p>\n<p class=\"rvps12\"><span class=\"rvts139\">Con los botones\u00a0<\/span><img loading=\"lazy\" decoding=\"async\" src=\"http:\/\/www.uniremunicipios.com.ar\/lib\/DEFINIR%20OBRAS-IMPUESTOS_archivosimage050.jpg\" alt=\"\" width=\"137\" height=\"35\" \/><span class=\"rvts139\">\u00a0se pueden realizar distintas tareas, el primero genera los importes seg\u00fan las f\u00f3rmulas aplicadas de TODOS los bienes asociados, el segundo\u00a0<\/span><img loading=\"lazy\" decoding=\"async\" src=\"http:\/\/www.uniremunicipios.com.ar\/lib\/DEFINIR%20OBRAS-IMPUESTOS_archivosimage051.jpg\" alt=\"\" width=\"25\" height=\"32\" \/><span class=\"rvts139\">\u00a0procesa solo un bien, el tercero y cuarto bot\u00f3n borra la generaci\u00f3n de todos o de uno, y el quinto bot\u00f3n\u00a0\u00a0<\/span><img loading=\"lazy\" decoding=\"async\" src=\"http:\/\/www.uniremunicipios.com.ar\/lib\/DEFINIR%20OBRAS-IMPUESTOS_archivosimage052.jpg\" alt=\"\" width=\"26\" height=\"29\" \/><span class=\"rvts139\">\u00a0\u00a0vuelve a generar la obra, solicitando la cantidad de cuotas. Para este \u00faltimo caso este bot\u00f3n se utiliza cuando ya est\u00e1 cerrada la obra con los recibos generados activos y no pagos. Es un reprocesamiento nuevo de una obra cerrada y no paga.<\/span><\/p>\n<p class=\"rvps12\"><span class=\"rvts139\">Para el caso de necesitar los recibos de un contribuyente o que ya opt\u00f3 por un plan de cuotas espec\u00edficos se puede cerrar la obra de ese \u00fanico bien, ubic\u00e1ndose sobre el registro en cuesti\u00f3n y luego presionar el bot\u00f3n\u00a0<\/span><img loading=\"lazy\" decoding=\"async\" src=\"http:\/\/www.uniremunicipios.com.ar\/lib\/DEFINIR%20OBRAS-IMPUESTOS_archivosimage053.jpg\" alt=\"\" width=\"63\" height=\"31\" \/><span class=\"rvts139\">.<\/span><\/p>\n<p class=\"rvps12\"><span class=\"rvts139\">En la situaci\u00f3n de finalizar con los plazos establecidos para cerrar la obra y que se generen todos los recibos, se debe posicionar en la etapa de obra correspondiente y presionar el bot\u00f3n<\/span><img loading=\"lazy\" decoding=\"async\" src=\"http:\/\/www.uniremunicipios.com.ar\/lib\/DEFINIR%20OBRAS-IMPUESTOS_archivosimage054.jpg\" alt=\"\" width=\"62\" height=\"29\" \/><span class=\"rvts139\">. En este proceso cierra TODAS las cuentas que se encuentran en la obra sin cerrar.<\/span><\/p>\n<p class=\"rvps12\"><span class=\"rvts139\">Se pueden generar tantas etapas como sea necesario. Se puede incluso utilizar siempre para la obra PAVIMENTO (ejemplo) pero distintas etapas. Esto le da al operador y al municipio informaci\u00f3n privilegiada y acotada sobre el grupo de contribuyentes.<\/span><\/p>\n<p class=\"rvps12\"><span class=\"rvts139\">\u00a0<\/span><\/p>\n<p class=\"rvps12\"><span class=\"rvts139\">\u00a0<\/span><\/p>\n<p class=\"rvps12\"><span class=\"rvts180\">IMPUESTOS<\/span><\/p>\n<p class=\"rvps12\"><span class=\"rvts139\">Es similar a obras solo que en el bot\u00f3n<img loading=\"lazy\" decoding=\"async\" class=\"wp-image-4809 alignnone size-medium\" src=\"http:\/\/uniremunicipios.com.ar\/manual\/wp-content\/uploads\/2024\/09\/Pasted-31.png\" alt=\"\" width=\"29\" height=\"27\" \/> <\/span><span class=\"rvts139\">\u00a0se encuentra el \u201ccalendario impositivo\u201d, que ser\u00edan los per\u00edodos a utilizar en la TGI, TGR, etc.<\/span><\/p>\n<p class=\"rvps12\"><span class=\"rvts139\">Se debe crear los per\u00edodos que se van a liquidar, por ejemplo mes por mes.<\/span><\/p>\n<p class=\"rvps12\"><span class=\"rvts139\">Para este caso de impuestos mensuales (no obras) cuando a un bien imponible\u00a0 no se le ha liquidado uno\/s per\u00edodos se puede hacer de forma din\u00e1mica.<\/span><\/p>\n<p class=\"rvps12\"><span class=\"rvts139\">Se debe posicionar en el bien imponible, ir al <img loading=\"lazy\" decoding=\"async\" class=\"wp-image-4810 alignnone size-medium\" src=\"http:\/\/uniremunicipios.com.ar\/manual\/wp-content\/uploads\/2024\/09\/Pasted-32.png\" alt=\"\" width=\"33\" height=\"28\" \/><\/span><span class=\"rvts139\"> , posicionarse sobre el impuesto que se va a liquidar y se presiona el bot\u00f3n <img loading=\"lazy\" decoding=\"async\" class=\"wp-image-4811 alignnone size-medium\" src=\"http:\/\/uniremunicipios.com.ar\/manual\/wp-content\/uploads\/2024\/09\/Pasted-33.png\" alt=\"\" width=\"29\" height=\"33\" \/><\/span><span class=\"rvts139\">, solicitando luego desde \u2013 hasta. Si UNIRE encuentra que esos per\u00edodos ya se encuentran liquidados, no los vuelve a generar, tambi\u00e9n controla que se generen los per\u00edodos habilitados. Para ello deben estar dados de alta los per\u00edodos a liquidar, por ejemplo si es emitir un recibo a futuro.<\/span><\/p>\n<p class=\"rvps12\"><span class=\"rvts139\">Otra de las alternativas en esta liquidaci\u00f3n puntual es que el <img loading=\"lazy\" decoding=\"async\" class=\"wp-image-4810 alignnone size-medium\" src=\"http:\/\/uniremunicipios.com.ar\/manual\/wp-content\/uploads\/2024\/09\/Pasted-32.png\" alt=\"\" width=\"33\" height=\"28\" \/><\/span><span class=\"rvts139\">\u00a0posea la fecha correspondiente y correcta.<\/span><\/p>\n","protected":false},"excerpt":{"rendered":"<p>Cuando el municipio necesita crear en UNIRE una obra o un tributo, es necesario darlo de alta\u00a0 definiendo los datos necesarios como lo presenta la pantalla. \u00a0 Se coloca el nombre, la abreviatura para una b\u00fasqueda simple, si es contribuci\u00f3n de mejora, tasa, etc., el bien imponible que vamos a afectar, formato de impresi\u00f3n, si [&hellip;]<\/p>\n","protected":false},"author":4,"featured_media":0,"parent":515,"menu_order":15,"comment_status":"closed","ping_status":"closed","template":"","meta":{"footnotes":""},"class_list":["post-525","page","type-page","status-publish","hentry"],"_links":{"self":[{"href":"https:\/\/uniremunicipios.com.ar\/manual\/index.php?rest_route=\/wp\/v2\/pages\/525","targetHints":{"allow":["GET"]}}],"collection":[{"href":"https:\/\/uniremunicipios.com.ar\/manual\/index.php?rest_route=\/wp\/v2\/pages"}],"about":[{"href":"https:\/\/uniremunicipios.com.ar\/manual\/index.php?rest_route=\/wp\/v2\/types\/page"}],"author":[{"embeddable":true,"href":"https:\/\/uniremunicipios.com.ar\/manual\/index.php?rest_route=\/wp\/v2\/users\/4"}],"replies":[{"embeddable":true,"href":"https:\/\/uniremunicipios.com.ar\/manual\/index.php?rest_route=%2Fwp%2Fv2%2Fcomments&post=525"}],"version-history":[{"count":5,"href":"https:\/\/uniremunicipios.com.ar\/manual\/index.php?rest_route=\/wp\/v2\/pages\/525\/revisions"}],"predecessor-version":[{"id":5287,"href":"https:\/\/uniremunicipios.com.ar\/manual\/index.php?rest_route=\/wp\/v2\/pages\/525\/revisions\/5287"}],"up":[{"embeddable":true,"href":"https:\/\/uniremunicipios.com.ar\/manual\/index.php?rest_route=\/wp\/v2\/pages\/515"}],"wp:attachment":[{"href":"https:\/\/uniremunicipios.com.ar\/manual\/index.php?rest_route=%2Fwp%2Fv2%2Fmedia&parent=525"}],"curies":[{"name":"wp","href":"https:\/\/api.w.org\/{rel}","templated":true}]}}