{"id":553,"date":"2019-07-03T08:56:02","date_gmt":"2019-07-03T11:56:02","guid":{"rendered":"http:\/\/uniremunicipios.com.ar\/manual\/?page_id=553"},"modified":"2024-09-18T09:00:34","modified_gmt":"2024-09-18T12:00:34","slug":"notificaciones","status":"publish","type":"page","link":"https:\/\/uniremunicipios.com.ar\/manual\/?page_id=553","title":{"rendered":"Uso del sistema Expedientes"},"content":{"rendered":"<p><iframe loading=\"lazy\" title=\"Inicio de Expediente\" width=\"500\" height=\"375\" src=\"https:\/\/www.youtube.com\/embed\/1bo3GBj6x6E?feature=oembed\" frameborder=\"0\" allow=\"accelerometer; autoplay; clipboard-write; encrypted-media; gyroscope; picture-in-picture; web-share\" referrerpolicy=\"strict-origin-when-cross-origin\" allowfullscreen><\/iframe><\/p>\n<p><iframe loading=\"lazy\" title=\"Expediente\" width=\"500\" height=\"281\" src=\"https:\/\/www.youtube.com\/embed\/tcK2vwBWFeE?start=4&#038;feature=oembed\" frameborder=\"0\" allow=\"accelerometer; autoplay; clipboard-write; encrypted-media; gyroscope; picture-in-picture; web-share\" referrerpolicy=\"strict-origin-when-cross-origin\" allowfullscreen><\/iframe><\/p>\n<h2><\/h2>\n<h2>Uso del Sistema de Expedientes<\/h2>\n<p>Para que este sistema funcione correctamente Unire debe saber en qu\u00e9 \u00e1rea se desempe\u00f1a en la comuna\/municipalidad el operador del sistema. Puede que sea empleado u operador.<\/p>\n<p>En el m\u00f3dulo de SUELDOS, en Empleados, debe asignarse el \u00c1rea.<\/p>\n<p><img loading=\"lazy\" decoding=\"async\" class=\"wp-image-4324 aligncenter size-medium\" src=\"http:\/\/uniremunicipios.com.ar\/manual\/wp-content\/uploads\/2024\/07\/image-1.png\" alt=\"\" width=\"300\" height=\"283\" srcset=\"https:\/\/uniremunicipios.com.ar\/manual\/wp-content\/uploads\/2024\/07\/image-1.png 335w, https:\/\/uniremunicipios.com.ar\/manual\/wp-content\/uploads\/2024\/07\/image-1-300x283.png 300w\" sizes=\"auto, (max-width: 300px) 100vw, 300px\" \/><\/p>\n<p>O bien si la persona es operadora del sistema, sin ser empleado (factura al Municipio, u otras alternativas)<\/p>\n<p>Vamos al m\u00f3dulo Config<\/p>\n<p><img loading=\"lazy\" decoding=\"async\" class=\"wp-image-4644 alignnone \" src=\"http:\/\/uniremunicipios.com.ar\/manual\/wp-content\/uploads\/2024\/09\/image-62.png\" alt=\"\" width=\"507\" height=\"147\" srcset=\"https:\/\/uniremunicipios.com.ar\/manual\/wp-content\/uploads\/2024\/09\/image-62.png 560w, https:\/\/uniremunicipios.com.ar\/manual\/wp-content\/uploads\/2024\/09\/image-62-300x87.png 300w\" sizes=\"auto, (max-width: 507px) 100vw, 507px\" \/><\/p>\n<p>&nbsp;<\/p>\n<p><img loading=\"lazy\" decoding=\"async\" class=\"wp-image-4645 alignnone \" src=\"http:\/\/uniremunicipios.com.ar\/manual\/wp-content\/uploads\/2024\/09\/image-63.png\" alt=\"\" width=\"422\" height=\"214\" srcset=\"https:\/\/uniremunicipios.com.ar\/manual\/wp-content\/uploads\/2024\/09\/image-63.png 435w, https:\/\/uniremunicipios.com.ar\/manual\/wp-content\/uploads\/2024\/09\/image-63-300x152.png 300w\" sizes=\"auto, (max-width: 422px) 100vw, 422px\" \/><\/p>\n<p><img loading=\"lazy\" decoding=\"async\" class=\"wp-image-4646 alignnone \" src=\"http:\/\/uniremunicipios.com.ar\/manual\/wp-content\/uploads\/2024\/09\/image-64.png\" alt=\"\" width=\"481\" height=\"254\" srcset=\"https:\/\/uniremunicipios.com.ar\/manual\/wp-content\/uploads\/2024\/09\/image-64.png 743w, https:\/\/uniremunicipios.com.ar\/manual\/wp-content\/uploads\/2024\/09\/image-64-300x158.png 300w\" sizes=\"auto, (max-width: 481px) 100vw, 481px\" \/><\/p>\n<p>As\u00ed cuando ingresa al sistema de expedientes, el operador estar\u00e1 en el \u00e1rea que le corresponde.<\/p>\n<p>&nbsp;<\/p>\n<p>Para consultar los expedientes pendientes de nuestra \u00e1rea ingresamos en dicha opci\u00f3n:<\/p>\n<p><img loading=\"lazy\" decoding=\"async\" class=\"wp-image-4325 aligncenter size-medium\" src=\"http:\/\/uniremunicipios.com.ar\/manual\/wp-content\/uploads\/2024\/07\/Pasted.png\" alt=\"\" width=\"300\" height=\"140\" srcset=\"https:\/\/uniremunicipios.com.ar\/manual\/wp-content\/uploads\/2024\/07\/Pasted.png 446w, https:\/\/uniremunicipios.com.ar\/manual\/wp-content\/uploads\/2024\/07\/Pasted-300x140.png 300w\" sizes=\"auto, (max-width: 300px) 100vw, 300px\" \/><\/p>\n<p>Con el bot\u00f3n modificar se abre una ventana similar a la siguiente:<\/p>\n<p><img loading=\"lazy\" decoding=\"async\" class=\"wp-image-4326 aligncenter size-medium\" src=\"http:\/\/uniremunicipios.com.ar\/manual\/wp-content\/uploads\/2024\/07\/Pasted-1.png\" alt=\"\" width=\"300\" height=\"58\" srcset=\"https:\/\/uniremunicipios.com.ar\/manual\/wp-content\/uploads\/2024\/07\/Pasted-1.png 656w, https:\/\/uniremunicipios.com.ar\/manual\/wp-content\/uploads\/2024\/07\/Pasted-1-300x58.png 300w\" sizes=\"auto, (max-width: 300px) 100vw, 300px\" \/><\/p>\n<p><strong>Estado<\/strong>:<\/p>\n<p><img loading=\"lazy\" decoding=\"async\" class=\"wp-image-4327 aligncenter size-medium\" src=\"http:\/\/uniremunicipios.com.ar\/manual\/wp-content\/uploads\/2024\/07\/Pasted-2.png\" alt=\"\" width=\"29\" height=\"21\" \/>Activo\u00a0 \u00a0\u00a0\u00a0 <img loading=\"lazy\" decoding=\"async\" class=\"wp-image-4328 aligncenter size-medium\" src=\"http:\/\/uniremunicipios.com.ar\/manual\/wp-content\/uploads\/2024\/07\/Pasted-3.png\" alt=\"\" width=\"26\" height=\"22\" \/>\u00a0\u00a0 \u00a0Terminado<\/p>\n<p><strong>Prioridad<\/strong>: Haciendo clic en el bot\u00f3n podremos decir que este expediente debe tener una prioridad mayor.<\/p>\n<p><img loading=\"lazy\" decoding=\"async\" class=\"wp-image-4329 aligncenter size-medium\" src=\"http:\/\/uniremunicipios.com.ar\/manual\/wp-content\/uploads\/2024\/07\/Pasted-4.png\" alt=\"\" width=\"82\" height=\"75\" \/>\u00a0 y veremos el siguiente icono:<img loading=\"lazy\" decoding=\"async\" class=\"wp-image-4330 aligncenter size-medium\" src=\"http:\/\/uniremunicipios.com.ar\/manual\/wp-content\/uploads\/2024\/07\/Pasted-5.png\" alt=\"\" width=\"64\" height=\"47\" \/><\/p>\n<p>&nbsp;<\/p>\n<p>&nbsp;<\/p>\n<p><strong>Agrupado<\/strong>: Permite agrupar o asociar expedientes. Cuando est\u00e9 agrupado aparecer\u00e1 el icono: <img loading=\"lazy\" decoding=\"async\" class=\"wp-image-4331 aligncenter size-medium\" src=\"http:\/\/uniremunicipios.com.ar\/manual\/wp-content\/uploads\/2024\/07\/Pasted-6.png\" alt=\"\" width=\"22\" height=\"23\" \/><\/p>\n<p><strong>Demora<\/strong>: Cuando un expediente est\u00e9 demorado m\u00e1s de lo normal tendr\u00e1 el icono: <img loading=\"lazy\" decoding=\"async\" class=\"wp-image-4332 aligncenter size-medium\" src=\"http:\/\/uniremunicipios.com.ar\/manual\/wp-content\/uploads\/2024\/07\/Pasted-7.png\" alt=\"\" width=\"21\" height=\"19\" \/>y en el bot\u00f3n que tiene a su lado podremos observar la siguiente informaci\u00f3n:<\/p>\n<p><img loading=\"lazy\" decoding=\"async\" class=\"wp-image-4333 aligncenter size-medium\" src=\"http:\/\/uniremunicipios.com.ar\/manual\/wp-content\/uploads\/2024\/07\/Pasted-8.png\" alt=\"\" width=\"243\" height=\"214\" \/><\/p>\n<p>&nbsp;<\/p>\n<p><strong>Alerta<\/strong>: Cuando un expediente tiene una alerta contendr\u00e1 el siguiente icono <img loading=\"lazy\" decoding=\"async\" class=\"wp-image-4334 aligncenter size-medium\" src=\"http:\/\/uniremunicipios.com.ar\/manual\/wp-content\/uploads\/2024\/07\/Pasted-9.png\" alt=\"\" width=\"20\" height=\"21\" \/> , y si hacemos clic en el bot\u00f3n que aparece a su lado, podremos consultar dicha alerta.<\/p>\n<p><strong>Imagen<\/strong>: Se puede asociar una imagen al expediente, tanto en la cabecera como en cada uno de los pasos.<\/p>\n<p>Cuando entremos al expediente podremos ver las im\u00e1genes asociadas.<\/p>\n<p><strong>Ingres\u00f3<\/strong>: Fecha de ingreso<\/p>\n<p><strong>N\u00famero, Letra y A\u00f1o<\/strong>: datos para identificar al expediente<\/p>\n<p><strong>Origen<\/strong>: puede ser interno o externo.<\/p>\n<p><strong>Tipo de expediente<\/strong>: Se pueden definir diferentes tipos de expedientes y aqu\u00ed se mostrar\u00e1 a cu\u00e1l pertenece.<\/p>\n<p><strong>Paso<\/strong>: es una nota que nos env\u00eda quien tuvo el expediente en el paso anterior.<\/p>\n<p><strong>\u00c1rea<\/strong>: Nos indica en qu\u00e9 \u00c1rea est\u00e1 el expediente<\/p>\n<p>&nbsp;<\/p>\n<h2><strong>Procesar un expediente<\/strong><\/h2>\n<p>Nos ubicamos en Expedientes pendientes por \u00e1rea.<\/p>\n<p>Haciendo doble clic sobre el Expediente que deseamos procesar se abrir\u00e1 una ventana con los pasos que tiene el expediente.<\/p>\n<p>Para actualizar debemos hacer doble clic en el paso que tiene el punto verde.<\/p>\n<p><img loading=\"lazy\" decoding=\"async\" class=\"wp-image-4335 aligncenter \" src=\"http:\/\/uniremunicipios.com.ar\/manual\/wp-content\/uploads\/2024\/07\/Pasted-10.png\" alt=\"\" width=\"386\" height=\"153\" srcset=\"https:\/\/uniremunicipios.com.ar\/manual\/wp-content\/uploads\/2024\/07\/Pasted-10.png 655w, https:\/\/uniremunicipios.com.ar\/manual\/wp-content\/uploads\/2024\/07\/Pasted-10-300x119.png 300w\" sizes=\"auto, (max-width: 386px) 100vw, 386px\" \/><\/p>\n<p>En el cuadro NOTA DEL PASO, podremos escribir como se resolvi\u00f3 el expediente en su \u00e1rea. Y todo el texto que desee escribir para aportar tambi\u00e9n al \u00e1rea siguiente si fuera necesario otro paso.<\/p>\n<p>Si el expediente es F\u00cdSICO, se puede especificar la cantidad de Hojas que se agreg\u00f3 en su \u00e1rea.<\/p>\n<p>El bot\u00f3n <strong>PASO SIGUIENTE<\/strong>: nos lleva al pr\u00f3ximo paso, donde podremos elegir pasar el expediente a otra \u00e1rea o darlo por finalizado.<\/p>\n<p>Si el \u00e1rea que envi\u00f3 el expediente se equivoc\u00f3 y desea que le devolvamos el expediente, podemos utilizar el bot\u00f3n <strong>BORRA PASO<\/strong>.<\/p>\n<p>&nbsp;<\/p>\n<h2><strong>Expedientes ya Procesados<\/strong><\/h2>\n<p>Para consultar los expedientes que fueron procesados por su \u00e1rea, existe una opci\u00f3n en el men\u00fa que se lo muestra.<\/p>\n<p>&nbsp;<\/p>\n<p>&nbsp;<\/p>\n<h2><strong>AGREGAR una clasificaci\u00f3n de documentaci\u00f3n a un TIPO de expediente<\/strong><\/h2>\n<p>1.- Crear la clasificaci\u00f3n de documentaci\u00f3n.<\/p>\n<p><img loading=\"lazy\" decoding=\"async\" class=\"wp-image-4336 aligncenter size-medium\" src=\"http:\/\/uniremunicipios.com.ar\/manual\/wp-content\/uploads\/2024\/07\/Pasted-11.png\" alt=\"\" width=\"300\" height=\"135\" srcset=\"https:\/\/uniremunicipios.com.ar\/manual\/wp-content\/uploads\/2024\/07\/Pasted-11.png 535w, https:\/\/uniremunicipios.com.ar\/manual\/wp-content\/uploads\/2024\/07\/Pasted-11-300x135.png 300w\" sizes=\"auto, (max-width: 300px) 100vw, 300px\" \/><\/p>\n<p>2.- Luego en <strong>Definici\u00f3n Expedientes<\/strong>:<\/p>\n<ol>\n<li>a) Doble clic sobre el tipo de expediente deseado<\/li>\n<li>b) En la pesta\u00f1a Documentaci\u00f3n: clic en INGRESA y se agrega la documentaci\u00f3n.<\/li>\n<\/ol>\n<p>&nbsp;<\/p>\n","protected":false},"excerpt":{"rendered":"<p>Uso del Sistema de Expedientes Para que este sistema funcione correctamente Unire debe saber en qu\u00e9 \u00e1rea se desempe\u00f1a en la comuna\/municipalidad el operador del sistema. Puede que sea empleado u operador. En el m\u00f3dulo de SUELDOS, en Empleados, debe asignarse el \u00c1rea. O bien si la persona es operadora del sistema, sin ser empleado [&hellip;]<\/p>\n","protected":false},"author":4,"featured_media":0,"parent":551,"menu_order":0,"comment_status":"closed","ping_status":"closed","template":"","meta":{"footnotes":""},"class_list":["post-553","page","type-page","status-publish","hentry"],"_links":{"self":[{"href":"https:\/\/uniremunicipios.com.ar\/manual\/index.php?rest_route=\/wp\/v2\/pages\/553","targetHints":{"allow":["GET"]}}],"collection":[{"href":"https:\/\/uniremunicipios.com.ar\/manual\/index.php?rest_route=\/wp\/v2\/pages"}],"about":[{"href":"https:\/\/uniremunicipios.com.ar\/manual\/index.php?rest_route=\/wp\/v2\/types\/page"}],"author":[{"embeddable":true,"href":"https:\/\/uniremunicipios.com.ar\/manual\/index.php?rest_route=\/wp\/v2\/users\/4"}],"replies":[{"embeddable":true,"href":"https:\/\/uniremunicipios.com.ar\/manual\/index.php?rest_route=%2Fwp%2Fv2%2Fcomments&post=553"}],"version-history":[{"count":11,"href":"https:\/\/uniremunicipios.com.ar\/manual\/index.php?rest_route=\/wp\/v2\/pages\/553\/revisions"}],"predecessor-version":[{"id":4647,"href":"https:\/\/uniremunicipios.com.ar\/manual\/index.php?rest_route=\/wp\/v2\/pages\/553\/revisions\/4647"}],"up":[{"embeddable":true,"href":"https:\/\/uniremunicipios.com.ar\/manual\/index.php?rest_route=\/wp\/v2\/pages\/551"}],"wp:attachment":[{"href":"https:\/\/uniremunicipios.com.ar\/manual\/index.php?rest_route=%2Fwp%2Fv2%2Fmedia&parent=553"}],"curies":[{"name":"wp","href":"https:\/\/api.w.org\/{rel}","templated":true}]}}