{"id":6139,"date":"2025-09-10T11:17:27","date_gmt":"2025-09-10T14:17:27","guid":{"rendered":"https:\/\/uniremunicipios.com.ar\/manual\/?page_id=6139"},"modified":"2025-09-10T11:18:51","modified_gmt":"2025-09-10T14:18:51","slug":"procesar-pagos-de-municlic","status":"publish","type":"page","link":"https:\/\/uniremunicipios.com.ar\/manual\/?page_id=6139","title":{"rendered":"Procesar pagos de MUNICLIC"},"content":{"rendered":"<p>El bot\u00f3n MUNICLIC del banco Municipal de Rosario trabaja con una plataforma que se llama FISERV.<\/p>\n<p>Cuando se realiza un pago desde la web, dicha plataforma env\u00eda un archivo al servidor del municipio con informaci\u00f3n que indica si la operaci\u00f3n fue aprobada o no, con el detalle del comprobante que se pag\u00f3. Esa informaci\u00f3n se tendr\u00e1 que bajar para procesar las rendiciones de cuenta.<\/p>\n<p>Para bajar esa informaci\u00f3n que queda almacenada en el servidor del municipio deber\u00e1 entrar a link que UNIRE le habilitar\u00e1 para descargar los comprobantes y guardarlos en la carpeta C:\\MUNICLIC\\VERIFICAR.<\/p>\n<p>Deber\u00e1 descargar desde el home banking de FISERV las rendiciones de cuenta y guardarlas en la carpeta C:\\MUNICLIC\\RENDICIONES<\/p>\n<p>Luego se podr\u00e1 procesar las rendiciones con la opci\u00f3n que aparecer\u00e1 en el m\u00f3dulo BANCOS de UNIRE, ingresando al men\u00fa:<\/p>\n<ul>\n<li>Bancos<\/li>\n<li>Dep\u00f3sitos por Cobranzas de Recibos<\/li>\n<li>Ingreso de Dep\u00f3sitos por Cobranzas<\/li>\n<\/ul>\n<p>Y en Informes buscar esta opci\u00f3n.<\/p>\n<p><img loading=\"lazy\" decoding=\"async\" class=\"wp-image-6140 alignnone \" src=\"http:\/\/uniremunicipios.com.ar\/manual\/wp-content\/uploads\/2025\/09\/image.png\" alt=\"\" width=\"516\" height=\"179\" srcset=\"https:\/\/uniremunicipios.com.ar\/manual\/wp-content\/uploads\/2025\/09\/image.png 581w, https:\/\/uniremunicipios.com.ar\/manual\/wp-content\/uploads\/2025\/09\/image-300x104.png 300w\" sizes=\"auto, (max-width: 516px) 100vw, 516px\" \/><\/p>\n<p>Esta opci\u00f3n procesa el archivo de rendici\u00f3n y busca en los archivos a verificar los ID de los recibos pagados.<\/p>\n<p>El proceso genera un archivo para procesar con UNIRE que se guardar\u00e1 en la carpeta C:\\MUNICLIC\\UNIRE.<\/p>\n<p>Se deben importar los archivos cuya fecha sea anterior o igual a la fecha de hoy.<\/p>\n<p>Para importarlos a Unire se sigue el mismo proceso que con otros medios, con el bot\u00f3n Importo Dep\u00f3sito de la imagen anterior.<\/p>\n<p>Si se pudo encontrar del archivo de rendici\u00f3n <strong>todos<\/strong> los comprobantes relacionados, dicho archivo se renombrar\u00e1 y tendr\u00e1 la extensi\u00f3n<strong> .OK<\/strong>.<\/p>\n<p>Si no se encontraron todos los comprobantes relacionados se crear\u00e1n los siguientes archivos en la carpeta <strong>RENDICIONES<\/strong>.<\/p>\n<ul>\n<li>nombre_BIEN.txt: contendr\u00e1 los comprobantes que encontr\u00f3.<\/li>\n<li>nombre_ERROR.txt: contendr\u00e1 los comprobantes que no encontr\u00f3.<\/li>\n<li>nombre_ORIGINAL.txt: una copia del archivo original.<\/li>\n<\/ul>\n","protected":false},"excerpt":{"rendered":"<p>El bot\u00f3n MUNICLIC del banco Municipal de Rosario trabaja con una plataforma que se llama FISERV. Cuando se realiza un pago desde la web, dicha plataforma env\u00eda un archivo al servidor del municipio con informaci\u00f3n que indica si la operaci\u00f3n fue aprobada o no, con el detalle del comprobante que se pag\u00f3. Esa informaci\u00f3n se [&hellip;]<\/p>\n","protected":false},"author":2,"featured_media":0,"parent":194,"menu_order":0,"comment_status":"closed","ping_status":"closed","template":"","meta":{"footnotes":""},"class_list":["post-6139","page","type-page","status-publish","hentry"],"_links":{"self":[{"href":"https:\/\/uniremunicipios.com.ar\/manual\/index.php?rest_route=\/wp\/v2\/pages\/6139","targetHints":{"allow":["GET"]}}],"collection":[{"href":"https:\/\/uniremunicipios.com.ar\/manual\/index.php?rest_route=\/wp\/v2\/pages"}],"about":[{"href":"https:\/\/uniremunicipios.com.ar\/manual\/index.php?rest_route=\/wp\/v2\/types\/page"}],"author":[{"embeddable":true,"href":"https:\/\/uniremunicipios.com.ar\/manual\/index.php?rest_route=\/wp\/v2\/users\/2"}],"replies":[{"embeddable":true,"href":"https:\/\/uniremunicipios.com.ar\/manual\/index.php?rest_route=%2Fwp%2Fv2%2Fcomments&post=6139"}],"version-history":[{"count":2,"href":"https:\/\/uniremunicipios.com.ar\/manual\/index.php?rest_route=\/wp\/v2\/pages\/6139\/revisions"}],"predecessor-version":[{"id":6142,"href":"https:\/\/uniremunicipios.com.ar\/manual\/index.php?rest_route=\/wp\/v2\/pages\/6139\/revisions\/6142"}],"up":[{"embeddable":true,"href":"https:\/\/uniremunicipios.com.ar\/manual\/index.php?rest_route=\/wp\/v2\/pages\/194"}],"wp:attachment":[{"href":"https:\/\/uniremunicipios.com.ar\/manual\/index.php?rest_route=%2Fwp%2Fv2%2Fmedia&parent=6139"}],"curies":[{"name":"wp","href":"https:\/\/api.w.org\/{rel}","templated":true}]}}