{"id":660,"date":"2019-08-21T17:43:19","date_gmt":"2019-08-21T20:43:19","guid":{"rendered":"http:\/\/uniremunicipios.com.ar\/manual\/?page_id=660"},"modified":"2024-11-14T15:10:26","modified_gmt":"2024-11-14T18:10:26","slug":"envio-notificacion-con-codigo-de-barra-para-pago-voluntario","status":"publish","type":"page","link":"https:\/\/uniremunicipios.com.ar\/manual\/?page_id=660","title":{"rendered":"Envio Notificacion con codigo de barra para pago Voluntario"},"content":{"rendered":"<p><iframe loading=\"lazy\" title=\"Notificacion Pago Voluntario\" width=\"500\" height=\"281\" src=\"https:\/\/www.youtube.com\/embed\/SV6DYaCbNjc?feature=oembed\" frameborder=\"0\" allow=\"accelerometer; autoplay; clipboard-write; encrypted-media; gyroscope; picture-in-picture; web-share\" referrerpolicy=\"strict-origin-when-cross-origin\" allowfullscreen><\/iframe><\/p>\n<p><u>PAGO VOLUNTARIO EN TRIBUNAL<\/u><\/p>\n<p>&nbsp;<\/p>\n<p>Desde tribunal se puede generar una notificaci\u00f3n con c\u00f3digo de barra, que incluya el pago voluntario.<\/p>\n<p>El proceso que se origina permite ofrecer un descuento al infractor. Si paga, termina el proceso de la infracci\u00f3n en forma autom\u00e1tica al pasar por caja o al ingresar el archivo bancario de pago. (liquida, y pone la infracci\u00f3n en terminado, con fecha de cobro)<\/p>\n<p>Caso contrario, si no paga, el estado de la infracci\u00f3n quedar\u00e1 activo, por lo que podr\u00e1 el juez citarlo, o dictar sentencia en el momento que corresponda.<\/p>\n<p>&nbsp;<\/p>\n<p>La notificaci\u00f3n, lleva dos vencimientos, uno a los pocos d\u00edas con el monto del voluntario y otro vencimiento con el monto sin descuento.<\/p>\n<p>(en motivos de infracci\u00f3n el operador puede cargar dichos montos en UF, de antemano, <strong>desde, hasta y pago voluntario)<\/strong><\/p>\n<p><strong> <img loading=\"lazy\" decoding=\"async\" class=\"alignnone wp-image-3136 \" src=\"http:\/\/uniremunicipios.com.ar\/manual\/wp-content\/uploads\/2021\/09\/Pasted-into-ENVIO-NOTIFICACION-CON-CODIGO-DE-BARRA-PARA-PAGO-VOLUNTARIO.png\" width=\"377\" height=\"125\" srcset=\"https:\/\/uniremunicipios.com.ar\/manual\/wp-content\/uploads\/2021\/09\/Pasted-into-ENVIO-NOTIFICACION-CON-CODIGO-DE-BARRA-PARA-PAGO-VOLUNTARIO.png 332w, https:\/\/uniremunicipios.com.ar\/manual\/wp-content\/uploads\/2021\/09\/Pasted-into-ENVIO-NOTIFICACION-CON-CODIGO-DE-BARRA-PARA-PAGO-VOLUNTARIO-300x99.png 300w\" sizes=\"auto, (max-width: 377px) 100vw, 377px\" \/><\/strong><\/p>\n<p>&nbsp;<\/p>\n<p>Cabe la aclaraci\u00f3n que el paso de la cobranza, el sistema imputa el total a un solo cargo, pudi\u00e9ndose definir uno especialmente.<\/p>\n<p><img loading=\"lazy\" decoding=\"async\" width=\"577\" height=\"278\" class=\"alignnone wp-image-3137 size-full\" src=\"http:\/\/uniremunicipios.com.ar\/manual\/wp-content\/uploads\/2021\/09\/Pasted-into-ENVIO-NOTIFICACION-CON-CODIGO-DE-BARRA-PARA-PAGO-VOLUNTARIO-1.png\" srcset=\"https:\/\/uniremunicipios.com.ar\/manual\/wp-content\/uploads\/2021\/09\/Pasted-into-ENVIO-NOTIFICACION-CON-CODIGO-DE-BARRA-PARA-PAGO-VOLUNTARIO-1.png 577w, https:\/\/uniremunicipios.com.ar\/manual\/wp-content\/uploads\/2021\/09\/Pasted-into-ENVIO-NOTIFICACION-CON-CODIGO-DE-BARRA-PARA-PAGO-VOLUNTARIO-1-300x145.png 300w\" sizes=\"auto, (max-width: 577px) 100vw, 577px\" \/><\/p>\n<p>&nbsp;<\/p>\n<p><strong>MODELO DE VENCIMIENTO CON PAGO VOLUNTARIO, EN LA PARTE SUPERIOR DE LA NOTA SE COLOCAN LOS DATOS DE LOS INFRACTORES, TITULARES, ACTA, MOTIVOS, FECHA, LUGAR DE LA INFRACCI\u00d3N, CANTIDAD UF, VALOR UF Y TODO LO QUE HABITUALMENTE CARGA CADA MUNICIPIO<\/strong><\/p>\n<p><strong>\u00a0<\/strong><\/p>\n<p><strong>\u00a0<\/strong><\/p>\n<p><strong>Se contempla que algunos motivos de infracci\u00f3n, por la gravedad del hecho, por ejemplo: cruce de sem\u00e1foro en rojo, no tengan descuento por pago voluntario, en esos casos, si es ese el \u00fanico motivo, la boleta sale con un \u00fanico importe y un solo vencimiento por el total. Si son varios los motivos y algunos tienen pago voluntario y otros no, totaliza seg\u00fan corresponda, haciendo el descuento en los motivos que tienen voluntario, mostrando los dos vencimientos. <\/strong><\/p>\n<p><strong>\u00a0<\/strong><\/p>\n<p><strong>El c\u00f3digo de barra permite un segundo env\u00edo, vencido el primero, donde se notifica el nuevo vencimiento, y seg\u00fan lo determine la reglamentaci\u00f3n correspondiente en cada municipio, sin descuento alguno.<\/strong><\/p>\n<p><strong>\u00a0<\/strong><\/p>\n<p><strong>Ambos env\u00edos, o todos los que se quieran enviar, de ser efectivos, es decir que el infractor pague, evitaran otras tareas posteriores (citaci\u00f3n, liquidaci\u00f3n, sentencia, entre otras) y permitir\u00e1n cancelar la infracci\u00f3n r\u00e1pidamente.<\/strong><\/p>\n<p><strong>\u00a0<\/strong><\/p>\n<p><strong>\u00a0<\/strong><\/p>\n<p><em><strong>En caso de querer pagar en la caja del\u00a0 municipio o comuna, al cajero le aparece un cartel que lo alerta que es una notificaci\u00f3n de tribunal, debe poner OK, y entonces puede cobrar la misma.<\/strong><\/em><\/p>\n<p>&nbsp;<\/p>\n","protected":false},"excerpt":{"rendered":"<p>PAGO VOLUNTARIO EN TRIBUNAL &nbsp; Desde tribunal se puede generar una notificaci\u00f3n con c\u00f3digo de barra, que incluya el pago voluntario. El proceso que se origina permite ofrecer un descuento al infractor. Si paga, termina el proceso de la infracci\u00f3n en forma autom\u00e1tica al pasar por caja o al ingresar el archivo bancario de pago. [&hellip;]<\/p>\n","protected":false},"author":3,"featured_media":0,"parent":100,"menu_order":10,"comment_status":"closed","ping_status":"closed","template":"","meta":{"footnotes":""},"class_list":["post-660","page","type-page","status-publish","hentry"],"_links":{"self":[{"href":"https:\/\/uniremunicipios.com.ar\/manual\/index.php?rest_route=\/wp\/v2\/pages\/660","targetHints":{"allow":["GET"]}}],"collection":[{"href":"https:\/\/uniremunicipios.com.ar\/manual\/index.php?rest_route=\/wp\/v2\/pages"}],"about":[{"href":"https:\/\/uniremunicipios.com.ar\/manual\/index.php?rest_route=\/wp\/v2\/types\/page"}],"author":[{"embeddable":true,"href":"https:\/\/uniremunicipios.com.ar\/manual\/index.php?rest_route=\/wp\/v2\/users\/3"}],"replies":[{"embeddable":true,"href":"https:\/\/uniremunicipios.com.ar\/manual\/index.php?rest_route=%2Fwp%2Fv2%2Fcomments&post=660"}],"version-history":[{"count":9,"href":"https:\/\/uniremunicipios.com.ar\/manual\/index.php?rest_route=\/wp\/v2\/pages\/660\/revisions"}],"predecessor-version":[{"id":5475,"href":"https:\/\/uniremunicipios.com.ar\/manual\/index.php?rest_route=\/wp\/v2\/pages\/660\/revisions\/5475"}],"up":[{"embeddable":true,"href":"https:\/\/uniremunicipios.com.ar\/manual\/index.php?rest_route=\/wp\/v2\/pages\/100"}],"wp:attachment":[{"href":"https:\/\/uniremunicipios.com.ar\/manual\/index.php?rest_route=%2Fwp%2Fv2%2Fmedia&parent=660"}],"curies":[{"name":"wp","href":"https:\/\/api.w.org\/{rel}","templated":true}]}}