{"id":710,"date":"2019-09-06T15:12:46","date_gmt":"2019-09-06T18:12:46","guid":{"rendered":"http:\/\/uniremunicipios.com.ar\/manual\/?page_id=710"},"modified":"2020-02-17T11:18:21","modified_gmt":"2020-02-17T14:18:21","slug":"pago-salario-familiar-en-cuota-alimentaria","status":"publish","type":"page","link":"https:\/\/uniremunicipios.com.ar\/manual\/?page_id=710","title":{"rendered":"Pago salario familiar en cuota alimentaria"},"content":{"rendered":"\n\t\t<style type=\"text\/css\">\n\t\t\t#gallery-1 {\n\t\t\t\tmargin: auto;\n\t\t\t}\n\t\t\t#gallery-1 .gallery-item {\n\t\t\t\tfloat: left;\n\t\t\t\tmargin-top: 10px;\n\t\t\t\ttext-align: center;\n\t\t\t\twidth: 100%;\n\t\t\t}\n\t\t\t#gallery-1 img {\n\t\t\t\tborder: 2px solid #cfcfcf;\n\t\t\t}\n\t\t\t#gallery-1 .gallery-caption {\n\t\t\t\tmargin-left: 0;\n\t\t\t}\n\t\t\t\/* see gallery_shortcode() in wp-includes\/media.php *\/\n\t\t<\/style>\n\t\t<div id='gallery-1' class='gallery galleryid-710 gallery-columns-1 gallery-size-full'><dl class='gallery-item'>\n\t\t\t<dt class='gallery-icon landscape'>\n\t\t\t\t<a href='https:\/\/uniremunicipios.com.ar\/manual\/?attachment_id=715'><img loading=\"lazy\" decoding=\"async\" width=\"596\" height=\"574\" src=\"https:\/\/uniremunicipios.com.ar\/manual\/wp-content\/uploads\/2019\/09\/cuota-alimentaria.png\" class=\"attachment-full size-full\" alt=\"23\" srcset=\"https:\/\/uniremunicipios.com.ar\/manual\/wp-content\/uploads\/2019\/09\/cuota-alimentaria.png 596w, https:\/\/uniremunicipios.com.ar\/manual\/wp-content\/uploads\/2019\/09\/cuota-alimentaria-300x289.png 300w\" sizes=\"auto, (max-width: 596px) 100vw, 596px\" \/><\/a>\n\t\t\t<\/dt><\/dl><br style=\"clear: both\" \/>\n\t\t<\/div>\n\n<p>Deben ingresarse los hijos que originan la cuota alimentaria, ya que se le pagar\u00e1 de corresponder seg\u00fan el oficio el salario familiar agregado al beneficiario.<\/p>\n<p>A la f\u00f3rmula de los montos que cobra el empleado menos\u00a0 los descuentos de ley:<\/p>\n<p>(va[300]+va[301] -t[410]-t[467]-t[500]- t[540]-t[541]-<\/p>\n<p>(t[230]+t[240]+t[245]+t[247]+t[248]+t[249]+t[250]+t[252]+t[253]+t[254]<\/p>\n<p>+t[260]+t[263]+t[265]+t[267]+t[270]+t[271]+t[273]+t[274]+t[275] )\u00a0\u00a0\u00a0\u00a0\u00a0 )*0.2<\/p>\n<p>En el ejemplo, remunerativo mas no remunerativo menos salario familiar menos descuentos de ley, por el porcentaje de retenci\u00f3n que llegara notificado al trav\u00e9s del oficio.<\/p>\n<p>A lo que debemos agregar en caso de corresponder, la f\u00f3rmula intermedia configurada previamente:\u00a0\u00a0 \u00a0ForSalFC<\/p>\n<p>La misma incluye<\/p>\n<p>IIF (MONTH (VA [40])= 1,<\/p>\n<p>(IIF(VA[170][3]&gt;0,0,VA[170][1]*P[240])+VA[170][2]*P[247] +VA[170][3]*P[245]+VA[170][4]*P[250]+VA[170][5]*P[252]+VA[170][6]*P[250]*4+VA[170][7]*P[252]*4+IIF(VA[170][3]&gt;0,VA[170][8]*P[270]*4,VA[170][8]*P[270]))*2,<\/p>\n<p>&nbsp;<\/p>\n<p>IIF(VA[170][3]&gt;0,0,VA[170][1]*P[240])+VA[170][2]*P[247] +VA[170][3]*P[245]+VA[170][4]*P[250]+VA[170][5]*P[252]+VA[170][6]*P[250]*4+VA[170][7]*P[252]*4+IIF(VA[170][3]&gt;0,VA[170][8]*P[270]*4,VA[170][8]*P[270]))<\/p>\n<p>&nbsp;<\/p>\n<p>En esta f\u00f3rmula figuran todos los conceptos por salario familiar que pueden pag\u00e1rsela por los hijos incluidos en esta cuota alimentaria, inclusive el salario doble del mes de enero y la ayuda escolar cuando presenta el certificado correspondiente.<\/p>\n","protected":false},"excerpt":{"rendered":"<p>Deben ingresarse los hijos que originan la cuota alimentaria, ya que se le pagar\u00e1 de corresponder seg\u00fan el oficio el salario familiar agregado al beneficiario. A la f\u00f3rmula de los montos que cobra el empleado menos\u00a0 los descuentos de ley: (va[300]+va[301] -t[410]-t[467]-t[500]- t[540]-t[541]- (t[230]+t[240]+t[245]+t[247]+t[248]+t[249]+t[250]+t[252]+t[253]+t[254] +t[260]+t[263]+t[265]+t[267]+t[270]+t[271]+t[273]+t[274]+t[275] )\u00a0\u00a0\u00a0\u00a0\u00a0 )*0.2 En el ejemplo, remunerativo mas no remunerativo menos [&hellip;]<\/p>\n","protected":false},"author":4,"featured_media":0,"parent":28,"menu_order":733,"comment_status":"closed","ping_status":"closed","template":"","meta":{"footnotes":""},"class_list":["post-710","page","type-page","status-publish","hentry"],"_links":{"self":[{"href":"https:\/\/uniremunicipios.com.ar\/manual\/index.php?rest_route=\/wp\/v2\/pages\/710","targetHints":{"allow":["GET"]}}],"collection":[{"href":"https:\/\/uniremunicipios.com.ar\/manual\/index.php?rest_route=\/wp\/v2\/pages"}],"about":[{"href":"https:\/\/uniremunicipios.com.ar\/manual\/index.php?rest_route=\/wp\/v2\/types\/page"}],"author":[{"embeddable":true,"href":"https:\/\/uniremunicipios.com.ar\/manual\/index.php?rest_route=\/wp\/v2\/users\/4"}],"replies":[{"embeddable":true,"href":"https:\/\/uniremunicipios.com.ar\/manual\/index.php?rest_route=%2Fwp%2Fv2%2Fcomments&post=710"}],"version-history":[{"count":2,"href":"https:\/\/uniremunicipios.com.ar\/manual\/index.php?rest_route=\/wp\/v2\/pages\/710\/revisions"}],"predecessor-version":[{"id":771,"href":"https:\/\/uniremunicipios.com.ar\/manual\/index.php?rest_route=\/wp\/v2\/pages\/710\/revisions\/771"}],"up":[{"embeddable":true,"href":"https:\/\/uniremunicipios.com.ar\/manual\/index.php?rest_route=\/wp\/v2\/pages\/28"}],"wp:attachment":[{"href":"https:\/\/uniremunicipios.com.ar\/manual\/index.php?rest_route=%2Fwp%2Fv2%2Fmedia&parent=710"}],"curies":[{"name":"wp","href":"https:\/\/api.w.org\/{rel}","templated":true}]}}